000
CXHW53 PHFO 011952
CF6ITO
PRELIMINARY LOCAL CLIMATOLOGICAL DATA (WS FORM: F-6)
STATION: HILO HI
MONTH: DECEMBER
YEAR: 2023
LATITUDE: 19 43 N
LONGITUDE: 155 4 W
TEMPERATURE IN F: :PCPN: SNOW: WIND :SUNSHINE: SKY :PK WND
================================================================================
1 2 3 4 5 6A 6B 7 8 9 10 11 12 13 14 15 16 17 18
12Z AVG MX 2MIN
DY MAX MIN AVG DEP HDD CDD WTR SNW DPTH SPD SPD DIR MIN PSBL S-S WX SPD DR
================================================================================
1 82 69 76 3 0 11 T M M 4.9 12 90 M M 8 1 15 90
2 83 68 76 3 0 11 0.20 M M 6.1 14 100 M M 7 1 18 120
3 77 70 74 1 0 9 0.97 M M 4.4 12 250 M M 10 1 14 250
4 82 66 74 1 0 9 0.05 M M 5.8 13 90 M M 6 1 20 320
5 82 69 76 3 0 11 0.04 M M 4.2 10 20 M M 7 1 M M
6 81 64 73 0 0 8 0.18 M M 6.4 15 100 M M 7 1 M M
7 82 68 75 2 0 10 0.00 M M 7.8 15 120 M M 7 24 120
8 80 67 74 1 0 9 T M M 5.6 12 260 M M 8 M M
9 83 66 75 3 0 10 0.05 M M 4.8 8 70 M M 6 M M
10 80 70 75 3 0 10 0.67 M M 4.0 10 100 M M 10 1 17 0
11 79 70 75 3 0 10 0.28 M M 3.7 8 60 M M 9 1 M M
12 81 65 73 1 0 8 0.05 M M 6.1 10 50 M M 4 1 25 30
13 81 66 74 2 0 9 0.07 M M 6.0 9 330 M M 7 1 M M
14 77 67 72 0 0 7 0.16 M M 15.6 20 40 M M 10 1 40 360
15 78 65 72 0 0 7 0.07 M M 10.2 20 10 M M 9 26 10
16 79 63 71 -1 0 6 T M M 8.3 16 20 M M 8 18 10
17 78 65 72 0 0 7 T M M 8.7 14 30 M M 7 20 40
18 75 65 70 -2 0 5 0.08 M M 6.1 15 60 M M 8 1 24 50
19 73 63 68 -4 0 3 0.67 M M 5.4 12 260 M M 8 1 M M
20 76 66 71 -1 0 6 1.30 M M 6.0 12 250 M M 9 1 17 260
21 74 67 71 -1 0 6 0.72 M M 5.7 10 250 M M 8 1 M M
22 76 66 71 -1 0 6 1.15 M M 4.8 9 50 M M 9 1 M M
23 77 66 72 0 0 7 0.13 M M 4.2 9 320 M M 8 1 M M
24 81 64 73 1 0 8 0.00 M M 5.5 10 60 M M 4 M M
25 80 64 72 0 0 7 T M M 6.1 12 150 M M 7 M M
26 81 64 73 1 0 8 T M M 5.2 10 70 M M 4 M M
27 81 64 73 1 0 8 0.01 M M 3.7 9 50 M M 8 1 M M
28 81 64 73 1 0 8 0.04 M M 6.3 13 10 M M 6 1 M M
29 75 67 71 -1 0 6 0.69 M M 4.4 8 70 M M 10 1 M M
30 79 66 73 1 0 8 0.04 M M 6.6 16 100 M M 8 21 100
31 79 63 71 -1 0 6 T M M 6.8 10 110 M M 6 1 M M
================================================================================
SM 2453 2047 0 244 7.62 M 189.6 M 233
================================================================================
AV 79.1 66.0 6.1 FASTST M M 8 MAX(MPH)
MISC ----> # 20 40 40 360
================================================================================
NOTES:
# LAST OF SEVERAL OCCURRENCES
COLUMN 17 PEAK WIND IN M.P.H.
PRELIMINARY LOCAL CLIMATOLOGICAL DATA (WS FORM: F-6) , PAGE 2
STATION: HILO HI
MONTH: DECEMBER
YEAR: 2023
LATITUDE: 19 43 N
LONGITUDE: 155 4 W
[TEMPERATURE DATA] [PRECIPITATION DATA] SYMBOLS USED IN COLUMN 16
AVERAGE MONTHLY: 72.6 TOTAL FOR MONTH: 7.62 1 = FOG OR MIST
DPTR FM NORMAL: 0.4 DPTR FM NORMAL: -4.45 2 = FOG REDUCING VISIBILITY
HIGHEST: 83 ON 9, 2 GRTST 24HR 1.30 ON 20-20 TO 1/4 MILE OR LESS
LOWEST: 63 ON 31,19 3 = THUNDER
SNOW, ICE PELLETS, HAIL 4 = ICE PELLETS
TOTAL MONTH: M 5 = HAIL
GRTST 24HR M ON M 6 = FREEZING RAIN OR DRIZZLE
GRTST DEPTH: M ON M 7 = DUSTSTORM OR SANDSTORM:
VSBY 1/2 MILE OR LESS
8 = SMOKE OR HAZE
[NO. OF DAYS WITH] [WEATHER - DAYS WITH] 9 = BLOWING SNOW
X = TORNADO
MAX 32 OR BELOW: 0 0.01 INCH OR MORE: 22
MAX 90 OR ABOVE: 0 0.10 INCH OR MORE: 12
MIN 32 OR BELOW: 0 0.50 INCH OR MORE: 7
MIN 0 OR BELOW: 0 1.00 INCH OR MORE: 2
[HDD (BASE 65) ]
TOTAL THIS MO. 0 CLEAR (SCALE 0-3) 0
DPTR FM NORMAL 0 PTCLDY (SCALE 4-7) 18
TOTAL FM JUL 1 0 CLOUDY (SCALE 8-10) 13
DPTR FM NORMAL 0
[CDD (BASE 65) ]
TOTAL THIS MO. 244
DPTR FM NORMAL 19 [PRESSURE DATA]
TOTAL FM JAN 1 3735 HIGHEST SLP M ON M
DPTR FM NORMAL 453 LOWEST SLP 29.91 ON 2
[REMARKS]
#FINAL-12-23#