000
CXUS55 KGLD 010800
CF6ITR
PRELIMINARY LOCAL CLIMATOLOGICAL DATA (WS FORM: F-6)
STATION: BURLINGTON CO
MONTH: DECEMBER
YEAR: 2021
LATITUDE: 39 15 N
LONGITUDE: 102 17 W
TEMPERATURE IN F: :PCPN: SNOW: WIND :SUNSHINE: SKY :PK WND
================================================================================
1 2 3 4 5 6A 6B 7 8 9 10 11 12 13 14 15 16 17 18
12Z AVG MX 2MIN
DY MAX MIN AVG DEP HDD CDD WTR SNW DPTH SPD SPD DIR MIN PSBL S-S WX SPD DR
================================================================================
1 71 30 51 18 14 0 0.00 M M 11.1 22 260 M M 0 28 260
2 76 37 57 24 8 0 0.00 M M 9.6 16 180 M M 0 24 150
3 59 31 45 12 20 0 0.00 M M 10.2 20 30 M M 0 26 30
4 58 24 41 9 24 0 0.00 M M 12.7 24 180 M M 0 30 170
5 66 18 42 10 23 0 0.00 M M 15.3 36 20 M M 2 8 47 20
6 36 7 22 -10 43 0 0.00 M M 13.8 25 180 M M 0 34 180
7 47 23 35 3 30 0 0.00 M M 9.0 17 20 M M 0 22 360
8 58 20 39 8 26 0 0.00 M M 10.7 22 160 M M 0 28 160
9 56 28 42 11 23 0 0.00 M M 12.0 24 120 M M 0 32 110
10 37 19 28 -3 37 0 T M M 14.2 25 340 M M 3 35 340
11 45 8 27 -4 38 0 0.00 M M 12.5 24 220 M M 0 31 220
12 71 26 49 18 16 0 0.00 M M 10.9 23 230 M M 0 29 230
13 62 24 43 13 22 0 0.00 M M 6.5 18 140 M M 0 8 24 140
14 67 35 51 21 14 0 0.00 M M 13.9 33 230 M M 0 43 230
15 61 18 40 10 25 0 T M M 21.0 55 320 M M 2 8 74 310
16 47 12 30 0 35 0 0.00 M M 14.9 31 180 M M 0 41 190
17 49 18 34 4 31 0 0.00 M M 12.8 23 360 M M 2 32 350
18 40 6 23 -7 42 0 0.00 M M 10.5 21 340 M M 1 30 350
19 60 17 39 9 26 0 0.00 M M 12.3 22 230 M M 0 29 230
20 45 20 33 3 32 0 0.00 M M 9.9 18 210 M M 0 24 210
21 62 24 43 13 22 0 0.00 M M 11.5 22 10 M M 0 32 360
22 67 18 43 13 22 0 0.00 M M 9.3 15 190 M M 0 20 190
23 62 22 42 12 23 0 0.00 M M 12.4 24 180 M M 0 31 180
24 62 26 44 14 21 0 0.00 M M 9.7 21 320 M M 1 8 28 230
25 55 22 39 9 26 0 0.00 M M 9.8 17 160 M M 0 24 160
26 64 22 43 13 22 0 0.00 M M 18.4 37 240 M M 0 49 220
27 43 10 27 -3 38 0 0.00 M M 14.5 33 160 M M 0 8 44 150
28 38 8 23 -7 42 0 0.00 M M 11.8 24 360 M M 0 34 360
29 33 6 20 -10 45 0 0.00 M M 7.7 17 160 M M 0 23 160
30 58 7 33 3 32 0 0.00 M M 15.0 30 250 M M 0 41 240
31 43 8 26 -4 39 0 T M M 14.6 24 30 M M 1 33 40
================================================================================
SM 1698 594 861 0 T M 378.5 M 12
================================================================================
AV 54.8 19.2 12.2 FASTST M M 0 MAX(MPH)
MISC ----> 55 320 74 310
================================================================================
NOTES:
# LAST OF SEVERAL OCCURRENCES
COLUMN 17 PEAK WIND IN M.P.H.
PRELIMINARY LOCAL CLIMATOLOGICAL DATA (WS FORM: F-6) , PAGE 2
STATION: BURLINGTON CO
MONTH: DECEMBER
YEAR: 2021
LATITUDE: 39 15 N
LONGITUDE: 102 17 W
[TEMPERATURE DATA] [PRECIPITATION DATA] SYMBOLS USED IN COLUMN 16
AVERAGE MONTHLY: 37.0 TOTAL FOR MONTH: T 1 = FOG OR MIST
DPTR FM NORMAL: 6.4 DPTR FM NORMAL: -0.36 2 = FOG REDUCING VISIBILITY
HIGHEST: 76 ON 2 GRTST 24HR T ON 10-10 TO 1/4 MILE OR LESS
LOWEST: 6 ON 29,18 3 = THUNDER
SNOW, ICE PELLETS, HAIL 4 = ICE PELLETS
TOTAL MONTH: M 5 = HAIL
GRTST 24HR M ON M 6 = FREEZING RAIN OR DRIZZLE
GRTST DEPTH: M ON M 7 = DUSTSTORM OR SANDSTORM:
VSBY 1/2 MILE OR LESS
8 = SMOKE OR HAZE
[NO. OF DAYS WITH] [WEATHER - DAYS WITH] 9 = BLOWING SNOW
X = TORNADO
MAX 32 OR BELOW: 0 0.01 INCH OR MORE: 0
MAX 90 OR ABOVE: 0 0.10 INCH OR MORE: 0
MIN 32 OR BELOW: 29 0.50 INCH OR MORE: 0
MIN 0 OR BELOW: 0 1.00 INCH OR MORE: 0
[HDD (BASE 65) ]
TOTAL THIS MO. 861 CLEAR (SCALE 0-3) 30
DPTR FM NORMAL -205 PTCLDY (SCALE 4-7) 1
TOTAL FM JUL 1 1796 CLOUDY (SCALE 8-10) 0
DPTR FM NORMAL -580
[CDD (BASE 65) ]
TOTAL THIS MO. 0
DPTR FM NORMAL 0 [PRESSURE DATA]
TOTAL FM JAN 1 1170 HIGHEST SLP M ON M
DPTR FM NORMAL 248 LOWEST SLP 29.09 ON 15
[REMARKS]
#FINAL-12-21#