000
CXUS53 KIWX 010910
CF6IWX
PRELIMINARY LOCAL CLIMATOLOGICAL DATA (WS FORM: F-6)
STATION: NORTH WEBSTER WFO
MONTH: DECEMBER
YEAR: 2022
LATITUDE: 41 21 N
LONGITUDE: 85 42 W
TEMPERATURE IN F: :PCPN: SNOW: WIND :SUNSHINE: SKY :PK WND
================================================================================
1 2 3 4 5 6A 6B 7 8 9 10 11 12 13 14 15 16 17 18
12Z AVG MX 2MIN
DY MAX MIN AVG DEP HDD CDD WTR SNW DPTH SPD SPD DIR MIN PSBL S-S WX SPD DR
================================================================================
1 34 19 27 -7 38 0 0.00 0.0 0 M M M M M M M M
2 52 31 42 8 23 0 T 0.0 0 M M M M M M M M
3 51 21 36 2 29 0 0.01 0.0 0 M M M M M M M M
4 38 16 27 -6 38 0 0.00 0.0 0 M M M M M M M M
5 42 25 34 1 31 0 0.00 0.0 0 M M M M M M M M
6 46 37 42 9 23 0 T 0.0 0 M M M M M M M M
7 46 38 42 10 23 0 T 0.0 0 M M M M M M M M
8 40 30 35 3 30 0 0.00 0.0 0 M M M M M M M M
9 35 30 33 1 32 0 0.16 T 0 M M M M M M M M
10 35 32 34 3 31 0 T 0.0 0 M M M M M M 1 M M
11 40 33 37 6 28 0 0.02 0.0 0 M M M M M M 1 M M
12 37 32 35 4 30 0 0.00 0.0 0 M M M M M M M M
13 34 31 33 3 32 0 0.00 0.0 0 M M M M M M M M
14 39 32 36 6 29 0 0.24 0.0 0 M M M M M M M M
15 41 30 36 6 29 0 0.30 T 0 M M M M M M M M
16 32 25 29 -1 36 0 0.03 0.9 T M M M M M M M M
17 26 21 24 -5 41 0 T T 1 M M M M M M M M
18 23 15 19 -10 46 0 T T 1 M M M M M M M M
19 24 16 20 -9 45 0 T T T M M M M M M M M
20 38 21 30 2 35 0 0.00 0.0 T M M M M M M M M
21 31 28 30 2 35 0 0.00 0.0 T M M M M M M M M
22 35 5 20 -8 45 0 0.16 2.3 0 M M M M M M 9 M M
23 5 -10 -2 -30 67 0 0.04 0.7 3 M M M M M M M M
24 9 -4 3 -25 62 0 T T 3 M M M M M M M M
25 12 3 8 -19 57 0 T T 3 M M M M M M M M
26 20 10 15 -12 50 0 T T 2 M M M M M M M M
27 27 15 21 -6 44 0 T T 2 M M M M M M M M
28 43 25 34 7 31 0 0.00 0.0 2 M M M M M M M M
29 52 39 46 20 19 0 T 0.0 T M M M M M M M M
30 53 40 47 21 18 0 0.65 0.0 0 M M M M M M M M
31 40 33 37 11 28 0 0.08 0.0 0 M M M M M M M M
================================================================================
SM 1080 719 1105 0 1.69 3.9 M M M
================================================================================
AV 34.8 23.2 M FASTST M M M MAX(MPH)
MISC ----> M M M M
================================================================================
NOTES:
# LAST OF SEVERAL OCCURRENCES
COLUMN 17 PEAK WIND IN M.P.H.
PRELIMINARY LOCAL CLIMATOLOGICAL DATA (WS FORM: F-6) , PAGE 2
STATION: NORTH WEBSTER WFO
MONTH: DECEMBER
YEAR: 2022
LATITUDE: 41 21 N
LONGITUDE: 85 42 W
[TEMPERATURE DATA] [PRECIPITATION DATA] SYMBOLS USED IN COLUMN 16
AVERAGE MONTHLY: 29.0 TOTAL FOR MONTH: 1.69 1 = FOG OR MIST
DPTR FM NORMAL: -0.8 DPTR FM NORMAL: -0.88 2 = FOG REDUCING VISIBILITY
HIGHEST: 53 ON 30 GRTST 24HR 0.65 ON 30-30 TO 1/4 MILE OR LESS
LOWEST: -10 ON 23 3 = THUNDER
SNOW, ICE PELLETS, HAIL 4 = ICE PELLETS
TOTAL MONTH: 3.9 INCHES 5 = HAIL
GRTST 24HR 2.3 ON 22-22 6 = FREEZING RAIN OR DRIZZLE
GRTST DEPTH: 3 ON 25,24 7 = DUSTSTORM OR SANDSTORM:
VSBY 1/2 MILE OR LESS
8 = SMOKE OR HAZE
[NO. OF DAYS WITH] [WEATHER - DAYS WITH] 9 = BLOWING SNOW
X = TORNADO
MAX 32 OR BELOW: 10 0.01 INCH OR MORE: 10
MAX 90 OR ABOVE: 0 0.10 INCH OR MORE: 5
MIN 32 OR BELOW: 25 0.50 INCH OR MORE: 1
MIN 0 OR BELOW: 2 1.00 INCH OR MORE: 0
[HDD (BASE 65) ]
TOTAL THIS MO. 1105 CLEAR (SCALE 0-3) 0
DPTR FM NORMAL 14 PTCLDY (SCALE 4-7) 0
TOTAL FM JUL 1 2266 CLOUDY (SCALE 8-10) 31
DPTR FM NORMAL -58
[CDD (BASE 65) ]
TOTAL THIS MO. 0
DPTR FM NORMAL 0 [PRESSURE DATA]
TOTAL FM JAN 1 807 HIGHEST SLP M ON M
DPTR FM NORMAL 63 LOWEST SLP M ON M
[REMARKS]
#FINAL-12-22#