000
CXUS53 KIWX 010910
CF6IWX
PRELIMINARY LOCAL CLIMATOLOGICAL DATA (WS FORM: F-6)
STATION: NORTH WEBSTER WFO
MONTH: DECEMBER
YEAR: 2020
LATITUDE: 41 21 N
LONGITUDE: 85 42 W
TEMPERATURE IN F: :PCPN: SNOW: WIND :SUNSHINE: SKY :PK WND
================================================================================
1 2 3 4 5 6A 6B 7 8 9 10 11 12 13 14 15 16 17 18
12Z AVG MX 2MIN
DY MAX MIN AVG DEP HDD CDD WTR SNW DPTH SPD SPD DIR MIN PSBL S-S WX SPD DR
================================================================================
1 40 26 33 -1 32 0 T T T M M M M M M M M
2 45 24 35 1 30 0 0.00 0.0 0 M M M M M M M M
3 46 26 36 3 29 0 0.00 0.0 0 M M M M M M M M
4 47 30 39 6 26 0 0.00 0.0 0 M M M M M M M M
5 33 24 29 -3 36 0 0.00 0.0 0 M M M M M M M M
6 35 20 28 -4 37 0 0.00 0.0 0 M M M M M M M M
7 34 26 30 -1 35 0 0.00 0.0 0 M M M M M M M M
8 36 27 32 1 33 0 0.00 0.0 0 M M M M M M M M
9 51 31 41 11 24 0 0.00 0.0 0 M M M M M M M M
10 54 27 41 11 24 0 0.00 0.0 0 M M M M M M 1 M M
11 53 37 45 15 20 0 0.13 0.0 0 M M M M M M M M
12 53 35 44 15 21 0 0.71 0.0 0 M M M M M M 1 M M
13 38 32 35 6 30 0 T 0.0 0 M M M M M M M M
14 34 21 28 -1 37 0 T T 0 M M M M M M M M
15 27 18 23 -5 42 0 0.00 0.0 0 M M M M M M M M
16 28 24 26 -2 39 0 0.08 1.7 0 M M M M M M M M
17 30 25 28 0 37 0 T T 1 M M M M M M M M
18 34 29 32 4 33 0 T T 1 M M M M M M M M
19 39 29 34 7 31 0 0.01 0.0 T M M M M M M M M
20 38 31 35 8 30 0 T 0.0 0 M M M M M M M M
21 43 31 37 10 28 0 T 0.0 0 M M M M M M M M
22 42 34 38 12 27 0 0.01 T 0 M M M M M M M M
23 50 35 43 17 22 0 0.14 0.0 0 M M M M M M 1 M M
24 44 13 29 3 36 0 0.03 T 0 M M M M M M M M
25 20 12 16 -10 49 0 0.01 0.5 T M M M M M M 1 M M
26 31 16 24 -2 41 0 0.00 0.0 T M M M M M M M M
27 46 17 32 7 33 0 0.12 0.0 T M M M M M M M M
28 39 22 31 6 34 0 T T 0 M M M M M M M M
29 31 17 24 -1 41 0 0.08 1.0 0 M M M M M M M M
30 40 26 33 8 32 0 0.24 T T M M M M M M 46 M M
31 29 24 27 2 38 0 0.00 0.0 0 M M M M M M M M
================================================================================
SM 1210 789 1007 0 1.56 3.2 M M M
================================================================================
AV 39.0 25.5 M FASTST M M M MAX(MPH)
MISC ----> M M M M
================================================================================
NOTES:
# LAST OF SEVERAL OCCURRENCES
COLUMN 17 PEAK WIND IN M.P.H.
PRELIMINARY LOCAL CLIMATOLOGICAL DATA (WS FORM: F-6) , PAGE 2
STATION: NORTH WEBSTER WFO
MONTH: DECEMBER
YEAR: 2020
LATITUDE: 41 21 N
LONGITUDE: 85 42 W
[TEMPERATURE DATA] [PRECIPITATION DATA] SYMBOLS USED IN COLUMN 16
AVERAGE MONTHLY: 32.2 TOTAL FOR MONTH: 1.56 1 = FOG OR MIST
DPTR FM NORMAL: 3.7 DPTR FM NORMAL: -1.24 2 = FOG REDUCING VISIBILITY
HIGHEST: 54 ON 10 GRTST 24HR 0.71 ON 12-12 TO 1/4 MILE OR LESS
LOWEST: 12 ON 25 3 = THUNDER
SNOW, ICE PELLETS, HAIL 4 = ICE PELLETS
TOTAL MONTH: 3.3 INCHES 5 = HAIL
GRTST 24HR 1.7 ON 16-16 6 = FREEZING RAIN OR DRIZZLE
GRTST DEPTH: 1 ON 18,17 7 = DUSTSTORM OR SANDSTORM:
VSBY 1/2 MILE OR LESS
8 = SMOKE OR HAZE
[NO. OF DAYS WITH] [WEATHER - DAYS WITH] 9 = BLOWING SNOW
X = TORNADO
MAX 32 OR BELOW: 7 0.01 INCH OR MORE: 11
MAX 90 OR ABOVE: 0 0.10 INCH OR MORE: 5
MIN 32 OR BELOW: 27 0.50 INCH OR MORE: 1
MIN 0 OR BELOW: 0 1.00 INCH OR MORE: 0
[HDD (BASE 65) ]
TOTAL THIS MO. 1007 CLEAR (SCALE 0-3) 0
DPTR FM NORMAL -124 PTCLDY (SCALE 4-7) 0
TOTAL FM JUL 1 2092 CLOUDY (SCALE 8-10) 31
DPTR FM NORMAL -227
[CDD (BASE 65) ]
TOTAL THIS MO. 0
DPTR FM NORMAL 0 [PRESSURE DATA]
TOTAL FM JAN 1 811 HIGHEST SLP M ON M
DPTR FM NORMAL 98 LOWEST SLP M ON M
[REMARKS]
#FINAL-12-20#