000
CXUS54 KJAN 012028
CF6JAN
PRELIMINARY LOCAL CLIMATOLOGICAL DATA (WS FORM: F-6)
STATION: JACKSON
MONTH: AUGUST
YEAR: 2022
LATITUDE: 32 19 N
LONGITUDE: 90 5 W
TEMPERATURE IN F: :PCPN: SNOW: WIND :SUNSHINE: SKY :PK WND
================================================================================
1 2 3 4 5 6A 6B 7 8 9 10 11 12 13 14 15 16 17 18
12Z AVG MX 2MIN
DY MAX MIN AVG DEP HDD CDD WTR SNW DPTH SPD SPD DIR MIN PSBL S-S WX SPD DR
================================================================================
1 96 73 85 3 0 20 0.01 0.0 0 5.7 26 160 M M 4 3 34 170
2 85 73 79 -3 0 14 0.15 0.0 0 4.7 21 170 M M 6 13 30 180
3 89 73 81 -1 0 16 0.48 0.0 0 5.4 20 240 M M 7 13 29 240
4 90 73 82 0 0 17 0.00 0.0 0 4.0 17 300 M M 6 13 24 320
5 92 72 82 0 0 17 0.00 0.0 0 6.5 24 160 M M 3 31 150
6 93 71 82 0 0 17 T 0.0 0 3.9 29 180 M M 3 13 38 180
7 94 71 83 1 0 18 0.00 0.0 0 3.9 14 80 M M 3 13 23 90
8 95 72 84 2 0 19 0.22 0.0 0 4.9 22 140 M M 3 13 30 150
9 88 72 80 -2 0 15 0.00 0.0 0 4.9 10 150 M M 6 13 13 160
10 87 73 80 -2 0 15 0.13 0.0 0 3.9 13 30 M M 5 3 17 150
11 91 73 82 0 0 17 0.07 0.0 0 2.3 13 190 M M 8 123 19 180
12 92 72 82 0 0 17 T 0.0 0 2.8 14 100 M M 5 1 20 70
13 93 71 82 0 0 17 0.00 0.0 0 2.2 9 180 M M 4 1 13 170
14 95 71 83 1 0 18 0.00 0.0 0 3.0 12 220 M M 3 1 20 270
15 95 73 84 2 0 19 0.00 0.0 0 4.4 14 260 M M 2 20 260
16 98 73 86 4 0 21 0.06 0.0 0 5.7 24 40 M M 2 13 28 40
17 90 72 81 -1 0 16 T 0.0 0 4.9 15 360 M M 5 3 20 10
18 80 73 77 -5 0 12 0.43 0.0 0 3.6 9 330 M M 9 138 13 190
19 86 70 78 -4 0 13 0.20 0.0 0 3.9 16 190 M M 8 13 23 170
20 90 73 82 0 0 17 0.07 0.0 0 7.0 18 180 M M 5 13 26 200
21 87 72 80 -2 0 15 T 0.0 0 4.8 14 300 M M 7 3 19 300
22 79 71 75 -7 0 10 1.17 0.0 0 3.0 13 170 M M 7 12 16 170
23 74 71 73 -9 0 8 3.53 0.0 0 6.0 17 120 M M 10 12 25 120
24 76 70 73 -8 0 8 5.05 0.0 0 7.4 21 60 M M 10 123 26 50
25 84 71 78 -3 0 13 0.68 0.0 0 3.5 15 170 M M 9 13 20 90
26 88 72 80 -1 0 15 0.01 0.0 0 2.9 13 240 M M 7 1 16 240
27 88 73 81 0 0 16 0.00 0.0 0 3.9 13 170 M M 4 1 16 160
28 91 73 82 1 0 17 0.00 0.0 0 5.1 14 170 M M 4 1 18 160
29 92 74 83 2 0 18 T 0.0 0 1.7 13 20 M M 3 19 20
30 91 73 82 1 0 17 0.49 0.0 0 3.6 18 260 M M 4 138 29 250
31 92 71 82 2 0 17 0.00 0.0 0 2.9 13 350 M M 3 12 17 360
================================================================================
SM 2761 2235 0 489 12.75 0.0 132.4 M 165
================================================================================
AV 89.1 72.1 4.3 FASTST M M 5 MAX(MPH)
MISC ----> 29 180 38 180
================================================================================
NOTES:
# LAST OF SEVERAL OCCURRENCES
COLUMN 17 PEAK WIND IN M.P.H.
PRELIMINARY LOCAL CLIMATOLOGICAL DATA (WS FORM: F-6) , PAGE 2
STATION: JACKSON
MONTH: AUGUST
YEAR: 2022
LATITUDE: 32 19 N
LONGITUDE: 90 5 W
[TEMPERATURE DATA] [PRECIPITATION DATA] SYMBOLS USED IN COLUMN 16
AVERAGE MONTHLY: 80.6 TOTAL FOR MONTH: 12.75 1 = FOG OR MIST
DPTR FM NORMAL: -1.2 DPTR FM NORMAL: 8.06 2 = FOG REDUCING VISIBILITY
HIGHEST: 98 ON 16 GRTST 24HR 6.78 ON 23-24 TO 1/4 MILE OR LESS
LOWEST: 70 ON 24,19 3 = THUNDER
SNOW, ICE PELLETS, HAIL 4 = ICE PELLETS
TOTAL MONTH: 0.0 INCH 5 = HAIL
GRTST 24HR 0.0 6 = FREEZING RAIN OR DRIZZLE
GRTST DEPTH: 0 7 = DUSTSTORM OR SANDSTORM:
VSBY 1/2 MILE OR LESS
8 = SMOKE OR HAZE
[NO. OF DAYS WITH] [WEATHER - DAYS WITH] 9 = BLOWING SNOW
X = TORNADO
MAX 32 OR BELOW: 0 0.01 INCH OR MORE: 16
MAX 90 OR ABOVE: 18 0.10 INCH OR MORE: 11
MIN 32 OR BELOW: 0 0.50 INCH OR MORE: 4
MIN 0 OR BELOW: 0 1.00 INCH OR MORE: 3
[HDD (BASE 65) ]
TOTAL THIS MO. 0 CLEAR (SCALE 0-3) 9
DPTR FM NORMAL 0 PTCLDY (SCALE 4-7) 18
TOTAL FM JUL 1 0 CLOUDY (SCALE 8-10) 4
DPTR FM NORMAL 0
[CDD (BASE 65) ]
TOTAL THIS MO. 489
DPTR FM NORMAL -33 [PRESSURE DATA]
TOTAL FM JAN 1 2040 HIGHEST SLP 30.19 ON 7
DPTR FM NORMAL 152 LOWEST SLP 29.85 ON 16
[REMARKS]
#FINAL-08-22#