000
CXUS52 KJAX 010800
CF6JAX
PRELIMINARY LOCAL CLIMATOLOGICAL DATA (WS FORM: F-6)
STATION: JACKSONVILLE
MONTH: SEPTEMBER
YEAR: 2021
LATITUDE: 30 30 N
LONGITUDE: 81 42 W
TEMPERATURE IN F: :PCPN: SNOW: WIND :SUNSHINE: SKY :PK WND
================================================================================
1 2 3 4 5 6A 6B 7 8 9 10 11 12 13 14 15 16 17 18
12Z AVG MX 2MIN
DY MAX MIN AVG DEP HDD CDD WTR SNW DPTH SPD SPD DIR MIN PSBL S-S WX SPD DR
================================================================================
1 86 76 81 0 0 16 0.00 0.0 0 10.6 18 230 M M 8 23 230
2 91 72 82 1 0 17 0.13 0.0 0 6.2 18 180 M M 7 3 24 190
3 88 69 79 -2 0 14 0.00 0.0 0 7.5 20 60 M M 5 27 80
4 86 66 76 -5 0 11 0.00 0.0 0 6.5 16 60 M M 3 21 50
5 92 69 81 0 0 16 T 0.0 0 4.0 12 100 M M 4 15 100
6 91 70 81 1 0 16 0.00 0.0 0 3.5 15 90 M M 3 1 19 100
7 92 71 82 2 0 17 0.18 0.0 0 3.6 21 180 M M 5 13 26 140
8 90 72 81 1 0 16 0.17 0.0 0 3.3 23 280 M M 7 13 35 290
9 88 73 81 1 0 16 T 0.0 0 10.2 23 230 M M 8 34 240
10 86 71 79 -1 0 14 0.00 0.0 0 7.4 20 50 M M 7 29 60
11 86 71 79 -1 0 14 0.00 0.0 0 6.5 16 60 M M 8 22 70
12 86 68 77 -3 0 12 0.00 0.0 0 5.9 15 90 M M 7 22 110
13 87 66 77 -2 0 12 0.00 0.0 0 4.7 13 90 M M 6 17 90
14 88 68 78 -1 0 13 0.00 0.0 0 3.6 14 80 M M 7 20 80
15 88 70 79 0 0 14 0.00 0.0 0 5.6 17 100 M M 7 24 140
16 86 72 79 0 0 14 2.85 0.0 0 5.4 26 100 M M 9 13 33 110
17 89 70 80 1 0 15 T 0.0 0 3.4 13 60 M M 8 12 15 70
18 87 72 80 1 0 15 0.00 0.0 0 4.0 14 70 M M 8 19 90
19 84 73 79 1 0 14 1.40 0.0 0 5.0 17 80 M M 9 1 23 100
20 89 73 81 3 0 16 0.17 0.0 0 3.6 23 190 M M 9 13 32 200
21 89 73 81 3 0 16 0.06 0.0 0 4.1 12 50 M M 8 123 16 50
22 89 71 80 2 0 15 0.15 0.0 0 4.3 15 330 M M 7 13 23 320
23 83 63 73 -5 0 8 0.00 0.0 0 5.9 10 290 M M 4 16 340
24 83 60 72 -6 0 7 0.00 0.0 0 6.5 16 50 M M 2 24 60
25 85 63 74 -3 0 9 0.00 0.0 0 4.1 12 70 M M 4 16 60
26 84 61 73 -4 0 8 0.00 0.0 0 3.0 13 90 M M 2 18 90
27 85 59 72 -5 0 7 0.00 0.0 0 2.7 14 90 M M 1 18 100
28 88 62 75 -2 0 10 0.00 0.0 0 3.4 12 120 M M 3 15 120
29 89 64 77 1 0 12 0.00 0.0 0 3.4 10 130 M M 5 20 60
30 87 64 76 0 0 11 0.00 0.0 0 2.7 10 70 M M 5 1 13 80
================================================================================
SM 2622 2052 0 395 5.11 0.0 150.6 M 176
================================================================================
AV 87.4 68.4 5.0 FASTST M M 6 MAX(MPH)
MISC ----> 26 100 35 290
================================================================================
NOTES:
# LAST OF SEVERAL OCCURRENCES
COLUMN 17 PEAK WIND IN M.P.H.
PRELIMINARY LOCAL CLIMATOLOGICAL DATA (WS FORM: F-6) , PAGE 2
STATION: JACKSONVILLE
MONTH: SEPTEMBER
YEAR: 2021
LATITUDE: 30 30 N
LONGITUDE: 81 42 W
[TEMPERATURE DATA] [PRECIPITATION DATA] SYMBOLS USED IN COLUMN 16
AVERAGE MONTHLY: 77.9 TOTAL FOR MONTH: 5.11 1 = FOG OR MIST
DPTR FM NORMAL: -0.9 DPTR FM NORMAL: -2.45 2 = FOG REDUCING VISIBILITY
HIGHEST: 92 ON 7, 5 GRTST 24HR 2.85 ON 16-16 TO 1/4 MILE OR LESS
LOWEST: 59 ON 27 3 = THUNDER
SNOW, ICE PELLETS, HAIL 4 = ICE PELLETS
TOTAL MONTH: 0.0 INCH 5 = HAIL
GRTST 24HR 0.0 6 = FREEZING RAIN OR DRIZZLE
GRTST DEPTH: 0 7 = DUSTSTORM OR SANDSTORM:
VSBY 1/2 MILE OR LESS
8 = SMOKE OR HAZE
[NO. OF DAYS WITH] [WEATHER - DAYS WITH] 9 = BLOWING SNOW
X = TORNADO
MAX 32 OR BELOW: 0 0.01 INCH OR MORE: 8
MAX 90 OR ABOVE: 5 0.10 INCH OR MORE: 7
MIN 32 OR BELOW: 0 0.50 INCH OR MORE: 2
MIN 0 OR BELOW: 0 1.00 INCH OR MORE: 2
[HDD (BASE 65) ]
TOTAL THIS MO. 0 CLEAR (SCALE 0-3) 4
DPTR FM NORMAL 0 PTCLDY (SCALE 4-7) 22
TOTAL FM JUL 1 0 CLOUDY (SCALE 8-10) 4
DPTR FM NORMAL 0
[CDD (BASE 65) ]
TOTAL THIS MO. 395
DPTR FM NORMAL -21 [PRESSURE DATA]
TOTAL FM JAN 1 2350 HIGHEST SLP 30.27 ON 12
DPTR FM NORMAL -149 LOWEST SLP 29.78 ON 1
[REMARKS]
#FINAL-09-21#