000
CXUS54 KMEG 010900
CF6JBR
PRELIMINARY LOCAL CLIMATOLOGICAL DATA (WS FORM: F-6)
STATION: JONESBORO
MONTH: APRIL
YEAR: 2023
LATITUDE: 35 49 N
LONGITUDE: 90 39 W
TEMPERATURE IN F: :PCPN: SNOW: WIND :SUNSHINE: SKY :PK WND
================================================================================
1 2 3 4 5 6A 6B 7 8 9 10 11 12 13 14 15 16 17 18
12Z AVG MX 2MIN
DY MAX MIN AVG DEP HDD CDD WTR SNW DPTH SPD SPD DIR MIN PSBL S-S WX SPD DR
================================================================================
1 68 46 57 1 8 0 0.00 M M 13.1 30 290 M M 0 43 290
2 74 43 59 3 6 0 T M M 9.3 26 180 M M 1 34 170
3 74 57 66 9 0 1 0.00 M M 10.1 24 200 M M 7 1 33 190
4 82 65 74 17 0 9 T M M 16.4 29 200 M M 3 13 39 210
5 77 56 67 10 0 2 0.47 M M 16.0 32 270 M M 8 13 43 270
6 56 49 53 -5 12 0 0.00 M M 13.7 22 40 M M 7 30 30
7 60 46 53 -5 12 0 0.00 M M 14.7 23 30 M M 0 29 40
8 66 47 57 -1 8 0 0.00 M M 11.4 20 70 M M 6 24 50
9 67 50 59 0 6 0 0.00 M M 5.5 13 50 M M 7 17 90
10 73 48 61 2 4 0 0.00 M M 3.5 13 150 M M 4 17 190
11 75 44 60 1 5 0 0.00 M M 3.1 14 160 M M 0 18 19 130
12 78 43 61 1 4 0 0.00 M M 2.5 16 230 M M 0 18 20 230
13 79 51 65 5 0 0 0.00 M M 7.2 22 70 M M 3 8 30 40
14 77 54 66 6 0 1 0.00 M M 5.6 13 170 M M 2 18 130
15 82 57 70 9 0 5 0.37 M M 12.8 40 260 M M 6 138 49 260
16 65 47 56 -5 9 0 0.00 M M 15.0 28 270 M M 2 37 280
17 74 49 62 1 3 0 0.00 M M 9.5 21 260 M M 0 27 260
18 80 50 65 3 0 0 0.00 M M 10.8 24 200 M M 0 8 29 230
19 84 59 72 10 0 7 0.00 M M 14.0 25 180 M M 0 33 170
20 84 63 74 12 0 9 0.64 M M 16.3 32 220 M M 3 138 42 200
21 67 51 59 -3 6 0 1.58 M M 7.9 23 350 M M 5 13 35 350
22 65 47 56 -7 9 0 0.00 M M 8.9 22 300 M M 1 1 31 300
23 60 44 52 -11 13 0 0.00 M M 4.9 14 350 M M 2 20 30
24 63 40 52 -11 13 0 0.00 M M 4.9 16 60 M M 0 21 60
25 66 50 58 -6 7 0 0.00 M M 5.0 12 210 M M 3 16 80
26 72 53 63 -1 2 0 0.00 M M 6.4 20 70 M M 7 25 90
27 61 56 59 -5 6 0 0.02 M M 7.8 13 50 M M 10 1 16 50
28 68 56 62 -3 3 0 0.03 M M 5.1 12 50 M M 8 1 15 40
29 68 57 63 -2 2 0 0.41 M M 4.6 14 310 M M 7 1 17 300
30 67 49 58 -7 7 0 0.00 M M 12.7 25 290 M M 1 35 290
================================================================================
SM 2132 1527 145 34 3.52 M 278.7 M 103
================================================================================
AV 71.1 50.9 9.3 FASTST M M 3 MAX(MPH)
MISC ----> 40 260 49 260
================================================================================
NOTES:
# LAST OF SEVERAL OCCURRENCES
COLUMN 17 PEAK WIND IN M.P.H.
PRELIMINARY LOCAL CLIMATOLOGICAL DATA (WS FORM: F-6) , PAGE 2
STATION: JONESBORO
MONTH: APRIL
YEAR: 2023
LATITUDE: 35 49 N
LONGITUDE: 90 39 W
[TEMPERATURE DATA] [PRECIPITATION DATA] SYMBOLS USED IN COLUMN 16
AVERAGE MONTHLY: 61.0 TOTAL FOR MONTH: 3.52 1 = FOG OR MIST
DPTR FM NORMAL: 0.3 DPTR FM NORMAL: -1.63 2 = FOG REDUCING VISIBILITY
HIGHEST: 84 ON 20,19 GRTST 24HR 2.22 ON 20-21 TO 1/4 MILE OR LESS
LOWEST: 40 ON 24 3 = THUNDER
SNOW, ICE PELLETS, HAIL 4 = ICE PELLETS
TOTAL MONTH: M 5 = HAIL
GRTST 24HR M ON M 6 = FREEZING RAIN OR DRIZZLE
GRTST DEPTH: M ON M 7 = DUSTSTORM OR SANDSTORM:
VSBY 1/2 MILE OR LESS
8 = SMOKE OR HAZE
[NO. OF DAYS WITH] [WEATHER - DAYS WITH] 9 = BLOWING SNOW
X = TORNADO
MAX 32 OR BELOW: 0 0.01 INCH OR MORE: 7
MAX 90 OR ABOVE: 0 0.10 INCH OR MORE: 5
MIN 32 OR BELOW: 0 0.50 INCH OR MORE: 2
MIN 0 OR BELOW: 0 1.00 INCH OR MORE: 1
[HDD (BASE 65) ]
TOTAL THIS MO. 145 CLEAR (SCALE 0-3) 17
DPTR FM NORMAL -33 PTCLDY (SCALE 4-7) 11
TOTAL FM JUL 1 2817 CLOUDY (SCALE 8-10) 2
DPTR FM NORMAL -601
[CDD (BASE 65) ]
TOTAL THIS MO. 34
DPTR FM NORMAL -15 [PRESSURE DATA]
TOTAL FM JAN 1 36 HIGHEST SLP 30.42 ON 7
DPTR FM NORMAL -23 LOWEST SLP 29.66 ON 4
[REMARKS]
#FINAL-04-23#