000
CXUS54 KMEG 131002
CF6JBR
PRELIMINARY LOCAL CLIMATOLOGICAL DATA (WS FORM: F-6)
STATION: JONESBORO
MONTH: FEBRUARY
YEAR: 2023
LATITUDE: 35 49 N
LONGITUDE: 90 39 W
TEMPERATURE IN F: :PCPN: SNOW: WIND :SUNSHINE: SKY :PK WND
================================================================================
1 2 3 4 5 6A 6B 7 8 9 10 11 12 13 14 15 16 17 18
12Z AVG MX 2MIN
DY MAX MIN AVG DEP HDD CDD WTR SNW DPTH SPD SPD DIR MIN PSBL S-S WX SPD DR
================================================================================
1 30 24 27 -13 38 0 M M M 6.0 13 40 M M 7 46 15 40
2 36 30 33 -7 32 0 T M M 2.5 10 310 M M 4 46 13 310
3 36 27 32 -8 33 0 0.00 M M 8.0 16 30 M M 0 20 30
4 45 25 35 -5 30 0 0.00 M M M M M M M 0 18 M M
5 59 37 48 8 17 0 0.00 M M M 15 240 M M 0 19 230
6 64 50 57 16 8 0 0.00 M M 2.2 17 190 M M 3 12 21 190
7 59 50 55 14 10 0 0.02 M M 6.6 14 200 M M 5 1 17 30
8 64 47 56 15 9 0 2.94 M M 11.8 24 170 M M 9 13 30 160
9 55 39 47 6 18 0 0.00 M M 14.5 32 240 M M 4 42 250
10 49 36 43 2 22 0 0.00 M M 8.3 15 50 M M 5 18 19 40
11 49 34 42 0 23 0 0.00 M M 12.0 22 40 M M 0 26 50
12 58 33 46 4 19 0 0.00 M M M M M M M M M M
13 63 38 51 9 14 0 0.00 M M 5.1 14 260 M M 0 19 270
14 60 43 52 10 13 0 0.46 M M 12.7 26 220 M M 3 1 35 220
15 72 58 65 22 0 0 0.05 M M 11.3 23 220 M M 5 138 31 220
16 69 34 52 9 13 0 0.20 M M 14.4 25 220 M M 9 13 32 300
17 46 30 38 -5 27 0 0.00 M M 8.1 18 310 M M 4 24 330
18 52 28 40 -3 25 0 0.00 M M 5.9 16 170 M M 0 21 170
19 60 39 50 6 15 0 0.00 M M 13.3 25 210 M M 1 31 180
20 70 55 63 19 2 0 0.00 M M M M M M M 1 M M
21 65 43 54 10 11 0 0.00 M M 8.4 18 60 M M 2 25 200
22 75 54 65 21 0 0 0.19 M M 16.2 38 230 M M 3 1 50 220
23 67 50 59 14 6 0 T M M 10.6 17 20 M M 7 1 24 20
24 50 36 43 -2 22 0 0.01 M M 13.9 25 60 M M 7 30 60
25 52 44 48 3 17 0 T M M 5.1 10 360 M M 8 13 350
26 61 47 54 8 11 0 0.08 M M 6.8 14 160 M M 10 13 17 150
27 74 55 65 19 0 0 T M M 19.0 35 230 M M 2 18 45 220
28 75 43 59 13 6 0 0.00 M M 12.3 21 210 M M 0 26 160
================================================================================
SM 1615 1129 441 0 3.95 M 235.0 M 99
================================================================================
AV 57.7 40.3 9.8 FASTST M M 4 MAX(MPH)
MISC ----> 38 230 50 220
================================================================================
NOTES:
# LAST OF SEVERAL OCCURRENCES
COLUMN 17 PEAK WIND IN M.P.H.
PRELIMINARY LOCAL CLIMATOLOGICAL DATA (WS FORM: F-6) , PAGE 2
STATION: JONESBORO
MONTH: FEBRUARY
YEAR: 2023
LATITUDE: 35 49 N
LONGITUDE: 90 39 W
[TEMPERATURE DATA] [PRECIPITATION DATA] SYMBOLS USED IN COLUMN 16
AVERAGE MONTHLY: 49.0 TOTAL FOR MONTH: 3.95 1 = FOG OR MIST
DPTR FM NORMAL: 6.4 DPTR FM NORMAL: 0.16 2 = FOG REDUCING VISIBILITY
HIGHEST: 75 ON 28,22 GRTST 24HR 2.94 ON 8- 8 TO 1/4 MILE OR LESS
LOWEST: 24 ON 1 3 = THUNDER
SNOW, ICE PELLETS, HAIL 4 = ICE PELLETS
TOTAL MONTH: M 5 = HAIL
GRTST 24HR M ON M 6 = FREEZING RAIN OR DRIZZLE
GRTST DEPTH: M ON M 7 = DUSTSTORM OR SANDSTORM:
VSBY 1/2 MILE OR LESS
8 = SMOKE OR HAZE
[NO. OF DAYS WITH] [WEATHER - DAYS WITH] 9 = BLOWING SNOW
X = TORNADO
MAX 32 OR BELOW: 1 0.01 INCH OR MORE: 8
MAX 90 OR ABOVE: 0 0.10 INCH OR MORE: 4
MIN 32 OR BELOW: 6 0.50 INCH OR MORE: 1
MIN 0 OR BELOW: 0 1.00 INCH OR MORE: 1
[HDD (BASE 65) ]
TOTAL THIS MO. 441 CLEAR (SCALE 0-3) 13
DPTR FM NORMAL -187 PTCLDY (SCALE 4-7) 10
TOTAL FM JUL 1 2391 CLOUDY (SCALE 8-10) 5
DPTR FM NORMAL -407
[CDD (BASE 65) ]
TOTAL THIS MO. 0
DPTR FM NORMAL -1 [PRESSURE DATA]
TOTAL FM JAN 1 0 HIGHEST SLP 30.63 ON 3
DPTR FM NORMAL 0 LOWEST SLP 29.49 ON 27
[REMARKS]
#FINAL-02-23#