000
CXUS54 KMEG 011000
CF6JBR
PRELIMINARY LOCAL CLIMATOLOGICAL DATA (WS FORM: F-6)
STATION: JONESBORO
MONTH: JANUARY
YEAR: 2022
LATITUDE: 35 49 N
LONGITUDE: 90 39 W
TEMPERATURE IN F: :PCPN: SNOW: WIND :SUNSHINE: SKY :PK WND
================================================================================
1 2 3 4 5 6A 6B 7 8 9 10 11 12 13 14 15 16 17 18
12Z AVG MX 2MIN
DY MAX MIN AVG DEP HDD CDD WTR SNW DPTH SPD SPD DIR MIN PSBL S-S WX SPD DR
================================================================================
1 66 42 54 15 11 0 1.73 M M 7.7 28 320 M M 10 13 36 310
2 42 27 35 -4 30 0 0.00 M M 12.4 20 320 M M 10 26 330
3 36 20 28 -11 37 0 0.00 M M 4.5 13 320 M M 3 19 330
4 39 23 31 -8 34 0 0.00 M M 12.0 21 210 M M 3 1 27 180
5 51 34 43 4 22 0 0.00 M M 8.2 18 330 M M 0 26 320
6 37 21 29 -9 36 0 T M M 9.3 20 50 M M 7 12 26 40
7 25 18 22 -16 43 0 0.00 M M 6.8 13 40 M M 0 15 40
8 52 21 37 -1 28 0 0.71 M M 8.1 20 290 M M 9 13 25 290
9 57 31 44 6 21 0 1.32 M M 12.9 29 30 M M 7 13 38 40
10 45 25 35 -3 30 0 0.00 M M 5.1 13 230 M M 0 16 30
11 49 27 38 0 27 0 0.00 M M 6.9 14 160 M M 0 17 150
12 56 35 46 8 19 0 0.00 M M 10.3 22 210 M M 0 27 210
13 62 39 51 13 14 0 0.00 M M 7.0 17 300 M M 2 21 300
14 49 35 42 4 23 0 0.00 M M 4.8 13 80 M M 2 15 70
15 44 32 38 0 27 0 0.99 M M 16.6 30 40 M M 10 38 40
16 41 27 34 -4 31 0 0.01 M M 12.7 25 10 M M 4 32 10
17 48 30 39 1 26 0 0.00 M M 8.1 21 260 M M 2 28 260
18 58 28 43 5 22 0 0.00 M M 7.9 22 180 M M 0 8 37 200
19 52 26 39 1 26 0 0.04 M M 11.5 24 20 M M 10 18 32 20
20 27 17 22 -16 43 0 0.00 M M 12.7 21 10 M M 2 27 360
21 31 14 23 -15 42 0 0.00 M M 7.3 13 60 M M 0 17 20
22 36 15 26 -13 39 0 0.00 M M 5.0 12 210 M M 0 15 220
23 51 25 38 -1 27 0 0.00 M M 8.0 17 240 M M 0 19 240
24 60 27 44 5 21 0 0.00 M M 9.0 21 220 M M 1 27 230
25 45 25 35 -4 30 0 0.00 M M 11.0 18 30 M M 0 24 40
26 30 19 25 -14 40 0 0.00 M M 8.6 18 60 M M 4 21 60
27 41 23 32 -7 33 0 0.00 M M 3.3 10 290 M M 8 13 240
28 44 24 34 -5 31 0 0.00 M M 10.8 25 310 M M 2 37 330
29 40 16 28 -11 37 0 0.00 M M 7.4 22 210 M M 0 26 220
30 56 30 43 4 22 0 0.00 M M 6.0 13 310 M M 0 17 350
31 63 29 46 6 19 0 0.00 M M 6.8 15 170 M M 0 18 160
================================================================================
SM 1433 805 891 0 4.80 M 268.7 M 96
================================================================================
AV 46.2 26.0 8.7 FASTST M M 3 MAX(MPH)
MISC ----> 30 40 # 38 40
================================================================================
NOTES:
# LAST OF SEVERAL OCCURRENCES
COLUMN 17 PEAK WIND IN M.P.H.
PRELIMINARY LOCAL CLIMATOLOGICAL DATA (WS FORM: F-6) , PAGE 2
STATION: JONESBORO
MONTH: JANUARY
YEAR: 2022
LATITUDE: 35 49 N
LONGITUDE: 90 39 W
[TEMPERATURE DATA] [PRECIPITATION DATA] SYMBOLS USED IN COLUMN 16
AVERAGE MONTHLY: 36.1 TOTAL FOR MONTH: 4.80 1 = FOG OR MIST
DPTR FM NORMAL: -2.6 DPTR FM NORMAL: 1.28 2 = FOG REDUCING VISIBILITY
HIGHEST: 66 ON 1 GRTST 24HR 1.86 ON 8- 9 TO 1/4 MILE OR LESS
LOWEST: 14 ON 21 3 = THUNDER
SNOW, ICE PELLETS, HAIL 4 = ICE PELLETS
TOTAL MONTH: M 5 = HAIL
GRTST 24HR M ON M 6 = FREEZING RAIN OR DRIZZLE
GRTST DEPTH: M ON M 7 = DUSTSTORM OR SANDSTORM:
VSBY 1/2 MILE OR LESS
8 = SMOKE OR HAZE
[NO. OF DAYS WITH] [WEATHER - DAYS WITH] 9 = BLOWING SNOW
X = TORNADO
MAX 32 OR BELOW: 4 0.01 INCH OR MORE: 6
MAX 90 OR ABOVE: 0 0.10 INCH OR MORE: 4
MIN 32 OR BELOW: 26 0.50 INCH OR MORE: 4
MIN 0 OR BELOW: 0 1.00 INCH OR MORE: 2
[HDD (BASE 65) ]
TOTAL THIS MO. 891 CLEAR (SCALE 0-3) 20
DPTR FM NORMAL 74 PTCLDY (SCALE 4-7) 6
TOTAL FM JUL 1 1873 CLOUDY (SCALE 8-10) 5
DPTR FM NORMAL -297
[CDD (BASE 65) ]
TOTAL THIS MO. 0
DPTR FM NORMAL 0 [PRESSURE DATA]
TOTAL FM JAN 1 0 HIGHEST SLP 30.68 ON 10
DPTR FM NORMAL 0 LOWEST SLP 29.58 ON 1
[REMARKS]
#FINAL-01-22#