000
CXUS54 KMEG 032233
CF6JBR
PRELIMINARY LOCAL CLIMATOLOGICAL DATA (WS FORM: F-6)
STATION: JONESBORO
MONTH: JULY
YEAR: 2021
LATITUDE: 35 49 N
LONGITUDE: 90 39 W
TEMPERATURE IN F: :PCPN: SNOW: WIND :SUNSHINE: SKY :PK WND
================================================================================
1 2 3 4 5 6A 6B 7 8 9 10 11 12 13 14 15 16 17 18
12Z AVG MX 2MIN
DY MAX MIN AVG DEP HDD CDD WTR SNW DPTH SPD SPD DIR MIN PSBL S-S WX SPD DR
================================================================================
1 86 73 80 -1 0 15 0.65 M M 6.0 21 280 M M 5 3 29 300
2 86 66 76 -6 0 11 0.00 M M 9.9 22 30 M M 1 29 20
3 83 63 73 -9 0 8 0.00 M M 7.0 17 50 M M 0 21 50
4 87 60 74 -8 0 9 0.00 M M 3.4 10 70 M M 0 17 50
5 90 66 78 -4 0 13 0.00 M M 3.4 10 90 M M 1 13 70
6 93 70 82 0 0 17 0.00 M M 4.4 12 120 M M 1 19 130
7 92 68 80 -2 0 15 0.00 M M 3.5 10 170 M M 2 1 12 150
8 96 73 85 3 0 20 0.00 M M 7.6 16 210 M M 3 3 20 210
9 94 74 84 2 0 19 0.25 M M 6.6 25 240 M M 2 13 32 240
10 90 68 79 -3 0 14 0.10 M M 12.5 29 340 M M 3 13 42 360
11 81 69 75 -7 0 10 0.83 M M 10.3 20 220 M M 6 3 24 240
12 87 70 79 -3 0 14 T M M 7.1 17 270 M M 4 24 200
13 89 68 79 -3 0 14 0.00 M M 3.6 13 240 M M 4 20 270
14 93 69 81 -1 0 16 0.00 M M 6.1 17 220 M M 1 1 21 210
15 93 73 83 1 0 18 0.00 M M 10.4 20 210 M M 1 27 210
16 89 74 82 0 0 17 0.00 M M 11.7 22 210 M M 4 28 200
17 89 71 80 -2 0 15 T M M 5.6 15 240 M M 5 123 18 280
18 86 73 80 -2 0 15 T M M 3.7 13 20 M M 6 16 210
19 88 71 80 -2 0 15 0.17 M M 8.1 21 50 M M 8 13 27 40
20 88 71 80 -2 0 15 0.00 M M 10.3 18 60 M M 1 25 40
21 89 71 80 -2 0 15 0.00 M M 7.9 14 40 M M 0 18 18 40
22 93 73 83 1 0 18 0.00 M M 6.5 14 60 M M 1 18 16 100
23 88 72 80 -2 0 15 0.09 M M 3.0 14 160 M M 1 138 17 150
24 95 73 84 2 0 19 0.00 M M 4.0 15 90 M M 2 1 21 90
25 95 76 86 4 0 21 0.00 M M 3.6 17 240 M M 2 3 22 220
26 96 75 86 4 0 21 0.03 M M 4.4 15 90 M M 2 138 23 70
27 95 76 86 4 0 21 0.00 M M 4.7 9 70 M M 1 13 12 70
28 95 74 85 3 0 20 0.00 M M 3.9 12 90 M M 0 1 14 100
29 97 73 85 3 0 20 0.00 M M 5.1 12 220 M M 0 8 13 240
30 100 76 88 6 0 23 0.00 M M 6.4 20 60 M M 0 24 60
31 100 73 87 5 0 22 T M M 6.6 20 60 M M 1 24 60
================================================================================
SM 2823 2202 0 505 2.12 M 197.3 M 68
================================================================================
AV 91.1 71.0 6.4 FASTST M M 2 MAX(MPH)
MISC ----> 29 340 42 360
================================================================================
NOTES:
# LAST OF SEVERAL OCCURRENCES
COLUMN 17 PEAK WIND IN M.P.H.
PRELIMINARY LOCAL CLIMATOLOGICAL DATA (WS FORM: F-6) , PAGE 2
STATION: JONESBORO
MONTH: JULY
YEAR: 2021
LATITUDE: 35 49 N
LONGITUDE: 90 39 W
[TEMPERATURE DATA] [PRECIPITATION DATA] SYMBOLS USED IN COLUMN 16
AVERAGE MONTHLY: 81.0 TOTAL FOR MONTH: 2.12 1 = FOG OR MIST
DPTR FM NORMAL: -0.7 DPTR FM NORMAL: -1.57 2 = FOG REDUCING VISIBILITY
HIGHEST: 100 ON 31,30 GRTST 24HR 0.83 ON 11-11 TO 1/4 MILE OR LESS
LOWEST: 60 ON 4 3 = THUNDER
SNOW, ICE PELLETS, HAIL 4 = ICE PELLETS
TOTAL MONTH: M 5 = HAIL
GRTST 24HR M ON M 6 = FREEZING RAIN OR DRIZZLE
GRTST DEPTH: M ON M 7 = DUSTSTORM OR SANDSTORM:
VSBY 1/2 MILE OR LESS
8 = SMOKE OR HAZE
[NO. OF DAYS WITH] [WEATHER - DAYS WITH] 9 = BLOWING SNOW
X = TORNADO
MAX 32 OR BELOW: 0 0.01 INCH OR MORE: 7
MAX 90 OR ABOVE: 17 0.10 INCH OR MORE: 5
MIN 32 OR BELOW: 0 0.50 INCH OR MORE: 2
MIN 0 OR BELOW: 0 1.00 INCH OR MORE: 0
[HDD (BASE 65) ]
TOTAL THIS MO. 0 CLEAR (SCALE 0-3) 22
DPTR FM NORMAL 0 PTCLDY (SCALE 4-7) 9
TOTAL FM JUL 1 0 CLOUDY (SCALE 8-10) 0
DPTR FM NORMAL 0
[CDD (BASE 65) ]
TOTAL THIS MO. 505
DPTR FM NORMAL -14 [PRESSURE DATA]
TOTAL FM JAN 1 1112 HIGHEST SLP 30.20 ON 14
DPTR FM NORMAL -83 LOWEST SLP 29.79 ON 11
[REMARKS]
#FINAL-07-21#