505
CXUS54 KMEG 040036
CF6JBR
PRELIMINARY LOCAL CLIMATOLOGICAL DATA (WS FORM: F-6)
STATION: JONESBORO
MONTH: SEPTEMBER
YEAR: 2020
LATITUDE: 35 49 N
LONGITUDE: 90 39 W
TEMPERATURE IN F: :PCPN: SNOW: WIND :SUNSHINE: SKY :PK WND
================================================================================
1 2 3 4 5 6A 6B 7 8 9 10 11 12 13 14 15 16 17 18
12Z AVG MX 2MIN
DY MAX MIN AVG DEP HDD CDD WTR SNW DPTH SPD SPD DIR MIN PSBL S-S WX SPD DR
================================================================================
1 85 71 78 1 0 13 1.43 0.0 0 6.8 18 330 M M 3 13 24 320
2 82 73 78 1 0 13 1.17 0.0 0 3.1 10 60 M M 9 1 12 50
3 83 73 78 2 0 13 0.00 0.0 0 6.5 13 280 M M 5 1 17 280
4 81 65 73 -3 0 8 0.01 0.0 0 6.7 16 70 M M 1 22 50
5 88 61 75 -1 0 10 0.00 0.0 0 2.2 8 110 M M 0 1 10 120
6 88 65 77 1 0 12 0.00 0.0 0 4.9 12 190 M M 0 15 200
7 89 65 77 2 0 12 0.00 0.0 0 5.8 17 210 M M 0 21 230
8 89 67 78 3 0 13 0.00 0.0 0 4.5 12 130 M M 0 15 140
9 90 68 79 5 0 14 0.00 0.0 0 4.6 12 220 M M 1 15 210
10 89 67 78 4 0 13 0.00 0.0 0 3.5 10 130 M M 0 14 130
11 90 70 80 6 0 15 0.00 0.0 0 4.8 12 70 M M 1 14 60
12 88 70 79 6 0 14 0.00 0.0 0 3.4 13 150 M M 2 1 15 130
13 84 71 78 5 0 13 0.00 0.0 0 7.1 15 40 M M 4 20 40
14 85 68 77 4 0 12 0.00 0.0 0 M M M M M M M M
15 86 65 76 4 0 11 0.00 0.0 0 9.2 16 60 M M 1 20 40
16 87 68 78 6 0 13 0.00 0.0 0 6.9 14 60 M M 2 19 60
17 85 69 77 6 0 12 0.00 0.0 0 8.2 15 20 M M 0 19 20
18 78 61 70 -1 0 5 0.00 0.0 0 12.1 22 40 M M 0 29 30
19 75 54 65 -6 0 0 0.00 0.0 0 10.5 18 30 M M 0 25 20
20 81 57 69 -1 0 4 0.00 0.0 0 9.2 17 50 M M 3 21 50
21 80 56 68 -2 0 3 0.00 0.0 0 7.7 14 80 M M 0 8 18 80
22 65 60 63 -6 2 0 0.11 0.0 0 5.4 10 80 M M 5 1 13 40
23 62 59 61 -8 4 0 1.18 0.0 0 9.0 15 50 M M 10 1 19 50
24 66 58 62 -7 3 0 0.04 0.0 0 7.3 13 20 M M 10 18 18 20
25 70 63 67 -1 0 2 0.00 0.0 0 3.1 9 170 M M 9 12 170
26 79 61 70 2 0 5 0.00 0.0 0 7.1 18 200 M M 5 1 23 200
27 83 58 71 3 0 6 0.00 0.0 0 6.5 17 210 M M 2 12 21 230
28 73 56 65 -2 0 0 0.57 0.0 0 9.4 25 360 M M 5 1 33 350
29 71 51 61 -6 4 0 0.00 0.0 0 6.2 20 290 M M 1 25 280
30 83 52 68 2 0 3 0.00 0.0 0 11.3 23 210 M M 0 28 240
================================================================================
SM 2435 1902 13 239 4.51 0.0 193.0 M 79
================================================================================
AV 81.2 63.4 6.7 FASTST M M 3 MAX(MPH)
MISC ----> # 25 360 # 33 350
================================================================================
NOTES:
# LAST OF SEVERAL OCCURRENCES
COLUMN 17 PEAK WIND IN M.P.H.
PRELIMINARY LOCAL CLIMATOLOGICAL DATA (WS FORM: F-6) , PAGE 2
STATION: JONESBORO
MONTH: SEPTEMBER
YEAR: 2020
LATITUDE: 35 49 N
LONGITUDE: 90 39 W
[TEMPERATURE DATA] [PRECIPITATION DATA] SYMBOLS USED IN COLUMN 16
AVERAGE MONTHLY: 72.3 TOTAL FOR MONTH: 4.51 1 = FOG OR MIST
DPTR FM NORMAL: 0.4 DPTR FM NORMAL: 1.45 2 = FOG REDUCING VISIBILITY
HIGHEST: 90 ON 11, 9 GRTST 24HR 1.43 ON 1- 1 TO 1/4 MILE OR LESS
LOWEST: 51 ON 29 3 = THUNDER
SNOW, ICE PELLETS, HAIL 4 = ICE PELLETS
TOTAL MONTH: 0.0 INCH 5 = HAIL
GRTST 24HR 0.0 6 = FREEZING RAIN OR DRIZZLE
GRTST DEPTH: 0 7 = DUSTSTORM OR SANDSTORM:
VSBY 1/2 MILE OR LESS
8 = SMOKE OR HAZE
[NO. OF DAYS WITH] [WEATHER - DAYS WITH] 9 = BLOWING SNOW
X = TORNADO
MAX 32 OR BELOW: 0 0.01 INCH OR MORE: 7
MAX 90 OR ABOVE: 2 0.10 INCH OR MORE: 5
MIN 32 OR BELOW: 0 0.50 INCH OR MORE: 4
MIN 0 OR BELOW: 0 1.00 INCH OR MORE: 3
[HDD (BASE 65) ]
TOTAL THIS MO. 13 CLEAR (SCALE 0-3) 19
DPTR FM NORMAL -5 PTCLDY (SCALE 4-7) 6
TOTAL FM JUL 1 13 CLOUDY (SCALE 8-10) 4
DPTR FM NORMAL -5
[CDD (BASE 65) ]
TOTAL THIS MO. 239
DPTR FM NORMAL 14 [PRESSURE DATA]
TOTAL FM JAN 1 1468 HIGHEST SLP 30.31 ON 21
DPTR FM NORMAL -303 LOWEST SLP 29.71 ON 28
[REMARKS]
#FINAL-09-20#