067
CXUS54 KMEG 012058
CF6JBR
PRELIMINARY LOCAL CLIMATOLOGICAL DATA (WS FORM: F-6)
STATION: JONESBORO
MONTH: AUGUST
YEAR: 2020
LATITUDE: 35 49 N
LONGITUDE: 90 39 W
TEMPERATURE IN F: :PCPN: SNOW: WIND :SUNSHINE: SKY :PK WND
================================================================================
1 2 3 4 5 6A 6B 7 8 9 10 11 12 13 14 15 16 17 18
12Z AVG MX 2MIN
DY MAX MIN AVG DEP HDD CDD WTR SNW DPTH SPD SPD DIR MIN PSBL S-S WX SPD DR
================================================================================
1 82 68 75 -6 0 10 0.02 0.0 0 6.2 15 340 M M M 1 20 320
2 89 66 78 -3 0 13 0.00 0.0 0 3.9 16 210 M M M 330 20
3 89 68 79 -2 0 14 0.42 0.0 0 4.8 26 290 M M M 3 36 290
4 82 66 74 -7 0 9 0.00 0.0 0 7.1 14 70 M M M 18 30
5 83 62 73 -8 0 8 0.00 0.0 0 6.5 15 70 M M 1 19 70
6 85 63 74 -7 0 9 0.00 0.0 0 5.7 14 60 M M 0 17 80
7 88 67 78 -3 0 13 0.00 0.0 0 3.8 9 80 M M 1 12 90
8 92 69 81 0 0 16 0.00 0.0 0 4.7 15 140 M M 0 18 150
9 95 73 84 3 0 19 0.00 0.0 0 6.4 17 220 M M 1 23 240
10 97 76 87 6 0 22 T 0.0 0 10.5 24 60 M M 0 29 50
11 92 73 83 2 0 18 1.03 0.0 0 5.9 21 300 M M 2 1 28 310
12 85 74 80 0 0 15 0.00 0.0 0 3.6 12 80 M M 5 1 15 60
13 87 73 80 0 0 15 0.11 0.0 0 4.6 15 50 M M 4 1 17 50
14 88 73 81 1 0 16 T 0.0 0 5.0 12 60 M M 3 1 13 50
15 93 70 82 2 0 17 0.00 0.0 0 2.6 10 90 M M 1 1 16 40
16 89 70 80 0 0 15 0.00 0.0 0 8.7 17 360 M M 1 24 360
17 91 64 78 -2 0 13 0.00 0.0 0 5.0 13 220 M M 0 16 170
18 90 70 80 0 0 15 0.00 0.0 0 7.6 17 20 M M 1 23 30
19 85 69 77 -3 0 12 0.00 0.0 0 11.7 24 60 M M 1 31 70
20 87 69 78 -2 0 13 0.00 0.0 0 9.1 15 70 M M 2 20 60
21 87 67 77 -3 0 12 0.00 0.0 0 6.4 18 160 M M 2 24 170
22 89 65 77 -2 0 12 0.00 0.0 0 3.0 10 80 M M 3 12 14 110
23 93 67 80 1 0 15 0.00 0.0 0 3.1 12 140 M M 2 17 220
24 94 67 81 2 0 16 0.00 0.0 0 2.9 12 100 M M 0 15 100
25 95 71 83 4 0 18 0.00 0.0 0 6.7 17 140 M M 1 22 130
26 90 74 82 3 0 17 0.01 0.0 0 5.8 23 230 M M 5 18 27 230
27 84 72 78 0 0 13 1.35 0.0 0 10.6 35 120 M M 3 1 46 100
28 84 72 78 0 0 13 0.79 0.0 0 12.2 29 150 M M 7 1 37 150
29 93 73 83 5 0 18 1.95 0.0 0 6.6 20 320 M M 3 123 24 320
30 82 70 76 -2 0 11 0.12 0.0 0 4.7144 360 M M 8 1 17 360
31 86 71 79 2 0 14 0.39 0.0 0 3.8 25 360 M M M 123 34 10
================================================================================
SM 2746 2152 0 441 6.19 0.0 189.2 M 57
================================================================================
AV 88.6 69.4 6.1 FASTST M M 2 MAX(MPH)
MISC ----> #144 360 #330 20
================================================================================
NOTES:
# LAST OF SEVERAL OCCURRENCES
COLUMN 17 PEAK WIND IN M.P.H.
PRELIMINARY LOCAL CLIMATOLOGICAL DATA (WS FORM: F-6) , PAGE 2
STATION: JONESBORO
MONTH: AUGUST
YEAR: 2020
LATITUDE: 35 49 N
LONGITUDE: 90 39 W
[TEMPERATURE DATA] [PRECIPITATION DATA] SYMBOLS USED IN COLUMN 16
AVERAGE MONTHLY: 79.0 TOTAL FOR MONTH: 6.19 1 = FOG OR MIST
DPTR FM NORMAL: -0.8 DPTR FM NORMAL: 3.65 2 = FOG REDUCING VISIBILITY
HIGHEST: 97 ON 10 GRTST 24HR 1.95 ON 29-29 TO 1/4 MILE OR LESS
LOWEST: 62 ON 5 3 = THUNDER
SNOW, ICE PELLETS, HAIL 4 = ICE PELLETS
TOTAL MONTH: 0.0 INCH 5 = HAIL
GRTST 24HR 0.0 6 = FREEZING RAIN OR DRIZZLE
GRTST DEPTH: 0 7 = DUSTSTORM OR SANDSTORM:
VSBY 1/2 MILE OR LESS
8 = SMOKE OR HAZE
[NO. OF DAYS WITH] [WEATHER - DAYS WITH] 9 = BLOWING SNOW
X = TORNADO
MAX 32 OR BELOW: 0 0.01 INCH OR MORE: 10
MAX 90 OR ABOVE: 12 0.10 INCH OR MORE: 8
MIN 32 OR BELOW: 0 0.50 INCH OR MORE: 4
MIN 0 OR BELOW: 0 1.00 INCH OR MORE: 3
[HDD (BASE 65) ]
TOTAL THIS MO. 0 CLEAR (SCALE 0-3) 19
DPTR FM NORMAL 0 PTCLDY (SCALE 4-7) 7
TOTAL FM JUL 1 0 CLOUDY (SCALE 8-10) 0
DPTR FM NORMAL 0
[CDD (BASE 65) ]
TOTAL THIS MO. 441
DPTR FM NORMAL -18 [PRESSURE DATA]
TOTAL FM JAN 1 1229 HIGHEST SLP M ON M
DPTR FM NORMAL -317 LOWEST SLP 29.59 ON 28
[REMARKS]
#FINAL-08-20#