000
CXUS54 KMEG 011000
CF6JBR
PRELIMINARY LOCAL CLIMATOLOGICAL DATA (WS FORM: F-6)
STATION: JONESBORO
MONTH: NOVEMBER
YEAR: 2023
LATITUDE: 35 49 N
LONGITUDE: 90 39 W
TEMPERATURE IN F: :PCPN: SNOW: WIND :SUNSHINE: SKY :PK WND
================================================================================
1 2 3 4 5 6A 6B 7 8 9 10 11 12 13 14 15 16 17 18
12Z AVG MX 2MIN
DY MAX MIN AVG DEP HDD CDD WTR SNW DPTH SPD SPD DIR MIN PSBL S-S WX SPD DR
================================================================================
1 54 29 42 -14 23 0 0.00 M M 5.9 9 70 M M 0 14 50
2 58 30 44 -11 21 0 0.00 M M 5.0 15 210 M M 0 19 220
3 65 33 49 -6 16 0 0.00 M M 6.2 22 190 M M 0 28 200
4 73 43 58 4 7 0 T M M 3.3 12 230 M M 0 15 240
5 72 50 61 7 4 0 0.00 M M 2.6 9 40 M M 2 18 12 60
6 79 50 65 11 0 0 0.00 M M 9.2 24 220 M M 0 32 220
7 80 60 70 17 0 5 0.00 M M 9.2 18 200 M M 0 25 180
8 77 62 70 17 0 5 0.00 M M 16.4 31 210 M M 4 45 210
9 71 47 59 7 6 0 0.21 M M 9.9 22 40 M M 7 29 50
10 63 46 55 3 10 0 0.07 M M 7.9 16 40 M M 2 21 60
11 61 43 52 0 13 0 0.00 M M 10.7 18 60 M M 0 23 50
12 66 41 54 3 11 0 0.00 M M 4.6 10 70 M M 0 16 40
13 69 40 55 4 10 0 0.00 M M 3.6 13 70 M M 0 16 60
14 64 44 54 4 11 0 0.00 M M 6.3 12 50 M M 0 16 50
15 70 41 56 6 9 0 0.00 M M 3.2 12 110 M M 4 15 110
16 71 54 63 13 2 0 T M M 6.6 15 180 M M 10 20 170
17 71 52 62 13 3 0 0.00 M M 6.9 13 360 M M 8 18 210
18 60 39 50 1 15 0 0.00 M M 4.7 14 70 M M 0 8 20 70
19 62 35 49 0 16 0 T M M 4.4 15 50 M M 2 8 19 50
20 55 48 52 4 13 0 1.16 M M 7.9 26 300 M M 10 13 42 310
21 55 43 49 1 16 0 0.01 M M 7.9 18 310 M M 10 1 25 310
22 51 36 44 -4 21 0 0.00 M M 3.7 12 270 M M 2 16 260
23 57 32 45 -2 20 0 0.00 M M 2.7 14 230 M M 0 1 19 230
24 54 37 46 -1 19 0 0.00 M M 9.0 18 50 M M 0 23 60
25 50 34 42 -5 23 0 0.00 M M 7.1 14 60 M M 0 18 30
26 50 35 43 -3 22 0 0.11 M M 8.0 23 300 M M 6 1 36 270
27 48 29 39 -7 26 0 0.00 M M 5.5 14 260 M M 0 18 260
28 46 30 38 -8 27 0 0.00 M M 3.9 10 310 M M 0 16 310
29 60 32 46 1 19 0 0.00 M M 8.2 21 210 M M 0 26 210
30 55 34 45 0 20 0 1.14 M M 7.0 20 200 M M 6 1 26 200
================================================================================
SM 1867 1229 403 10 2.70 M 197.5 M 73
================================================================================
AV 62.2 41.0 6.6 FASTST M M 2 MAX(MPH)
MISC ----> 31 210 45 210
================================================================================
NOTES:
# LAST OF SEVERAL OCCURRENCES
COLUMN 17 PEAK WIND IN M.P.H.
PRELIMINARY LOCAL CLIMATOLOGICAL DATA (WS FORM: F-6) , PAGE 2
STATION: JONESBORO
MONTH: NOVEMBER
YEAR: 2023
LATITUDE: 35 49 N
LONGITUDE: 90 39 W
[TEMPERATURE DATA] [PRECIPITATION DATA] SYMBOLS USED IN COLUMN 16
AVERAGE MONTHLY: 51.6 TOTAL FOR MONTH: 2.70 1 = FOG OR MIST
DPTR FM NORMAL: 1.6 DPTR FM NORMAL: -1.70 2 = FOG REDUCING VISIBILITY
HIGHEST: 80 ON 7 GRTST 24HR 1.16 ON 19-20 TO 1/4 MILE OR LESS
LOWEST: 29 ON 27, 1 3 = THUNDER
SNOW, ICE PELLETS, HAIL 4 = ICE PELLETS
TOTAL MONTH: M 5 = HAIL
GRTST 24HR M ON M 6 = FREEZING RAIN OR DRIZZLE
GRTST DEPTH: M ON M 7 = DUSTSTORM OR SANDSTORM:
VSBY 1/2 MILE OR LESS
8 = SMOKE OR HAZE
[NO. OF DAYS WITH] [WEATHER - DAYS WITH] 9 = BLOWING SNOW
X = TORNADO
MAX 32 OR BELOW: 0 0.01 INCH OR MORE: 6
MAX 90 OR ABOVE: 0 0.10 INCH OR MORE: 4
MIN 32 OR BELOW: 6 0.50 INCH OR MORE: 2
MIN 0 OR BELOW: 0 1.00 INCH OR MORE: 2
[HDD (BASE 65) ]
TOTAL THIS MO. 403 CLEAR (SCALE 0-3) 21
DPTR FM NORMAL -51 PTCLDY (SCALE 4-7) 6
TOTAL FM JUL 1 517 CLOUDY (SCALE 8-10) 3
DPTR FM NORMAL -107
[CDD (BASE 65) ]
TOTAL THIS MO. 10
DPTR FM NORMAL 5 [PRESSURE DATA]
TOTAL FM JAN 1 2125 HIGHEST SLP 30.54 ON 1
DPTR FM NORMAL 131 LOWEST SLP 29.76 ON 8
[REMARKS]
#FINAL-11-23#