000
CXUS54 KSJT 011100
CF6JCT
PRELIMINARY LOCAL CLIMATOLOGICAL DATA (WS FORM: F-6)
STATION: JUNCTION
MONTH: DECEMBER
YEAR: 2023
LATITUDE: 30 18 N
LONGITUDE: 99 28 W
TEMPERATURE IN F: :PCPN: SNOW: WIND :SUNSHINE: SKY :PK WND
================================================================================
1 2 3 4 5 6A 6B 7 8 9 10 11 12 13 14 15 16 17 18
12Z AVG MX 2MIN
DY MAX MIN AVG DEP HDD CDD WTR SNW DPTH SPD SPD DIR MIN PSBL S-S WX SPD DR
================================================================================
1 72 42 57 5 8 0 0.00 0.0 0 2.8 8 50 M M 0 10 130
2 73 37 55 4 10 0 0.00 0.0 0 4.6 17 260 M M 2 1 27 250
3 74 31 53 2 12 0 0.00 0.0 0 5.1 18 240 M M 0 18 31 240
4 72 35 54 3 11 0 0.00 0.0 0 2.6 12 20 M M 0 20 320
5 75 32 54 4 11 0 0.00 0.0 0 1.9 8 300 M M 0 10 290
6 70 36 53 3 12 0 0.00 0.0 0 3.4 13 180 M M 0 8 18 170
7 71 42 57 7 8 0 0.00 0.0 0 6.2 21 190 M M 5 34 200
8 80 55 68 18 0 3 0.00 0.0 0 6.3 15 200 M M 4 1 21 220
9 67 45 56 6 9 0 0.00 0.0 0 8.1 18 20 M M 3 12 26 10
10 59 29 44 -5 21 0 0.00 0.0 0 3.9 13 330 M M 0 19 330
11 67 25 46 -3 19 0 0.00 0.0 0 4.7 13 200 M M 0 8 19 190
12 63 30 47 -2 18 0 0.00 0.0 0 8.0 20 140 M M 7 27 150
13 57 48 53 4 12 0 0.05 0.0 0 9.3 16 100 M M 10 1 26 110
14 57 46 52 3 13 0 0.01 0.0 0 7.6 15 140 M M 10 1 21 120
15 62 40 51 3 14 0 0.01 0.0 0 4.0 13 330 M M 7 1 15 340
16 65 32 49 1 16 0 0.00 0.0 0 3.4 15 320 M M 0 1 20 310
17 71 29 50 2 15 0 0.00 0.0 0 4.2 15 240 M M 0 24 230
18 67 30 49 1 16 0 0.00 0.0 0 4.1 14 70 M M 0 18 21 80
19 68 34 51 3 14 0 0.00 0.0 0 5.1 20 170 M M 0 26 170
20 67 40 54 6 11 0 0.00 0.0 0 4.8 20 180 M M 5 1 31 170
21 66 51 59 11 6 0 0.04 0.0 0 3.7 14 210 M M 9 1 20 180
22 75 53 64 17 1 0 0.00 0.0 0 2.7 12 210 M M 6 1 16 220
23 66 57 62 15 3 0 0.09 0.0 0 7.5 21 170 M M 9 18 27 170
24 68 47 58 11 7 0 0.87 0.0 0 7.9 21 280 M M 4 13 33 290
25 53 32 43 -4 22 0 0.00 0.0 0 4.5 13 10 M M 0 20 350
26 61 28 45 -2 20 0 0.00 0.0 0 4.8 20 220 M M 0 1 28 220
27 60 27 44 -3 21 0 0.00 0.0 0 5.2 17 310 M M 0 22 310
28 61 28 45 -2 20 0 0.00 0.0 0 3.5 10 320 M M 0 1 14 290
29 60 26 43 -4 22 0 0.00 0.0 0 4.8 15 300 M M 0 1 23 310
30 M 26 M M M M 0.00 0.0 0 M M M M M 0 1 M M
31 M M M M M M M M M M M M M M M M M
================================================================================
SM 1927 1113 372 3 1.07 0.0 144.7 M 81
================================================================================
AV 66.4 37.1 5.0 FASTST M M 3 MAX(MPH)
MISC ----> # 21 190 34 200
================================================================================
NOTES:
# LAST OF SEVERAL OCCURRENCES
COLUMN 17 PEAK WIND IN M.P.H.
PRELIMINARY LOCAL CLIMATOLOGICAL DATA (WS FORM: F-6) , PAGE 2
STATION: JUNCTION
MONTH: DECEMBER
YEAR: 2023
LATITUDE: 30 18 N
LONGITUDE: 99 28 W
[TEMPERATURE DATA] [PRECIPITATION DATA] SYMBOLS USED IN COLUMN 16
AVERAGE MONTHLY: 51.8 TOTAL FOR MONTH: 1.07 1 = FOG OR MIST
DPTR FM NORMAL: 3.2 DPTR FM NORMAL: 0.04 2 = FOG REDUCING VISIBILITY
HIGHEST: 80 ON 8 GRTST 24HR 0.96 ON 23-24 TO 1/4 MILE OR LESS
LOWEST: 25 ON 11 3 = THUNDER
SNOW, ICE PELLETS, HAIL 4 = ICE PELLETS
TOTAL MONTH: 0.0 INCH 5 = HAIL
GRTST 24HR 0.0 6 = FREEZING RAIN OR DRIZZLE
GRTST DEPTH: 0 7 = DUSTSTORM OR SANDSTORM:
VSBY 1/2 MILE OR LESS
8 = SMOKE OR HAZE
[NO. OF DAYS WITH] [WEATHER - DAYS WITH] 9 = BLOWING SNOW
X = TORNADO
MAX 32 OR BELOW: 0 0.01 INCH OR MORE: 6
MAX 90 OR ABOVE: 0 0.10 INCH OR MORE: 1
MIN 32 OR BELOW: 14 0.50 INCH OR MORE: 1
MIN 0 OR BELOW: 0 1.00 INCH OR MORE: 0
[HDD (BASE 65) ]
TOTAL THIS MO. 372 CLEAR (SCALE 0-3) 18
DPTR FM NORMAL -138 PTCLDY (SCALE 4-7) 8
TOTAL FM JUL 1 705 CLOUDY (SCALE 8-10) 5
DPTR FM NORMAL -163
[CDD (BASE 65) ]
TOTAL THIS MO. 3
DPTR FM NORMAL 1 [PRESSURE DATA]
TOTAL FM JAN 1 3396 HIGHEST SLP M ON M
DPTR FM NORMAL 776 LOWEST SLP 29.67 ON 8
[REMARKS]
#FINAL-12-23#