000
CXUS55 KGGW 010810
CF6JDN
PRELIMINARY LOCAL CLIMATOLOGICAL DATA (WS FORM: F-6)
STATION: JORDAN ASOS MT
MONTH: OCTOBER
YEAR: 2022
LATITUDE: 47 19 N
LONGITUDE: 106 50 W
TEMPERATURE IN F: :PCPN: SNOW: WIND :SUNSHINE: SKY :PK WND
================================================================================
1 2 3 4 5 6A 6B 7 8 9 10 11 12 13 14 15 16 17 18
12Z AVG MX 2MIN
DY MAX MIN AVG DEP HDD CDD WTR SNW DPTH SPD SPD DIR MIN PSBL S-S WX SPD DR
================================================================================
1 57 51 54 2 11 0 0.31 M M 10.8 21 70 M M 0 27 70
2 60 53 57 6 8 0 0.00 M M 3.2 9 90 M M 0 14 80
3 63 51 57 6 8 0 0.36 M M 3.6 10 330 M M 0 18 290
4 71 44 58 8 7 0 0.00 M M 1.9 8 250 M M 0 11 270
5 73 44 59 9 6 0 0.00 M M 7.8 18 80 M M 0 30 70
6 53 40 47 -2 18 0 0.16 M M 8.0 18 70 M M 0 25 90
7 64 33 49 0 16 0 0.00 M M 3.0 9 310 M M 0 14 280
8 71 35 53 5 12 0 0.00 M M 4.0 9 330 M M 0 12 320
9 71 35 53 5 12 0 0.00 M M 3.8 8 290 M M 0 12 200
10 75 35 55 7 10 0 0.00 M M 5.3 16 190 M M 0 22 210
11 61 41 51 4 14 0 0.00 M M 15.3 32 310 M M 0 44 340
12 60 45 53 7 12 0 0.00 M M 19.5 38 300 M M 0 59 290
13 63 36 50 4 15 0 0.00 M M 13.9 29 320 M M 0 38 330
14 67 40 54 8 11 0 0.00 M M 12.0 33 310 M M 0 49 310
15 59 39 49 4 16 0 0.00 M M 13.2 21 330 M M 0 28 320
16 57 31 44 0 21 0 0.00 M M 3.9 10 90 M M 0 M M
17 73 29 51 7 14 0 0.00 M M 3.1 8 180 M M 0 M M
18 77 31 54 10 11 0 0.00 M 0 3.2 9 200 M M 0 M M
19 76 34 55 12 10 0 0.00 M M 5.2 9 290 M M 0 M M
20 79 32 56 14 9 0 0.00 M M 12.4 24 270 M M 0 45 280
21 60 41 51 9 14 0 0.13 M M 3.6 13 310 M M 0 M M
22 47 41 44 2 21 0 0.21 M M 9.6 18 90 M M 0 31 90
23 44 31 38 -3 27 0 0.58 M M 14.9 24 320 M M 0 39 320
24 48 31 40 -1 25 0 0.01 M 2 15.3 30 330 M M 0 47 330
25 53 30 42 2 23 0 0.00 M M 9.0 20 280 M M 0 36 270
26 52 26 39 -1 26 0 0.00 M M 3.6 12 150 M M 0 M M
27 52 28 40 1 25 0 0.00 M M 7.9 18 240 M M 0 25 240
28 61 33 47 8 18 0 0.00 M M 8.0 17 240 M M 0 37 230
29 61 29 45 7 20 0 0.00 M M 6.6 15 270 M M 0 20 270
30 61 27 44 6 21 0 0.00 M M 5.8 13 240 M M 0 M M
31 67 31 49 12 16 0 0.00 M M 5.6 14 240 M M 0 23 240
================================================================================
SM 1936 1127 477 0 1.76 M 243.0 M 0
================================================================================
AV 62.5 36.4 7.8 FASTST M M 0 MAX(MPH)
MISC ----> 38 300 59 290
================================================================================
NOTES:
# LAST OF SEVERAL OCCURRENCES
COLUMN 17 PEAK WIND IN M.P.H.
PRELIMINARY LOCAL CLIMATOLOGICAL DATA (WS FORM: F-6) , PAGE 2
STATION: JORDAN ASOS MT
MONTH: OCTOBER
YEAR: 2022
LATITUDE: 47 19 N
LONGITUDE: 106 50 W
[TEMPERATURE DATA] [PRECIPITATION DATA] SYMBOLS USED IN COLUMN 16
AVERAGE MONTHLY: 49.4 TOTAL FOR MONTH: 1.76 1 = FOG OR MIST
DPTR FM NORMAL: 4.9 DPTR FM NORMAL: 0.72 2 = FOG REDUCING VISIBILITY
HIGHEST: 79 ON 20 GRTST 24HR 0.58 ON 23-23 TO 1/4 MILE OR LESS
LOWEST: 26 ON 26 3 = THUNDER
SNOW, ICE PELLETS, HAIL 4 = ICE PELLETS
TOTAL MONTH: M 5 = HAIL
GRTST 24HR M ON M 6 = FREEZING RAIN OR DRIZZLE
GRTST DEPTH: 2 ON 24 7 = DUSTSTORM OR SANDSTORM:
VSBY 1/2 MILE OR LESS
8 = SMOKE OR HAZE
[NO. OF DAYS WITH] [WEATHER - DAYS WITH] 9 = BLOWING SNOW
X = TORNADO
MAX 32 OR BELOW: 0 0.01 INCH OR MORE: 7
MAX 90 OR ABOVE: 0 0.10 INCH OR MORE: 6
MIN 32 OR BELOW: 12 0.50 INCH OR MORE: 1
MIN 0 OR BELOW: 0 1.00 INCH OR MORE: 0
[HDD (BASE 65) ]
TOTAL THIS MO. 477 CLEAR (SCALE 0-3) 31
DPTR FM NORMAL -160 PTCLDY (SCALE 4-7) 0
TOTAL FM JUL 1 580 CLOUDY (SCALE 8-10) 0
DPTR FM NORMAL -341
[CDD (BASE 65) ]
TOTAL THIS MO. 0
DPTR FM NORMAL -2 [PRESSURE DATA]
TOTAL FM JAN 1 887 HIGHEST SLP M ON M
DPTR FM NORMAL 396 LOWEST SLP 29.51 ON 11
[REMARKS]
#FINAL-10-22#