000
CXUS53 KLSX 011400
CF6JEF
PRELIMINARY LOCAL CLIMATOLOGICAL DATA (WS FORM: F-6)
STATION: JEFFERSON CITY
MONTH: SEPTEMBER
YEAR: 2021
LATITUDE: 38 35 N
LONGITUDE: 92 10 W
TEMPERATURE IN F: :PCPN: SNOW: WIND :SUNSHINE: SKY :PK WND
================================================================================
1 2 3 4 5 6A 6B 7 8 9 10 11 12 13 14 15 16 17 18
12Z AVG MX 2MIN
DY MAX MIN AVG DEP HDD CDD WTR SNW DPTH SPD SPD DIR MIN PSBL S-S WX SPD DR
================================================================================
1 85 68 77 3 0 12 0.00 0.0 0 6.2 13 100 M M 4 19 130
2 85 63 74 1 0 9 0.00 0.0 0 6.4 13 110 M M 0 19 110
3 87 66 77 4 0 12 T 0.0 0 5.9 13 220 M M 4 20 220
4 78 68 73 0 0 8 1.09 0.0 0 3.5 12 180 M M 8 13 16 180
5 83 63 73 1 0 8 0.00 0.0 0 2.2 9 290 M M 2 14 290
6 88 60 74 2 0 9 0.00 0.0 0 2.9 10 180 M M 0 1 16 220
7 92 66 79 7 0 14 0.00 0.0 0 7.1 17 240 M M 1 25 240
8 83 58 71 -1 0 6 0.00 0.0 0 5.3 20 310 M M 1 33 310
9 83 55 69 -2 0 4 0.00 0.0 0 2.6 9 290 M M 0 8 15 280
10 90 60 75 4 0 10 0.00 0.0 0 5.3 13 250 M M 2 19 230
11 91 69 80 10 0 15 0.00 0.0 0 6.4 18 230 M M 0 27 240
12 90 70 80 10 0 15 0.00 0.0 0 6.1 14 220 M M 0 21 200
13 91 61 76 6 0 11 0.00 0.0 0 6.5 17 170 M M 0 26 180
14 90 73 82 13 0 17 0.14 0.0 0 6.1 21 220 M M 3 13 30 210
15 84 62 73 4 0 8 0.00 0.0 0 4.2 12 110 M M 2 18 100
16 89 56 73 4 0 8 0.00 0.0 0 4.2 12 110 M M 1 12 17 110
17 90 60 75 7 0 10 0.00 0.0 0 2.4 13 100 M M 0 16 110
18 90 61 76 8 0 11 0.00 0.0 0 2.9 13 50 M M 0 18 20 70
19 89 64 77 9 0 12 0.00 0.0 0 4.9 13 130 M M 2 18 19 90
20 92 69 81 14 0 16 0.92 0.0 0 7.5 22 310 M M 1 138 34 310
21 73 56 65 -2 0 0 0.61 0.0 0 6.5 17 330 M M 6 13 27 320
22 74 51 63 -3 2 0 0.00 0.0 0 5.3 14 340 M M 1 22 300
23 75 48 62 -4 3 0 0.00 0.0 0 2.7 12 300 M M 1 12 17 330
24 82 50 66 0 0 1 T 0.0 0 6.9 18 190 M M 1 27 210
25 77 52 65 0 0 0 T 0.0 0 2.7 12 300 M M 3 128 19 340
26 90 50 70 5 0 5 0.00 0.0 0 6.7 17 230 M M 0 28 230
27 91 62 77 12 0 12 0.00 0.0 0 5.7 17 250 M M 0 8 24 230
28 91 60 76 12 0 11 0.00 0.0 0 1.5 9 90 M M 0 11 100
29 88 60 74 10 0 9 T 0.0 0 3.3 14 190 M M 1 138 22 170
30 87 66 77 13 0 12 0.00 0.0 0 5.0 22 100 M M 3 138 32 100
================================================================================
SM 2578 1827 5 265 2.76 0.0 144.9 M 47
================================================================================
AV 85.9 60.9 4.8 FASTST M M 2 MAX(MPH)
MISC ----> # 22 310 34 310
================================================================================
NOTES:
# LAST OF SEVERAL OCCURRENCES
COLUMN 17 PEAK WIND IN M.P.H.
PRELIMINARY LOCAL CLIMATOLOGICAL DATA (WS FORM: F-6) , PAGE 2
STATION: JEFFERSON CITY
MONTH: SEPTEMBER
YEAR: 2021
LATITUDE: 38 35 N
LONGITUDE: 92 10 W
[TEMPERATURE DATA] [PRECIPITATION DATA] SYMBOLS USED IN COLUMN 16
AVERAGE MONTHLY: 73.4 TOTAL FOR MONTH: 2.76 1 = FOG OR MIST
DPTR FM NORMAL: 4.6 DPTR FM NORMAL: -0.97 2 = FOG REDUCING VISIBILITY
HIGHEST: 92 ON 20, 7 GRTST 24HR 1.53 ON 20-21 TO 1/4 MILE OR LESS
LOWEST: 48 ON 23 3 = THUNDER
SNOW, ICE PELLETS, HAIL 4 = ICE PELLETS
TOTAL MONTH: 0.0 INCH 5 = HAIL
GRTST 24HR 0.0 6 = FREEZING RAIN OR DRIZZLE
GRTST DEPTH: 0 7 = DUSTSTORM OR SANDSTORM:
VSBY 1/2 MILE OR LESS
8 = SMOKE OR HAZE
[NO. OF DAYS WITH] [WEATHER - DAYS WITH] 9 = BLOWING SNOW
X = TORNADO
MAX 32 OR BELOW: 0 0.01 INCH OR MORE: 4
MAX 90 OR ABOVE: 12 0.10 INCH OR MORE: 4
MIN 32 OR BELOW: 0 0.50 INCH OR MORE: 3
MIN 0 OR BELOW: 0 1.00 INCH OR MORE: 1
[HDD (BASE 65) ]
TOTAL THIS MO. 5 CLEAR (SCALE 0-3) 25
DPTR FM NORMAL -40 PTCLDY (SCALE 4-7) 5
TOTAL FM JUL 1 5 CLOUDY (SCALE 8-10) 0
DPTR FM NORMAL -39
[CDD (BASE 65) ]
TOTAL THIS MO. 265
DPTR FM NORMAL 106 [PRESSURE DATA]
TOTAL FM JAN 1 1678 HIGHEST SLP 30.23 ON 22
DPTR FM NORMAL 260 LOWEST SLP 29.72 ON 20
[REMARKS]
#FINAL-09-21#