000
CXUS55 KBOI 011002
CF6JER
PRELIMINARY LOCAL CLIMATOLOGICAL DATA (WS FORM: F-6)
STATION: JEROME ID
MONTH: NOVEMBER
YEAR: 2022
LATITUDE: 42 43 N
LONGITUDE: 114 27 W
TEMPERATURE IN F: :PCPN: SNOW: WIND :SUNSHINE: SKY :PK WND
================================================================================
1 2 3 4 5 6A 6B 7 8 9 10 11 12 13 14 15 16 17 18
12Z AVG MX 2MIN
DY MAX MIN AVG DEP HDD CDD WTR SNW DPTH SPD SPD DIR MIN PSBL S-S WX SPD DR
================================================================================
1 61 42 52 8 13 0 T M M 12.5 32 260 M M 5 8 45 280
2 42 29 36 -8 29 0 0.05 M M 8.1 30 270 M M 4 1 38 270
3 39 24 32 -12 33 0 0.00 M M 8.6 21 260 M M 4 1 29 260
4 44 27 36 -7 29 0 0.11 M M 7.9 17 250 M M 7 1 23 260
5 47 33 40 -3 25 0 0.17 M M 15.2 31 290 M M 7 1 44 250
6 50 27 39 -3 26 0 T M M 11.4 21 110 M M 4 26 110
7 48 31 40 -2 25 0 0.09 M M 9.4 32 280 M M 8 1 41 280
8 39 30 35 -7 30 0 0.02 M M 17.8 35 80 M M 6 1 47 70
9 39 26 33 -8 32 0 0.17 M M 16.5 29 260 M M 9 1 39 260
10 34 22 28 -13 37 0 0.00 M M 17.6 28 260 M M 0 38 270
11 34 17 26 -14 39 0 0.00 M M 11.9 30 60 M M 0 38 60
12 35 21 28 -12 37 0 0.00 M M 16.9 31 70 M M 2 43 80
13 30 21 26 -13 39 0 0.00 M M 4.8 16 280 M M 3 22 290
14 35 23 29 -10 36 0 0.00 M M 3.7 10 60 M M 5 13 60
15 33 16 25 -14 40 0 0.00 M M 3.7 10 260 M M 1 1 13 250
16 33 20 27 -11 38 0 0.00 M M 7.7 15 70 M M 1 1 18 70
17 32 16 24 -14 41 0 0.00 M M 13.9 22 80 M M 2 1 30 80
18 31 14 23 -14 42 0 0.00 M M 6.3 17 110 M M 4 22 120
19 37 13 25 -12 40 0 0.00 M M 10.6 16 80 M M 0 22 70
20 40 14 27 -9 38 0 0.00 M M 14.8 21 80 M M 0 27 70
21 39 15 27 -9 38 0 0.00 M M 8.1 17 110 M M 0 22 80
22 43 19 31 -5 34 0 T M M 8.2 16 100 M M 2 20 110
23 43 26 35 0 30 0 0.00 M M 15.1 31 270 M M 1 40 270
24 43 21 32 -3 33 0 0.00 M M 5.3 15 100 M M 0 20 90
25 49 24 37 3 28 0 0.00 M M 15.7 25 70 M M 0 34 80
26 40 28 34 0 31 0 0.01 M M 12.0 30 260 M M 4 126 37 260
27 43 25 34 0 31 0 0.00 M M 6.4 15 270 M M 6 18 270
28 34 23 29 -4 36 0 0.06 M M 12.2 24 280 M M 9 12 30 270
29 27 14 21 -12 44 0 T M M 10.5 24 260 M M 4 32 260
30 36 23 30 -3 35 0 T M M 18.4 24 60 M M 10 1 31 50
================================================================================
SM 1180 684 1009 0 0.68 M 331.2 M 108
================================================================================
AV 39.3 22.8 11.0 FASTST M M 4 MAX(MPH)
MISC ----> 35 80 47 70
================================================================================
NOTES:
# LAST OF SEVERAL OCCURRENCES
COLUMN 17 PEAK WIND IN M.P.H.
PRELIMINARY LOCAL CLIMATOLOGICAL DATA (WS FORM: F-6) , PAGE 2
STATION: JEROME ID
MONTH: NOVEMBER
YEAR: 2022
LATITUDE: 42 43 N
LONGITUDE: 114 27 W
[TEMPERATURE DATA] [PRECIPITATION DATA] SYMBOLS USED IN COLUMN 16
AVERAGE MONTHLY: 31.1 TOTAL FOR MONTH: 0.68 1 = FOG OR MIST
DPTR FM NORMAL: -7.3 DPTR FM NORMAL: -0.28 2 = FOG REDUCING VISIBILITY
HIGHEST: 61 ON 1 GRTST 24HR 0.27 ON 4- 5 TO 1/4 MILE OR LESS
LOWEST: 13 ON 19 3 = THUNDER
SNOW, ICE PELLETS, HAIL 4 = ICE PELLETS
TOTAL MONTH: M 5 = HAIL
GRTST 24HR M ON M 6 = FREEZING RAIN OR DRIZZLE
GRTST DEPTH: M ON M 7 = DUSTSTORM OR SANDSTORM:
VSBY 1/2 MILE OR LESS
8 = SMOKE OR HAZE
[NO. OF DAYS WITH] [WEATHER - DAYS WITH] 9 = BLOWING SNOW
X = TORNADO
MAX 32 OR BELOW: 4 0.01 INCH OR MORE: 8
MAX 90 OR ABOVE: 0 0.10 INCH OR MORE: 3
MIN 32 OR BELOW: 28 0.50 INCH OR MORE: 0
MIN 0 OR BELOW: 0 1.00 INCH OR MORE: 0
[HDD (BASE 65) ]
TOTAL THIS MO. 1009 CLEAR (SCALE 0-3) 13
DPTR FM NORMAL 211 PTCLDY (SCALE 4-7) 14
TOTAL FM JUL 1 1420 CLOUDY (SCALE 8-10) 3
DPTR FM NORMAL 33
[CDD (BASE 65) ]
TOTAL THIS MO. 0
DPTR FM NORMAL 0 [PRESSURE DATA]
TOTAL FM JAN 1 1013 HIGHEST SLP 30.76 ON 16
DPTR FM NORMAL 298 LOWEST SLP 29.38 ON 1
[REMARKS]
#FINAL-11-22#