000
CXUS51 KOKX 020025 RRA
CLMJFK
NYCCLMJFK 000
TTAA00 OKX 020023
CLIMATE REPORT
NATIONAL WEATHER SERVICE NEW YORK, NY
823 PM EDT MON MAY 01 2023
...................................
...THE KENNEDY NY CLIMATE SUMMARY FOR THE MONTH OF APRIL 2023...
CLIMATE NORMAL PERIOD 1991 TO 2020
CLIMATE RECORD PERIOD 1948 TO 2023
WEATHER OBSERVED NORMAL DEPART LAST YEAR`S
VALUE DATE(S) VALUE FROM VALUE DATE(S)
NORMAL
................................................................
TEMPERATURE (F)
RECORD
HIGH 90 04/17/2002
04/12/1977
LOW 20 04/07/1982
04/06/1982
HIGHEST 85 04/13 MM MM 72 04/12
LOWEST 33 04/03 MM MM 37 04/18
AVG. MAXIMUM 62.5 58.8 3.7 58.5
AVG. MINIMUM 46.3 42.9 3.4 43.4
MEAN 54.4 50.9 3.5 50.9
DAYS MAX >= 90 0 0.0 0.0 0
DAYS MAX <= 32 0 0.0 0.0 0
DAYS MIN <= 32 0 1.2 -1.2 0
DAYS MIN <= 0 0 0.0 0.0 0
PRECIPITATION (INCHES)
RECORD
MAXIMUM 9.51 1983
MINIMUM 1.12 1963
TOTALS 6.03 3.55 2.48 3.10
DAILY AVG. 0.20 0.12 0.08 0.10
DAYS >= .01 9 11.4 -2.4 14
DAYS >= .10 6 6.4 -0.4 5
DAYS >= .50 4 2.4 1.6 3
DAYS >= 1.00 4 0.9 3.1 0
GREATEST
24 HR. TOTAL 2.28 04/22 TO 04/23 1.55 04/18 TO 04/19
STORM TOTAL 1.75 0.96
(MM/DD(HH)) MM
SNOWFALL (INCHES)
RECORDS
TOTAL 8.2 1982
24 HR TOTAL 8.0 MM
TOTALS 0.0 0.6 -0.6 0.0
LIQUID EQUIV 0.00 0.00 0.00 0.00
SINCE 7/1 2.1 25.9 -23.8
LIQUID 7/1 0.21 2.50 MM
DAYS >= TRACE 0 0.0 0.0 0
DAYS >= 1.0 0 0.0 0.0 0
GREATEST
SNOW DEPTH 0 0 MM
24 HR TOTAL MM MM
STORM TOTAL 0.0 0.0
(MM/DD(HH)) MM
DEGREE DAYS
HEATING TOTAL 325 427 -102 411
SINCE 7/1 3997 4679 -682 MM
COOLING TOTAL 13 2 11 0
SINCE 1/1 13 2 11 MM
................................................................
WIND (MPH)
AVERAGE WIND SPEED 11.7
HIGHEST WIND SPEED/DIRECTION 39/310 DATE 04/02
HIGHEST GUST SPEED/DIRECTION 49/290 DATE 04/02
SKY COVER
POSSIBLE SUNSHINE (PERCENT) MM
AVERAGE SKY COVER 0.65
NUMBER OF DAYS FAIR 5
NUMBER OF DAYS PC 11
NUMBER OF DAYS CLOUDY 14
AVERAGE RH (PERCENT) 69
WEATHER CONDITIONS. NUMBER OF DAYS WITH
THUNDERSTORM 3 MIXED PRECIP 0
HEAVY RAIN 5 RAIN 7
LIGHT RAIN 12 FREEZING RAIN 0
LT FREEZING RAIN 0 HAIL 0
HEAVY SNOW 0 SNOW 0
LIGHT SNOW 0 SLEET 0
FOG 10 FOG W/VIS <= 1/4 MILE 5
HAZE 4
- INDICATES NEGATIVE NUMBERS.
R INDICATES RECORD WAS SET OR TIED.
MM INDICATES DATA IS MISSING.
T INDICATES TRACE AMOUNT.
$$