000
CXUS55 KJKL 011000
CF6JKL
PRELIMINARY LOCAL CLIMATOLOGICAL DATA (WS FORM: F-6)
STATION: JACKSON KY
MONTH: OCTOBER
YEAR: 2020
LATITUDE: 37 35 N
LONGITUDE: 83 19 W
TEMPERATURE IN F: :PCPN: SNOW: WIND :SUNSHINE: SKY :PK WND
================================================================================
1 2 3 4 5 6A 6B 7 8 9 10 11 12 13 14 15 16 17 18
12Z AVG MX 2MIN
DY MAX MIN AVG DEP HDD CDD WTR SNW DPTH SPD SPD DIR MIN PSBL S-S WX SPD DR
================================================================================
1 70 51 61 -1 4 0 T 0.0 0 3.0 10 300 M M 6 18 320
2 64 42 53 -9 12 0 0.00 0.0 0 2.5 8 300 M M 2 12 320
3 67 41 54 -8 11 0 0.00 0.0 0 0.8 7 160 M M 1 11 170
4 70 50 60 -2 5 0 0.00 0.0 0 3.5 15 330 M M 7 24 310
5 64 44 54 -7 11 0 0.00 0.0 0 1.4 8 140 M M 1 12 12 120
6 75 46 61 0 4 0 0.00 0.0 0 1.3 8 240 M M 0 23 280
7 79 53 66 5 0 1 0.00 0.0 0 2.5 8 240 M M 0 21 270
8 76 57 67 7 0 2 0.00 0.0 0 1.1 6 130 M M 0 11 70
9 76 54 65 5 0 0 T 0.0 0 1.7 5 190 M M 2 9 150
10 66 61 64 4 1 0 0.50 0.0 0 1.4 7 170 M M 9 12 13 160
11 66 63 65 6 0 0 0.89 0.0 0 0.5 6 120 M M 9 12 13 50
12 75 61 68 9 0 3 0.09 0.0 0 0.7 15 310 M M 8 13 26 310
13 67 50 59 0 6 0 T 0.0 0 1.8 13 330 M M 2 1 24 310
14 75 47 61 3 4 0 0.00 0.0 0 1.7 7 200 M M 0 16 200
15 78 52 65 7 0 0 0.06 0.0 0 4.2 13 300 M M 5 1 24 260
16 59 41 50 -8 15 0 0.12 0.0 0 3.5 9 290 M M 3 1 16 350
17 62 34 48 -10 17 0 0.00 0.0 0 1.6 7 170 M M 0 11 180
18 62 45 54 -3 11 0 T 0.0 0 2.1 7 140 M M 6 11 160
19 74 56 65 8 0 0 0.01 0.0 0 2.2 9 180 M M 7 16 170
20 77 59 68 11 0 3 0.00 0.0 0 1.7 8 170 M M 5 18 160
21 80 57 69 12 0 4 0.00 0.0 0 1.6 8 170 M M 0 1 15 160
22 82 59 71 15 0 6 0.00 0.0 0 1.7 6 160 M M 1 10 210
23 82 62 72 16 0 7 0.10 0.0 0 2.5 10 270 M M 3 13 19 270
24 65 48 57 1 8 0 0.04 0.0 0 1.5 13 330 M M 9 1 22 320
25 57 48 53 -3 12 0 0.03 0.0 0 0.3 5 150 M M 10 12 9 80
26 59 52 56 1 9 0 T 0.0 0 1.6 8 310 M M 10 12 12 340
27 66 50 58 3 7 0 0.00 0.0 0 1.2 10 300 M M 7 12 16 300
28 64 56 60 5 5 0 0.60 0.0 0 0.6 6 310 M M 9 1 10 50
29 66 48 57 3 8 0 0.75 0.0 0 2.5 12 320 M M 9 12 20 330
30 50 39 45 -9 20 0 T 0.0 0 3.5 14 330 M M 8 1 24 300
31 61 37 49 -5 16 0 0.00 0.0 0 1.9 7 160 M M 0 12 160
================================================================================
SM 2134 1563 186 26 3.19 0.0 58.1 M 139
================================================================================
AV 68.8 50.4 1.9 FASTST M M 4 MAX(MPH)
MISC ----> # 15 330 # 26 310
================================================================================
NOTES:
# LAST OF SEVERAL OCCURRENCES
COLUMN 17 PEAK WIND IN M.P.H.
PRELIMINARY LOCAL CLIMATOLOGICAL DATA (WS FORM: F-6) , PAGE 2
STATION: JACKSON KY
MONTH: OCTOBER
YEAR: 2020
LATITUDE: 37 35 N
LONGITUDE: 83 19 W
[TEMPERATURE DATA] [PRECIPITATION DATA] SYMBOLS USED IN COLUMN 16
AVERAGE MONTHLY: 59.6 TOTAL FOR MONTH: 3.19 1 = FOG OR MIST
DPTR FM NORMAL: 1.5 DPTR FM NORMAL: 0.00 2 = FOG REDUCING VISIBILITY
HIGHEST: 82 ON 23,22 GRTST 24HR 0.89 ON 11-11 TO 1/4 MILE OR LESS
LOWEST: 34 ON 17 3 = THUNDER
SNOW, ICE PELLETS, HAIL 4 = ICE PELLETS
TOTAL MONTH: 0.0 INCH 5 = HAIL
GRTST 24HR 0.0 6 = FREEZING RAIN OR DRIZZLE
GRTST DEPTH: 0 7 = DUSTSTORM OR SANDSTORM:
VSBY 1/2 MILE OR LESS
8 = SMOKE OR HAZE
[NO. OF DAYS WITH] [WEATHER - DAYS WITH] 9 = BLOWING SNOW
X = TORNADO
MAX 32 OR BELOW: 0 0.01 INCH OR MORE: 11
MAX 90 OR ABOVE: 0 0.10 INCH OR MORE: 6
MIN 32 OR BELOW: 0 0.50 INCH OR MORE: 4
MIN 0 OR BELOW: 0 1.00 INCH OR MORE: 0
[HDD (BASE 65) ]
TOTAL THIS MO. 186 CLEAR (SCALE 0-3) 15
DPTR FM NORMAL -59 PTCLDY (SCALE 4-7) 9
TOTAL FM JUL 1 229 CLOUDY (SCALE 8-10) 7
DPTR FM NORMAL -68
[CDD (BASE 65) ]
TOTAL THIS MO. 26
DPTR FM NORMAL -3 [PRESSURE DATA]
TOTAL FM JAN 1 1371 HIGHEST SLP 30.41 ON 31
DPTR FM NORMAL 221 LOWEST SLP 29.49 ON 29
[REMARKS]
#FINAL-10-20#