000
CXUS53 KJKL 011622
CLSJKL
CLIMATE REPORT
NATIONAL WEATHER SERVICE JACKSON KY
1222 PM EDT THU JUN 01 2023
...................................
...THE JACKSON KY CLIMATE SUMMARY FOR THE SEASON, FROM
3/1/2023 TO 5/31/2023...
CLIMATE NORMAL PERIOD 1991 TO 2020
CLIMATE RECORD PERIOD 1981 TO 2023
WEATHER OBSERVED NORMAL DEPART LAST YEAR`S
VALUE DATE(S) VALUE FROM VALUE DATE(S)
NORMAL
................................................................
TEMPERATURE (F)
RECORD
HIGH 92 04/27/1986
LOW 7 03/09/1996
HIGHEST 89 04/05 MM MM 89 05/31
LOWEST 20 03/19 MM MM 15 03/13
03/20
AVG. MAXIMUM 67.9 67.6 0.3 69.0
AVG. MINIMUM 46.6 46.8 -0.2 48.3
MEAN 57.3 57.2 0.1 58.7
DAYS MAX >= 90 0 0.2 -0.2 0
DAYS MAX <= 32 0 0.8 -0.8 1
DAYS MIN <= 32 9 13.6 -4.6 9
DAYS MIN <= 0 0 0.0 0.0 0
PRECIPITATION (INCHES)
RECORD
MAXIMUM 21.63 2011
MINIMUM 4.93 1986
TOTALS 11.02 14.42 -3.40 12.32
DAILY AVG. 0.12 0.16 -0.04 0.13
DAYS >= .01 32 41.4 -9.4 39
DAYS >= .10 23 27.2 -4.2 23
DAYS >= .50 6 10.2 -4.2 8
DAYS >= 1.00 2 3.4 -1.4 1
GREATEST
24 HR. TOTAL 1.65 05/08 TO 05/09 2.77
SNOWFALL (INCHES)
RECORDS
TOTAL 22.1 1993
24 HR TOTAL 19.8 03/13/1993 TO 03/13/1993
TOTALS 0.3 4.4 -4.1 6.3
SINCE 7/1 3.4 23.4 -20.0 MM
SNOWDEPTH AVG. T 0
DAYS >= 1.0 0 1.3 -1.3 1
GREATEST
24 HR TOTAL 0.2 T
DEGREE DAYS
HEATING TOTAL 793 874 -81 745
SINCE 7/1 3429 4059 -630 MM
COOLING TOTAL 104 159 -55 190
SINCE 1/1 107 159 -52 MM
................................................................
WIND (MPH)
AVERAGE WIND SPEED 3.8
RESULTANT WIND SPEED/DIRECTION 1/170
HIGHEST WIND SPEED/DIRECTION 29/240 DATE 03/03
HIGHEST GUST SPEED/DIRECTION 65/250 DATE 03/03
SKY COVER
POSSIBLE SUNSHINE (PERCENT) MM
NUMBER OF DAYS FAIR 49
NUMBER OF DAYS PC 25
NUMBER OF DAYS CLOUDY 18
AVERAGE RH (PERCENT) 59
WEATHER CONDITIONS. NUMBER OF DAYS WITH
THUNDERSTORM 17 MIXED PRECIP 0
HEAVY RAIN 13 RAIN 19
LIGHT RAIN 33 FREEZING RAIN 0
LT FREEZING RAIN 0 HAIL 2
HEAVY SNOW 0 SNOW 0
LIGHT SNOW 5 SLEET 0
FOG 36 FOG W/VIS <= 1/4 MILE 13
HAZE 3
- INDICATES NEGATIVE NUMBERS.
R INDICATES RECORD WAS SET OR TIED.
MM INDICATES DATA IS MISSING.
T INDICATES TRACE AMOUNT.
$$
TAB