000
CXUS53 KSGF 010810
CF6JLN
PRELIMINARY LOCAL CLIMATOLOGICAL DATA (WS FORM: F-6)
STATION: JOPLIN MO
MONTH: JANUARY
YEAR: 2023
LATITUDE: 37 10 N
LONGITUDE: 94 30 W
TEMPERATURE IN F: :PCPN: SNOW: WIND :SUNSHINE: SKY :PK WND
================================================================================
1 2 3 4 5 6A 6B 7 8 9 10 11 12 13 14 15 16 17 18
12Z AVG MX 2MIN
DY MAX MIN AVG DEP HDD CDD WTR SNW DPTH SPD SPD DIR MIN PSBL S-S WX SPD DR
================================================================================
1 69 42 56 21 9 0 0.00 M M 5.6 14 190 M M 4 18 18 190
2 75 46 61 26 4 0 0.43 M M 11.7 28 180 M M 6 138 36 190
3 64 35 50 15 15 0 0.00 M M 12.7 24 210 M M 3 1 33 220
4 48 32 40 5 25 0 0.00 M M 10.6 18 250 M M 3 26 260
5 48 30 39 4 26 0 0.00 M M 9.1 22 270 M M 0 27 280
6 58 27 43 8 22 0 0.00 M M 7.3 15 150 M M 3 20 110
7 51 33 42 7 23 0 T M M 8.7 16 350 M M 10 8 20 350
8 47 28 38 3 27 0 0.00 M M 4.4 8 180 M M 5 18 12 250
9 64 32 48 13 17 0 0.00 M M 10.0 22 220 M M 0 29 220
10 66 29 48 13 17 0 0.00 M M 6.0 14 100 M M 0 19 110
11 65 34 50 16 15 0 0.00 M M 4.1 15 80 M M 2 18 22 70
12 51 28 40 6 25 0 0.01 M M 16.0 30 10 M M 8 18 39 360
13 37 22 30 -4 35 0 0.00 M M 6.5 14 350 M M 7 18 340
14 53 20 37 3 28 0 0.00 M M 9.1 20 170 M M 3 26 160
15 62 40 51 17 14 0 0.00 M M 20.6 32 180 M M 3 50 200
16 66 48 57 23 8 0 0.00 M M 17.1 32 220 M M 2 45 180
17 60 38 49 14 16 0 T M M 6.3 13 70 M M 2 19 90
18 58 43 51 16 14 0 0.81 M M 8.9 23 250 M M 6 1 33 260
19 43 31 37 2 28 0 0.00 M M 14.4 25 260 M M 5 34 260
20 49 23 36 1 29 0 0.00 M M 3.7 8 30 M M 0 12 30
21 46 28 37 2 28 0 0.01 M M 6.2 15 120 M M 8 19 120
22 38 30 34 -1 31 0 T M M 6.7 14 320 M M 9 1 19 330
23 45 21 33 -2 32 0 0.00 M M 3.4 14 250 M M 1 18 19 270
24 39 29 34 -1 31 0 0.30 M M 3.6 10 30 M M 7 1 16 30
25 36 29 33 -2 32 0 0.09 M M 11.1 21 290 M M 10 18 27 330
26 34 21 28 -7 37 0 0.00 M M 6.9 15 300 M M 7 20 300
27 54 30 42 7 23 0 0.00 M M 15.1 24 210 M M 1 37 220
28 61 42 52 16 13 0 0.00 M M 17.3 35 200 M M 4 50 210
29 42 20 31 -5 34 0 T M M 12.1 20 360 M M 10 1 27 360
30 21 16 19 -17 46 0 T M M 11.1 17 360 M M 10 146 22 20
31 24 17 21 -15 44 0 0.01 M M 6.9 14 30 M M 8 1 19 30
================================================================================
SM 1574 944 748 0 1.66 M 293.2 M 147
================================================================================
AV 50.8 30.5 9.5 FASTST M M 5 MAX(MPH)
MISC ----> 35 200 # 50 200
================================================================================
NOTES:
# LAST OF SEVERAL OCCURRENCES
COLUMN 17 PEAK WIND IN M.P.H.
PRELIMINARY LOCAL CLIMATOLOGICAL DATA (WS FORM: F-6) , PAGE 2
STATION: JOPLIN MO
MONTH: JANUARY
YEAR: 2023
LATITUDE: 37 10 N
LONGITUDE: 94 30 W
[TEMPERATURE DATA] [PRECIPITATION DATA] SYMBOLS USED IN COLUMN 16
AVERAGE MONTHLY: 40.6 TOTAL FOR MONTH: 1.66 1 = FOG OR MIST
DPTR FM NORMAL: 5.7 DPTR FM NORMAL: -0.26 2 = FOG REDUCING VISIBILITY
HIGHEST: 75 ON 2 GRTST 24HR 2.10 ON 2- 3 TO 1/4 MILE OR LESS
LOWEST: 16 ON 30 3 = THUNDER
SNOW, ICE PELLETS, HAIL 4 = ICE PELLETS
TOTAL MONTH: M 5 = HAIL
GRTST 24HR M ON M 6 = FREEZING RAIN OR DRIZZLE
GRTST DEPTH: M ON M 7 = DUSTSTORM OR SANDSTORM:
VSBY 1/2 MILE OR LESS
8 = SMOKE OR HAZE
[NO. OF DAYS WITH] [WEATHER - DAYS WITH] 9 = BLOWING SNOW
X = TORNADO
MAX 32 OR BELOW: 2 0.01 INCH OR MORE: 7
MAX 90 OR ABOVE: 0 0.10 INCH OR MORE: 3
MIN 32 OR BELOW: 21 0.50 INCH OR MORE: 1
MIN 0 OR BELOW: 0 1.00 INCH OR MORE: 0
[HDD (BASE 65) ]
TOTAL THIS MO. 748 CLEAR (SCALE 0-3) 12
DPTR FM NORMAL -185 PTCLDY (SCALE 4-7) 13
TOTAL FM JUL 1 2352 CLOUDY (SCALE 8-10) 6
DPTR FM NORMAL -193
[CDD (BASE 65) ]
TOTAL THIS MO. 0
DPTR FM NORMAL 0 [PRESSURE DATA]
TOTAL FM JAN 1 0 HIGHEST SLP M ON M
DPTR FM NORMAL 0 LOWEST SLP 29.50 ON 16
[REMARKS]
#FINAL-01-23#