000
CXUS54 KFWD 010831
CF6JWY
PRELIMINARY LOCAL CLIMATOLOGICAL DATA (WS FORM: F-6)
STATION: WAXAHACHIE
MONTH: NOVEMBER
YEAR: 2022
LATITUDE: 32 27 N
LONGITUDE: 96 54 W
TEMPERATURE IN F: :PCPN: SNOW: WIND :SUNSHINE: SKY :PK WND
================================================================================
1 2 3 4 5 6A 6B 7 8 9 10 11 12 13 14 15 16 17 18
12Z AVG MX 2MIN
DY MAX MIN AVG DEP HDD CDD WTR SNW DPTH SPD SPD DIR MIN PSBL S-S WX SPD DR
================================================================================
1 77 52 65 4 0 0 0.00 M M 2.0 8 200 M M 1 M M
2 74 55 65 4 0 0 0.00 M M 3.2 9 170 M M 7 12 M M
3 79 64 72 12 0 7 0.00 M M 8.6 21 190 M M 7 1 24 190
4 77 49 63 3 2 0 1.33 M M 13.1 21 180 M M 8 32 310
5 65 43 54 -5 11 0 0.00 M M 5.2 13 180 M M 0 18 180
6 81 50 66 7 0 1 0.00 M M 6.1 15 200 M M 0 1 23 190
7 76 66 71 12 0 6 0.13 M M 0.9 6 210 M M 8 12 M M
8 80 66 73 15 0 8 0.00 M M 2.3 6 150 M M 8 12 M M
9 81 65 73 15 0 8 0.00 M M 5.3 14 190 M M 4 21 160
10 73 62 68 10 0 3 0.00 M M 4.5 9 180 M M 6 1 18 170
11 67 38 53 -4 12 0 0.17 M M 11.8 18 340 M M 8 29 340
12 51 32 42 -15 23 0 0.00 M M 7.6 17 350 M M 0 23 340
13 53 29 41 -15 24 0 0.00 M M 1.5 5 140 M M 0 M M
14 45 40 43 -13 22 0 0.24 M M 4.8 12 330 M M 9 1 17 330
15 45 37 41 -15 24 0 0.05 M M 7.0 16 350 M M 6 23 320
16 55 36 46 -9 19 0 0.00 M M 2.0 8 360 M M 2 M M
17 59 32 46 -9 19 0 0.00 M M 1.2 5 190 M M 1 M M
18 52 38 45 -9 20 0 0.00 M M 4.6 10 340 M M 5 8 16 30
19 41 32 37 -17 28 0 0.00 M M 6.3 12 360 M M 7 17 360
20 51 28 40 -13 25 0 T M M 0.8 5 310 M M 3 M M
21 52 41 47 -6 18 0 0.01 M M 2.2 6 190 M M 10 M M
22 60 45 53 0 12 0 0.00 M M 0.9 6 150 M M 8 M M
23 58 51 55 3 10 0 0.07 M M 2.5 9 160 M M 10 M M
24 58 53 56 4 9 0 0.07 M M 3.3 13 360 M M 10 1 16 350
25 56 51 54 3 11 0 0.03 M M 7.2 13 10 M M 10 1 20 10
26 55 45 50 -1 15 0 0.01 M M 7.7 16 240 M M 9 1 24 240
27 62 41 52 1 13 0 0.01 M M 5.3 10 300 M M 0 M M
28 67 37 52 2 13 0 0.00 M M 5.8 15 170 M M 1 18 170
29 81 43 62 12 3 0 0.01 M M 11.7 25 340 M M 5 1 40 340
30 51 33 42 -8 23 0 0.00 M M 8.9 18 360 M M 0 28 340
================================================================================
SM 1882 1354 356 33 2.13 M 154.3 M 153
================================================================================
AV 62.7 45.1 5.1 FASTST M M 5 MAX(MPH)
MISC ----> 25 340 40 340
================================================================================
NOTES:
# LAST OF SEVERAL OCCURRENCES
COLUMN 17 PEAK WIND IN M.P.H.
PRELIMINARY LOCAL CLIMATOLOGICAL DATA (WS FORM: F-6) , PAGE 2
STATION: WAXAHACHIE
MONTH: NOVEMBER
YEAR: 2022
LATITUDE: 32 27 N
LONGITUDE: 96 54 W
[TEMPERATURE DATA] [PRECIPITATION DATA] SYMBOLS USED IN COLUMN 16
AVERAGE MONTHLY: 53.9 TOTAL FOR MONTH: 2.13 1 = FOG OR MIST
DPTR FM NORMAL: -1.4 DPTR FM NORMAL: -0.90 2 = FOG REDUCING VISIBILITY
HIGHEST: 81 ON 29, 9 GRTST 24HR 1.33 ON 4- 4 TO 1/4 MILE OR LESS
LOWEST: 28 ON 20 3 = THUNDER
SNOW, ICE PELLETS, HAIL 4 = ICE PELLETS
TOTAL MONTH: M 5 = HAIL
GRTST 24HR M ON M 6 = FREEZING RAIN OR DRIZZLE
GRTST DEPTH: M ON M 7 = DUSTSTORM OR SANDSTORM:
VSBY 1/2 MILE OR LESS
8 = SMOKE OR HAZE
[NO. OF DAYS WITH] [WEATHER - DAYS WITH] 9 = BLOWING SNOW
X = TORNADO
MAX 32 OR BELOW: 0 0.01 INCH OR MORE: 12
MAX 90 OR ABOVE: 0 0.10 INCH OR MORE: 4
MIN 32 OR BELOW: 5 0.50 INCH OR MORE: 1
MIN 0 OR BELOW: 0 1.00 INCH OR MORE: 1
[HDD (BASE 65) ]
TOTAL THIS MO. 356 CLEAR (SCALE 0-3) 10
DPTR FM NORMAL 46 PTCLDY (SCALE 4-7) 11
TOTAL FM JUL 1 422 CLOUDY (SCALE 8-10) 9
DPTR FM NORMAL 24
[CDD (BASE 65) ]
TOTAL THIS MO. 33
DPTR FM NORMAL 15 [PRESSURE DATA]
TOTAL FM JAN 1 3082 HIGHEST SLP M ON M
DPTR FM NORMAL 651 LOWEST SLP M ON M
[REMARKS]
#FINAL-11-22#