000
CXUS54 KFWD 161605
CF6JWY
PRELIMINARY LOCAL CLIMATOLOGICAL DATA (WS FORM: F-6)
STATION: WAXAHACHIE
MONTH: JANUARY
YEAR: 2024
LATITUDE: 32 27 N
LONGITUDE: 96 54 W
TEMPERATURE IN F: :PCPN: SNOW: WIND :SUNSHINE: SKY :PK WND
================================================================================
1 2 3 4 5 6A 6B 7 8 9 10 11 12 13 14 15 16 17 18
12Z AVG MX 2MIN
DY MAX MIN AVG DEP HDD CDD WTR SNW DPTH SPD SPD DIR MIN PSBL S-S WX SPD DR
================================================================================
1 48 32 40 -4 25 0 0.00 M M 8.0 14 10 M M 5 20 10
2 50 31 41 -3 24 0 0.54 M M 2.4 8 80 M M 5 1 20 360
3 54 38 46 2 19 0 0.01 M M 1.1 7 350 M M 8 1 M M
4 57 34 46 2 19 0 0.01 M M 4.0 12 130 M M 6 12 20 120
5 54 39 47 3 18 0 0.31 M M 2.8 10 100 M M 9 1 25 120
6 50 38 44 0 21 0 0.00 M M 5.3 9 310 M M 6 M M
7 58 31 45 1 20 0 0.00 M M 6.5 15 170 M M 6 21 170
8 58 39 49 5 16 0 0.31 M M 11.8 22 270 M M 9 3 45 270
9 50 30 40 -4 25 0 0.00 M M 14.7 26 290 M M 2 38 300
10 67 32 50 6 15 0 0.00 M M 9.8 28 210 M M 0 33 210
11 68 38 53 9 12 0 0.00 M M 8.6 17 170 M M 2 1 27 170
12 65 29 47 3 18 0 0.06 M M 11.2 26 310 M M 1 38 310
13 62 24 43 -1 22 0 0.00 M M 13.1 30 200 M M 0 35 200
14 24 13 19 -25 46 0 T M M 12.6 18 350 M M 8 24 10
15 25 11 18 -26 47 0 M M M 13.2 23 350 M M 6 28 350
16 27 12 20 -24 45 0 0.00 M M 11.4 20 360 M M 0 28 360
17 42 13 28 -17 37 0 0.00 M M 9.1 17 160 M M 0 25 160
18 64 38 51 6 14 0 0.00 M M 11.7 21 200 M M 0 31 200
19 42 23 33 -12 32 0 0.00 M M 14.4 24 360 M M 0 31 360
20 37 20 29 -16 36 0 0.00 M M 4.9 8 20 M M 1 M M
21 39 32 36 -9 29 0 0.01 M M 7.0 10 130 M M 10 18 130
22 M M M M M M M M M M M M M M M M M
23 M M M M M M M M M M M M M M M M M
24 M M M M M M M M M M M M M M M M M
25 M M M M M M M M M M M M M M M M M
26 M M M M M M M M M M M M M M M M M
27 M M M M M M M M M M M M M M M M M
28 M M M M M M M M M M M M M M M M M
29 M M M M M M M M M M M M M M M M M
30 M M M M M M M M M M M M M M M M M
31 M M M M M M M M M M M M M M M M M
================================================================================
SM 1041 597 540 0 1.25 M 183.6 M 84
================================================================================
AV 49.6 28.4 8.7 FASTST M M 4 MAX(MPH)
MISC ----> 30 200 45 270
================================================================================
NOTES:
# LAST OF SEVERAL OCCURRENCES
COLUMN 17 PEAK WIND IN M.P.H.
PRELIMINARY LOCAL CLIMATOLOGICAL DATA (WS FORM: F-6) , PAGE 2
STATION: WAXAHACHIE
MONTH: JANUARY
YEAR: 2024
LATITUDE: 32 27 N
LONGITUDE: 96 54 W
[TEMPERATURE DATA] [PRECIPITATION DATA] SYMBOLS USED IN COLUMN 16
AVERAGE MONTHLY: 39.0 TOTAL FOR MONTH: 1.25 1 = FOG OR MIST
DPTR FM NORMAL: -5.6 DPTR FM NORMAL: -1.02 2 = FOG REDUCING VISIBILITY
HIGHEST: 68 ON 11 GRTST 24HR 0.54 ON 2- 2 TO 1/4 MILE OR LESS
LOWEST: 11 ON 15 3 = THUNDER
SNOW, ICE PELLETS, HAIL 4 = ICE PELLETS
TOTAL MONTH: M 5 = HAIL
GRTST 24HR M ON M 6 = FREEZING RAIN OR DRIZZLE
GRTST DEPTH: M ON M 7 = DUSTSTORM OR SANDSTORM:
VSBY 1/2 MILE OR LESS
8 = SMOKE OR HAZE
[NO. OF DAYS WITH] [WEATHER - DAYS WITH] 9 = BLOWING SNOW
X = TORNADO
MAX 32 OR BELOW: 3 0.01 INCH OR MORE: 7
MAX 90 OR ABOVE: 0 0.10 INCH OR MORE: 3
MIN 32 OR BELOW: 14 0.50 INCH OR MORE: 1
MIN 0 OR BELOW: 0 1.00 INCH OR MORE: 0
[HDD (BASE 65) ]
TOTAL THIS MO. 540 CLEAR (SCALE 0-3) 10
DPTR FM NORMAL -92 PTCLDY (SCALE 4-7) 7
TOTAL FM JUL 1 1321 CLOUDY (SCALE 8-10) 14
DPTR FM NORMAL -304
[CDD (BASE 65) ]
TOTAL THIS MO. 0
DPTR FM NORMAL -1 [PRESSURE DATA]
TOTAL FM JAN 1 0 HIGHEST SLP M ON M
DPTR FM NORMAL -1 LOWEST SLP M ON M
[REMARKS]
#FINAL-01-24#