456
CXUS55 KPUB 011310
CF6LAA
PRELIMINARY LOCAL CLIMATOLOGICAL DATA (WS FORM: F-6)
STATION: LAMAR CO
MONTH: OCTOBER
YEAR: 2020
LATITUDE: 38 4 N
LONGITUDE: 102 41 W
TEMPERATURE IN F: :PCPN: SNOW: WIND :SUNSHINE: SKY :PK WND
================================================================================
1 2 3 4 5 6A 6B 7 8 9 10 11 12 13 14 15 16 17 18
12Z AVG MX 2MIN
DY MAX MIN AVG DEP HDD CDD WTR SNW DPTH SPD SPD DIR MIN PSBL S-S WX SPD DR
================================================================================
1 70 33 52 -8 13 0 0.00 M M 4.9 13 160 M M 0 8 19 160
2 85 42 64 5 1 0 0.00 M M 6.8 21 20 M M 0 30 10
3 73 38 56 -3 9 0 0.00 M M 8.3 22 20 M M 0 30 20
4 84 34 59 1 6 0 0.00 M M 6.2 21 180 M M 0 27 170
5 92 40 66 8 0 1 0.00 M M 6.8 15 10 M M 0 8 22 280
6 91 41 66 9 0 1 0.00 M M 5.7 14 30 M M 0 18 180
7 92 40 66 9 0 1 0.00 M M 5.4 14 300 M M 0 18 270
8 94 36 65 9 0 0 0.00 0.0 M 7.8 22 180 M M 0 30 170
9 94 45 70 14 0 5 0.00 0.0 M 5.9 17 280 M M 0 22 270
10 89 38 64 9 1 0 0.00 M M 10.9 31 180 M M 0 42 180
11 91 43 67 12 0 2 0.00 M M 17.4 49 10 M M 0 8 67 350
12 82 31 57 3 8 0 0.00 M M 8.6 18 220 M M 0 8 29 190
13 79 38 59 5 6 0 0.00 M M 8.3 20 150 M M 0 28 140
14 90 38 64 10 1 0 0.00 M M 13.9 31 60 M M 0 40 60
15 58 38 48 -5 17 0 0.00 M M 8.2 15 80 M M 7 21 90
16 72 26 49 -4 16 0 0.00 M M 8.3 25 200 M M 0 34 200
17 79 32 56 4 9 0 0.00 M M 7.5 17 100 M M 0 23 110
18 47 36 42 -10 23 0 0.00 M M 10.6 18 40 M M 8 26 50
19 61 31 46 -6 19 0 0.00 M M 8.8 21 110 M M 3 27 150
20 75 27 51 0 14 0 T M M 7.2 28 80 M M 0 36 80
21 79 36 58 7 7 0 0.00 M M 7.7 20 140 M M 2 1 26 160
22 64 31 48 -2 17 0 0.00 M M 14.2 30 30 M M 4 1 39 20
23 38 26 32 -18 33 0 0.00 M M 9.3 22 10 M M 8 29 10
24 60 24 42 -7 23 0 0.00 M M 13.8 25 160 M M 0 37 160
25 32 18 25 -24 40 0 0.05 M M 12.7 23 70 M M 10 168 29 70
26 18 9 14 -35 51 0 0.05 M M 7.2 17 40 M M 7 1 22 50
27 28 10 19 -29 46 0 0.00 M M 6.7 13 280 M M 3 16 290
28 50 22 36 -12 29 0 0.00 M M 11.5 25 360 M M 5 33 360
29 64 29 47 0 18 0 0.00 M M 7.0 15 20 M M 0 20 20
30 M 28 M M M M 0.00 M M M M M M M 0 M M
31 M M M M M M 0.00 M M M M M M M M M M
================================================================================
SM 2031 960 407 10 0.10 0.0 257.6 M 57
================================================================================
AV 70.0 32.0 8.9 FASTST M M 2 MAX(MPH)
MISC ----> 49 10 67 350
================================================================================
NOTES:
# LAST OF SEVERAL OCCURRENCES
COLUMN 17 PEAK WIND IN M.P.H.
PRELIMINARY LOCAL CLIMATOLOGICAL DATA (WS FORM: F-6) , PAGE 2
STATION: LAMAR CO
MONTH: OCTOBER
YEAR: 2020
LATITUDE: 38 4 N
LONGITUDE: 102 41 W
[TEMPERATURE DATA] [PRECIPITATION DATA] SYMBOLS USED IN COLUMN 16
AVERAGE MONTHLY: 51.0 TOTAL FOR MONTH: 0.10 1 = FOG OR MIST
DPTR FM NORMAL: -1.9 DPTR FM NORMAL: -0.70 2 = FOG REDUCING VISIBILITY
HIGHEST: 94 ON 9, 8 GRTST 24HR 0.08 ON 25-26 TO 1/4 MILE OR LESS
LOWEST: 9 ON 26 3 = THUNDER
SNOW, ICE PELLETS, HAIL 4 = ICE PELLETS
TOTAL MONTH: 0.0 INCH 5 = HAIL
GRTST 24HR 0.0 6 = FREEZING RAIN OR DRIZZLE
GRTST DEPTH: M ON M 7 = DUSTSTORM OR SANDSTORM:
VSBY 1/2 MILE OR LESS
8 = SMOKE OR HAZE
[NO. OF DAYS WITH] [WEATHER - DAYS WITH] 9 = BLOWING SNOW
X = TORNADO
MAX 32 OR BELOW: 3 0.01 INCH OR MORE: 2
MAX 90 OR ABOVE: 7 0.10 INCH OR MORE: 0
MIN 32 OR BELOW: 14 0.50 INCH OR MORE: 0
MIN 0 OR BELOW: 0 1.00 INCH OR MORE: 0
[HDD (BASE 65) ]
TOTAL THIS MO. 407 CLEAR (SCALE 0-3) 22
DPTR FM NORMAL 23 PTCLDY (SCALE 4-7) 7
TOTAL FM JUL 1 486 CLOUDY (SCALE 8-10) 2
DPTR FM NORMAL 19
[CDD (BASE 65) ]
TOTAL THIS MO. 10
DPTR FM NORMAL 1 [PRESSURE DATA]
TOTAL FM JAN 1 1575 HIGHEST SLP M ON M
DPTR FM NORMAL 454 LOWEST SLP 29.58 ON 10
[REMARKS]
#FINAL-10-20#