000
CXUS53 KIND 010600
CF6LAF
PRELIMINARY LOCAL CLIMATOLOGICAL DATA (WS FORM: F-6)
STATION: LAFAYETTE IN
MONTH: MARCH
YEAR: 2022
LATITUDE: 40 25 N
LONGITUDE: 86 56 W
TEMPERATURE IN F: :PCPN: SNOW: WIND :SUNSHINE: SKY :PK WND
================================================================================
1 2 3 4 5 6A 6B 7 8 9 10 11 12 13 14 15 16 17 18
12Z AVG MX 2MIN
DY MAX MIN AVG DEP HDD CDD WTR SNW DPTH SPD SPD DIR MIN PSBL S-S WX SPD DR
================================================================================
1 60 37 49 15 16 0 0.00 M M 7.1 14 350 M M 3 20 220
2 62 33 48 13 17 0 T M M 5.9 23 10 M M 4 35 10
3 41 31 36 1 29 0 0.00 M M 9.9 17 30 M M 7 26 10
4 48 26 37 1 28 0 0.00 M M 10.3 17 100 M M 0 23 120
5 74 38 56 20 9 0 T M M 11.4 24 190 M M 4 38 190
6 67 39 53 17 12 0 0.41 M M 12.4 38 280 M M 3 138 56 300
7 39 31 35 -2 30 0 0.81 M M 12.6 25 40 M M 10 1 32 30
8 37 27 32 -5 33 0 0.00 M M 4.9 15 290 M M 7 22 290
9 49 28 39 2 26 0 0.00 M M 6.0 20 270 M M 3 1 26 260
10 43 24 34 -4 31 0 0.00 M M 5.7 17 10 M M 3 23 10
11 31 19 25 -13 40 0 0.04 M M 11.0 25 310 M M 7 1 36 290
12 21 12 17 -21 48 0 0.00 M M 13.2 22 280 M M 2 35 320
13 55 17 36 -3 29 0 0.00 M M 10.5 24 270 M M 3 36 250
14 63 39 51 12 14 0 0.00 M M 7.4 20 190 M M 0 30 210
15 66 39 53 13 12 0 0.00 M M 3.9 14 280 M M 2 18 20 230
16 71 35 53 13 12 0 0.00 M M 3.5 14 200 M M 0 18 22 210
17 74 40 57 17 8 0 0.00 M M 3.5 17 260 M M 2 18 24 270
18 63 45 54 13 11 0 0.32 M M 4.4 14 190 M M 6 13 22 230
19 53 39 46 5 19 0 0.06 M M 10.6 20 270 M M 10 1 30 230
20 63 30 47 6 18 0 0.00 M M 5.0 16 230 M M 0 12 24 230
21 72 37 55 13 10 0 0.00 M M 4.9 18 230 M M 0 28 220
22 58 48 53 11 12 0 0.61 M M 13.5 36 100 M M 7 1 45 90
23 63 45 54 12 11 0 T M M 9.1 24 220 M M 10 1 38 220
24 45 40 43 0 22 0 0.01 M M 10.4 20 230 M M 10 1 32 220
25 49 33 41 -2 24 0 0.04 M M 13.8 36 290 M M 9 18 54 280
26 33 27 30 -14 35 0 0.02 M M 13.5 22 300 M M 10 1 34 290
27 37 22 30 -14 35 0 0.00 M M 9.3 18 320 M M 2 27 350
28 41 18 30 -14 35 0 0.00 M M 6.4 17 40 M M 0 22 40
29 42 28 35 -10 30 0 T M M 14.1 24 110 M M 9 34 110
30 73 42 58 13 7 0 0.24 M M 8.9 22 190 M M 7 1 40 200
31 58 35 47 1 18 0 0.10 M M 13.1 28 240 M M 10 1 45 250
================================================================================
SM 1651 1004 681 0 2.66 M 276.2 M 150
================================================================================
AV 53.3 32.4 8.9 FASTST M M 5 MAX(MPH)
MISC ----> 38 280 56 300
================================================================================
NOTES:
# LAST OF SEVERAL OCCURRENCES
COLUMN 17 PEAK WIND IN M.P.H.
PRELIMINARY LOCAL CLIMATOLOGICAL DATA (WS FORM: F-6) , PAGE 2
STATION: LAFAYETTE IN
MONTH: MARCH
YEAR: 2022
LATITUDE: 40 25 N
LONGITUDE: 86 56 W
[TEMPERATURE DATA] [PRECIPITATION DATA] SYMBOLS USED IN COLUMN 16
AVERAGE MONTHLY: 42.8 TOTAL FOR MONTH: 2.66 1 = FOG OR MIST
DPTR FM NORMAL: 2.8 DPTR FM NORMAL: -0.07 2 = FOG REDUCING VISIBILITY
HIGHEST: 74 ON 5,17 GRTST 24HR 1.13 ON 6- 7 TO 1/4 MILE OR LESS
LOWEST: 12 ON 12 3 = THUNDER
SNOW, ICE PELLETS, HAIL 4 = ICE PELLETS
TOTAL MONTH: M 5 = HAIL
GRTST 24HR M ON M 6 = FREEZING RAIN OR DRIZZLE
GRTST DEPTH: M ON M 7 = DUSTSTORM OR SANDSTORM:
VSBY 1/2 MILE OR LESS
8 = SMOKE OR HAZE
[NO. OF DAYS WITH] [WEATHER - DAYS WITH] 9 = BLOWING SNOW
X = TORNADO
MAX 32 OR BELOW: 2 0.01 INCH OR MORE: 11
MAX 90 OR ABOVE: 0 0.10 INCH OR MORE: 6
MIN 32 OR BELOW: 14 0.50 INCH OR MORE: 2
MIN 0 OR BELOW: 0 1.00 INCH OR MORE: 0
[HDD (BASE 65) ]
TOTAL THIS MO. 681 CLEAR (SCALE 0-3) 12
DPTR FM NORMAL -98 PTCLDY (SCALE 4-7) 11
TOTAL FM JUL 1 4799 CLOUDY (SCALE 8-10) 8
DPTR FM NORMAL -408
[CDD (BASE 65) ]
TOTAL THIS MO. 0
DPTR FM NORMAL -2 [PRESSURE DATA]
TOTAL FM JAN 1 0 HIGHEST SLP M ON M
DPTR FM NORMAL -2 LOWEST SLP 29.14 ON 31
[REMARKS]
#FINAL-03-22#