000
CXUS53 KGRR 010910
CF6LAN
PRELIMINARY LOCAL CLIMATOLOGICAL DATA (WS FORM: F-6)
STATION: LANSING
MONTH: MAY
YEAR: 2023
LATITUDE: 42 46 N
LONGITUDE: 84 36 W
TEMPERATURE IN F: :PCPN: SNOW: WIND :SUNSHINE: SKY :PK WND
================================================================================
1 2 3 4 5 6A 6B 7 8 9 10 11 12 13 14 15 16 17 18
12Z AVG MX 2MIN
DY MAX MIN AVG DEP HDD CDD WTR SNW DPTH SPD SPD DIR MIN PSBL S-S WX SPD DR
================================================================================
1 48 36 42 -11 23 0 0.33 0.0 0 14.1 26 270 M M 10 1 37 270
2 44 37 41 -13 24 0 0.09 0.0 0 15.7 28 280 M M 10 18 40 280
3 57 39 48 -6 17 0 0.01 0.0 0 10.9 22 330 M M 8 30 320
4 64 36 50 -4 15 0 0.00 0.0 0 3.5 9 330 M M 4 14 20
5 73 42 58 3 7 0 0.00 0.0 0 9.1 16 140 M M 2 22 140
6 69 49 59 4 6 0 T 0.0 0 10.4 14 120 M M 5 18 150
7 79 53 66 11 0 1 0.32 0.0 0 10.2 14 220 M M 7 13 17 280
8 65 50 58 2 7 0 0.04 0.0 0 8.6 15 60 M M 8 16 100
9 72 45 59 3 6 0 0.00 0.0 0 4.5 10 30 M M 1 10 30
10 79 47 63 7 2 0 0.00 0.0 0 5.6 M M M M 0 M M
11 82 49 66 9 0 1 0.00 0.0 0 2.5 M M M M 0 8 M M
12 82 56 69 12 0 4 T 0.0 0 3.0 12 190 M M 3 8 16 200
13 74 56 65 7 0 0 0.01 0.0 0 6.9 15 30 M M 7 20 40
14 67 48 58 0 7 0 0.00 0.0 0 9.9 21 30 M M 0 29 50
15 74 38 56 -2 9 0 0.00 0.0 0 3.8 10 290 M M 0 18 290
16 79 44 62 4 3 0 0.00 0.0 0 10.2 22 270 M M 1 30 290
17 60 41 51 -8 14 0 0.00 0.0 0 5.7 14 50 M M 0 22 50
18 68 40 54 -5 11 0 0.00 0.0 0 7.7 14 140 M M 0 22 150
19 73 48 61 1 4 0 0.16 0.0 0 8.6 17 220 M M 7 18 24 220
20 65 46 56 -4 9 0 0.00 0.0 0 9.3 18 300 M M 4 25 300
21 77 45 61 1 4 0 0.00 0.0 0 4.7 15 270 M M 1 22 260
22 78 47 63 2 2 0 0.00 0.0 0 3.4 10 150 M M 2 1 14 140
23 81 50 66 5 0 1 0.00 0.0 0 2.4 10 330 M M 0 13 330
24 64 43 54 -7 11 0 0.00 0.0 0 11.2 25 60 M M 2 18 35 20
25 67 38 53 -9 12 0 0.00 0.0 0 10.1 16 30 M M 0 24 50
26 74 37 56 -6 9 0 0.00 0.0 0 4.2 14 40 M M 0 20 60
27 80 41 61 -1 4 0 0.00 0.0 0 2.7 12 80 M M 0 16 80
28 81 49 65 2 0 0 0.00 0.0 0 3.2 13 40 M M 0 18 40
29 87 50 69 6 0 4 0.00 0.0 0 4.0 12 80 M M 0 18 90
30 90 55 73 10 0 8 0.00 0.0 0 4.7 13 130 M M 1 19 150
31 89 66 78 14 0 13 0.00 0.0 0 8.2 16 140 M M 1 29 130
================================================================================
SM 2242 1421 206 32 0.96 0.0 219.0 M 84
================================================================================
AV 72.3 45.8 7.1 FASTST M M 3 MAX(MPH)
MISC ----> 28 280 40 280
================================================================================
NOTES:
# LAST OF SEVERAL OCCURRENCES
COLUMN 17 PEAK WIND IN M.P.H.
PRELIMINARY LOCAL CLIMATOLOGICAL DATA (WS FORM: F-6) , PAGE 2
STATION: LANSING
MONTH: MAY
YEAR: 2023
LATITUDE: 42 46 N
LONGITUDE: 84 36 W
[TEMPERATURE DATA] [PRECIPITATION DATA] SYMBOLS USED IN COLUMN 16
AVERAGE MONTHLY: 59.1 TOTAL FOR MONTH: 0.96 1 = FOG OR MIST
DPTR FM NORMAL: 0.7 DPTR FM NORMAL: -2.70 2 = FOG REDUCING VISIBILITY
HIGHEST: 90 ON 30 GRTST 24HR 0.39 ON 1- 2 TO 1/4 MILE OR LESS
LOWEST: 36 ON 4, 1 3 = THUNDER
SNOW, ICE PELLETS, HAIL 4 = ICE PELLETS
TOTAL MONTH: 0.0 INCH 5 = HAIL
GRTST 24HR 0.0 6 = FREEZING RAIN OR DRIZZLE
GRTST DEPTH: 0 7 = DUSTSTORM OR SANDSTORM:
VSBY 1/2 MILE OR LESS
8 = SMOKE OR HAZE
[NO. OF DAYS WITH] [WEATHER - DAYS WITH] 9 = BLOWING SNOW
X = TORNADO
MAX 32 OR BELOW: 0 0.01 INCH OR MORE: 7
MAX 90 OR ABOVE: 1 0.10 INCH OR MORE: 3
MIN 32 OR BELOW: 0 0.50 INCH OR MORE: 0
MIN 0 OR BELOW: 0 1.00 INCH OR MORE: 0
[HDD (BASE 65) ]
TOTAL THIS MO. 206 CLEAR (SCALE 0-3) 21
DPTR FM NORMAL -38 PTCLDY (SCALE 4-7) 8
TOTAL FM JUL 1 5722 CLOUDY (SCALE 8-10) 2
DPTR FM NORMAL -841
[CDD (BASE 65) ]
TOTAL THIS MO. 32
DPTR FM NORMAL -9 [PRESSURE DATA]
TOTAL FM JAN 1 51 HIGHEST SLP 30.44 ON 14
DPTR FM NORMAL 5 LOWEST SLP 29.21 ON 1
[REMARKS]
#FINAL-05-23#