000
CXUS55 KVEF 032058
CF6LAS
PRELIMINARY LOCAL CLIMATOLOGICAL DATA (WS FORM: F-6)
STATION: LAS VEGAS NV
MONTH: JANUARY
YEAR: 2022
LATITUDE: 36 4 N
LONGITUDE: 115 10 W
TEMPERATURE IN F: :PCPN: SNOW: WIND :SUNSHINE: SKY :PK WND
================================================================================
1 2 3 4 5 6A 6B 7 8 9 10 11 12 13 14 15 16 17 18
12Z AVG MX 2MIN
DY MAX MIN AVG DEP HDD CDD WTR SNW DPTH SPD SPD DIR MIN PSBL S-S WX SPD DR
================================================================================
1 46 32 39 -9 26 0 0.00 0.0 0 12.7 35 340 M M 1 48 340
2 46 28 37 -11 28 0 0.00 0.0 0 3.1 10 60 M M 1 15 10
3 49 30 40 -8 25 0 0.00 0.0 0 3.0 8 60 M M 5 13 50
4 55 34 45 -3 20 0 0.00 0.0 0 3.2 8 30 M M 6 11 360
5 58 36 47 -1 18 0 0.00 0.0 0 3.2 9 70 M M 3 11 70
6 61 40 51 3 14 0 0.00 0.0 0 2.5 7 220 M M 2 10 90
7 63 40 52 4 13 0 0.00 0.0 0 3.5 8 200 M M 4 14 210
8 64 45 55 6 10 0 0.00 0.0 0 7.3 18 30 M M 2 25 10
9 61 39 50 1 15 0 0.00 0.0 0 6.1 17 60 M M 0 25 40
10 59 39 49 0 16 0 0.00 0.0 0 4.2 9 10 M M 5 13 320
11 60 37 49 0 16 0 0.00 0.0 0 3.4 8 210 M M 3 11 310
12 65 40 53 4 12 0 0.00 0.0 0 3.2 9 280 M M 5 10 290
13 63 44 54 5 11 0 0.00 0.0 0 2.4 8 80 M M 10 12 320
14 66 44 55 6 10 0 0.00 0.0 0 8.5 24 50 M M 7 31 10
15 59 41 50 1 15 0 0.00 0.0 0 3.0 10 60 M M 7 13 40
16 62 38 50 0 15 0 0.00 0.0 0 2.2 8 200 M M 6 10 200
17 60 41 51 1 14 0 0.00 0.0 0 2.2 7 80 M M 8 9 80
18 58 46 52 2 13 0 0.06 0.0 0 2.8 8 70 M M 7 11 70
19 62 41 52 2 13 0 0.00 0.0 0 3.1 14 10 M M 2 17 10
20 61 44 53 3 12 0 0.00 0.0 0 6.2 21 50 M M 2 27 50
21 60 40 50 0 15 0 0.00 0.0 0 10.7 29 10 M M 6 41 10
22 61 47 54 4 11 0 0.00 0.0 0 15.8 26 350 M M 3 36 360
23 62 42 52 2 13 0 0.00 0.0 0 5.3 20 360 M M 1 26 360
24 66 41 54 4 11 0 0.00 0.0 0 3.4 9 220 M M 1 12 220
25 60 43 52 2 13 0 0.00 0.0 0 11.9 35 330 M M 0 46 350
26 55 37 46 -4 19 0 0.00 0.0 0 3.8 16 10 M M 0 19 10
27 62 36 49 -2 16 0 0.00 0.0 0 7.6 23 60 M M 0 34 40
28 59 35 47 -4 18 0 0.00 0.0 0 5.7 16 50 M M 4 23 60
29 60 37 49 -2 16 0 0.00 0.0 0 3.9 12 50 M M 5 14 360
30 65 39 52 1 13 0 0.00 0.0 0 2.4 8 210 M M 1 10 190
31 57 38 48 -3 17 0 0.00 0.0 0 2.5 8 70 M M 8 9 70
================================================================================
SM 1845 1214 478 0 0.06 0.0 158.8 M 115
================================================================================
AV 59.5 39.2 5.1 FASTST M M 4 MAX(MPH)
MISC ----> # 35 340 48 340
================================================================================
NOTES:
# LAST OF SEVERAL OCCURRENCES
COLUMN 17 PEAK WIND IN M.P.H.
PRELIMINARY LOCAL CLIMATOLOGICAL DATA (WS FORM: F-6) , PAGE 2
STATION: LAS VEGAS NV
MONTH: JANUARY
YEAR: 2022
LATITUDE: 36 4 N
LONGITUDE: 115 10 W
[TEMPERATURE DATA] [PRECIPITATION DATA] SYMBOLS USED IN COLUMN 16
AVERAGE MONTHLY: 49.3 TOTAL FOR MONTH: 0.06 1 = FOG OR MIST
DPTR FM NORMAL: -0.2 DPTR FM NORMAL: -0.50 2 = FOG REDUCING VISIBILITY
HIGHEST: 66 ON 24,14 GRTST 24HR 0.06 ON 18-18 TO 1/4 MILE OR LESS
LOWEST: 28 ON 2 3 = THUNDER
SNOW, ICE PELLETS, HAIL 4 = ICE PELLETS
TOTAL MONTH: 0.0 INCH 5 = HAIL
GRTST 24HR 0.0 6 = FREEZING RAIN OR DRIZZLE
GRTST DEPTH: 0 7 = DUSTSTORM OR SANDSTORM:
VSBY 1/2 MILE OR LESS
8 = SMOKE OR HAZE
[NO. OF DAYS WITH] [WEATHER - DAYS WITH] 9 = BLOWING SNOW
X = TORNADO
MAX 32 OR BELOW: 0 0.01 INCH OR MORE: 1
MAX 90 OR ABOVE: 0 0.10 INCH OR MORE: 0
MIN 32 OR BELOW: 3 0.50 INCH OR MORE: 0
MIN 0 OR BELOW: 0 1.00 INCH OR MORE: 0
[HDD (BASE 65) ]
TOTAL THIS MO. 478 CLEAR (SCALE 0-3) 14
DPTR FM NORMAL -2 PTCLDY (SCALE 4-7) 14
TOTAL FM JUL 1 1083 CLOUDY (SCALE 8-10) 3
DPTR FM NORMAL -199
[CDD (BASE 65) ]
TOTAL THIS MO. 0
DPTR FM NORMAL 0 [PRESSURE DATA]
TOTAL FM JAN 1 0 HIGHEST SLP 30.58 ON 28
DPTR FM NORMAL 0 LOWEST SLP 29.71 ON 8
[REMARKS]
#FINAL-01-22#