000
CXUS54 KOUN 011438
CF6LAW
PRELIMINARY LOCAL CLIMATOLOGICAL DATA (WS FORM: F-6)
STATION: LAWTON
MONTH: OCTOBER
YEAR: 2023
LATITUDE: 34 34 N
LONGITUDE: 98 25 W
TEMPERATURE IN F: :PCPN: SNOW: WIND :SUNSHINE: SKY :PK WND
================================================================================
1 2 3 4 5 6A 6B 7 8 9 10 11 12 13 14 15 16 17 18
12Z AVG MX 2MIN
DY MAX MIN AVG DEP HDD CDD WTR SNW DPTH SPD SPD DIR MIN PSBL S-S WX SPD DR
================================================================================
1 93 61 77 8 0 12 0.00 0.0 0 8.3 16 130 M M 0 23 130
2 92 60 76 7 0 11 0.00 0.0 0 8.5 18 130 M M 1 25 120
3 94 71 83 14 0 18 T 0.0 0 12.1 25 170 M M 3 36 170
4 91 67 79 11 0 14 2.81 0.0 0 8.4 29 150 M M 4 123 45 150
5 84 58 71 3 0 6 0.00 0.0 0 7.5 18 30 M M 2 28 40
6 82 54 68 0 0 3 0.00 0.0 0 12.5 31 20 M M 1 40 10
7 71 47 59 -8 6 0 0.00 0.0 0 4.6 13 50 M M 4 19 20
8 82 44 63 -4 2 0 0.00 0.0 0 5.6 15 210 M M 0 23 190
9 85 51 68 2 0 3 0.00 0.0 0 2.5 10 130 M M 0 15 130
10 88 51 70 4 0 5 0.00 0.0 0 6.6 20 170 M M 0 1 26 170
11 83 64 74 8 0 9 0.00 0.0 0 14.6 23 140 M M 2 37 140
12 90 67 79 14 0 14 0.00 0.0 0 14.2 24 170 M M 7 33 170
13 75 56 66 1 0 1 0.00 0.0 0 12.4 31 350 M M 0 42 10
14 69 49 59 -5 6 0 0.00 0.0 0 9.9 24 350 M M 0 33 360
15 66 41 54 -10 11 0 0.00 0.0 0 10.9 22 20 M M 1 32 340
16 69 39 54 -9 11 0 0.00 0.0 0 6.6 17 360 M M 0 23 350
17 78 36 57 -6 8 0 0.00 0.0 0 6.6 16 160 M M 0 24 170
18 83 42 63 0 2 0 0.00 0.0 0 5.5 15 10 M M 0 21 180
19 87 42 65 3 0 0 0.00 0.0 0 3.1 10 270 M M 0 1 17 340
20 91 45 68 6 0 3 0.00 0.0 0 2.5 9 170 M M 0 12 190
21 88 49 69 8 0 4 0.00 0.0 0 2.3 9 220 M M 0 13 200
22 88 50 69 8 0 4 0.00 0.0 0 6.3 16 170 M M 0 23 160
23 82 64 73 12 0 8 0.04 0.0 0 11.9 22 150 M M 4 1 32 140
24 77 63 70 10 0 5 1.39 0.0 0 14.6 26 170 M M 10 1 38 180
25 73 66 70 10 0 5 0.14 0.0 0 10.5 20 140 M M 9 18 26 140
26 85 66 76 17 0 11 0.00 0.0 0 10.2 20 200 M M 5 30 190
27 72 50 61 2 4 0 0.00 0.0 0 14.3 25 360 M M 6 1 33 10
28 51 39 45 -13 20 0 0.14 0.0 0 14.2 24 10 M M 10 1 35 20
29 39 36 38 -20 27 0 0.84 0.0 0 17.8 26 360 M M 10 13 36 10
30 49 27 38 -20 27 0 0.00 0.0 0 11.5 26 360 M M 1 35 10
31 54 24 39 -18 26 0 0.00 0.0 0 8.7 26 10 M M 0 34 20
================================================================================
SM 2411 1579 150 136 5.36 0.0 285.2 M 80
================================================================================
AV 77.8 50.9 9.2 FASTST M M 3 MAX(MPH)
MISC ----> # 31 20 45 150
================================================================================
NOTES:
# LAST OF SEVERAL OCCURRENCES
COLUMN 17 PEAK WIND IN M.P.H.
PRELIMINARY LOCAL CLIMATOLOGICAL DATA (WS FORM: F-6) , PAGE 2
STATION: LAWTON
MONTH: OCTOBER
YEAR: 2023
LATITUDE: 34 34 N
LONGITUDE: 98 25 W
[TEMPERATURE DATA] [PRECIPITATION DATA] SYMBOLS USED IN COLUMN 16
AVERAGE MONTHLY: 64.4 TOTAL FOR MONTH: 5.36 1 = FOG OR MIST
DPTR FM NORMAL: 1.0 DPTR FM NORMAL: 2.84 2 = FOG REDUCING VISIBILITY
HIGHEST: 94 ON 3 GRTST 24HR 2.81 ON 4- 4 TO 1/4 MILE OR LESS
LOWEST: 24 ON 31 3 = THUNDER
SNOW, ICE PELLETS, HAIL 4 = ICE PELLETS
TOTAL MONTH: 0.0 INCH 5 = HAIL
GRTST 24HR 0.0 6 = FREEZING RAIN OR DRIZZLE
GRTST DEPTH: 0 7 = DUSTSTORM OR SANDSTORM:
VSBY 1/2 MILE OR LESS
8 = SMOKE OR HAZE
[NO. OF DAYS WITH] [WEATHER - DAYS WITH] 9 = BLOWING SNOW
X = TORNADO
MAX 32 OR BELOW: 0 0.01 INCH OR MORE: 6
MAX 90 OR ABOVE: 6 0.10 INCH OR MORE: 5
MIN 32 OR BELOW: 2 0.50 INCH OR MORE: 3
MIN 0 OR BELOW: 0 1.00 INCH OR MORE: 2
[HDD (BASE 65) ]
TOTAL THIS MO. 150 CLEAR (SCALE 0-3) 21
DPTR FM NORMAL 15 PTCLDY (SCALE 4-7) 6
TOTAL FM JUL 1 150 CLOUDY (SCALE 8-10) 4
DPTR FM NORMAL 3
[CDD (BASE 65) ]
TOTAL THIS MO. 136
DPTR FM NORMAL 51 [PRESSURE DATA]
TOTAL FM JAN 1 2630 HIGHEST SLP 30.54 ON 30
DPTR FM NORMAL 315 LOWEST SLP 30.37 ON 30
[REMARKS]
#FINAL-10-23#