000
CXUS54 KLUB 161337
CF6LBB
PRELIMINARY LOCAL CLIMATOLOGICAL DATA (WS FORM: F-6)
STATION: LUBBOCK
MONTH: APRIL
YEAR: 2023
LATITUDE: 33 39 N
LONGITUDE: 101 49 W
TEMPERATURE IN F: :PCPN: SNOW: WIND :SUNSHINE: SKY :PK WND
================================================================================
1 2 3 4 5 6A 6B 7 8 9 10 11 12 13 14 15 16 17 18
12Z AVG MX 2MIN
DY MAX MIN AVG DEP HDD CDD WTR SNW DPTH SPD SPD DIR MIN PSBL S-S WX SPD DR
================================================================================
1 75 32 54 -4 11 0 0.00 0.0 0 11.4 22 190 M M 3 30 160
2 85 49 67 9 0 2 0.00 0.0 0 13.5 30 250 M M 2 46 240
3 89 44 67 9 0 2 0.00 0.0 0 16.3 35 220 M M 2 49 230
4 81 49 65 7 0 0 0.00 0.0 0 24.0 46 240 M M 7 8 66 230
5 61 36 49 -10 16 0 0.00 0.0 0 14.0 29 330 M M 3 36 330
6 64 39 52 -7 13 0 0.00 0.0 0 11.8 24 110 M M 5 32 70
7 68 29 49 -10 16 0 0.00 0.0 0 9.0 20 100 M M 4 26 100
8 75 36 56 -3 9 0 0.00 0.0 0 8.3 16 170 M M 2 21 200
9 79 50 65 5 0 0 0.08 0.0 0 9.8 35 350 M M 8 13 51 350
10 80 45 63 3 2 0 0.00 0.0 0 6.9 18 60 M M 2 1 25 60
11 82 48 65 5 0 0 0.00 0.0 0 10.6 24 140 M M 1 31 130
12 84 51 68 8 0 3 0.00 0.0 0 15.7 26 150 M M 0 32 200
13 84 47 66 6 0 1 0.00 0.0 0 15.3 28 170 M M 4 39 170
14 84 58 71 10 0 6 0.00 0.0 0 16.6 29 250 M M 2 38 280
15 73 45 59 -2 6 0 0.00 0.0 0 13.1 29 40 M M 1 37 40
16 70 34 52 -9 13 0 0.00 0.0 0 6.4 14 170 M M 0 23 200
17 82 47 65 4 0 0 0.00 0.0 0 17.3 29 190 M M 4 8 39 200
18 90 54 72 10 0 7 0.00 0.0 0 13.6 24 200 M M 1 32 240
19 91 59 75 13 0 10 0.00 0.0 0 19.0 37 210 M M 3 49 200
20 73 48 61 -1 4 0 0.00 0.0 0 11.5 30 20 M M 5 8 39 20
21 73 44 59 -3 6 0 0.00 0.0 0 8.8 22 270 M M 4 8 29 270
22 62 42 52 -11 13 0 0.00 0.0 0 17.7 30 60 M M 7 41 60
23 50 38 44 -19 21 0 0.03 0.0 0 10.6 21 70 M M 10 28 90
24 63 39 51 -12 14 0 0.00 0.0 0 9.3 18 150 M M 9 23 160
25 78 52 65 1 0 0 0.00 0.0 0 12.4 29 110 M M 7 36 130
26 73 48 61 -3 4 0 T 0.0 0 13.9 32 350 M M 6 8 42 360
27 82 41 62 -2 3 0 0.00 0.0 0 11.9 24 350 M M 3 31 350
28 68 42 55 -9 10 0 T 0.0 0 20.7 39 10 M M 7 56 360
29 79 37 58 -7 7 0 0.00 0.0 0 11.8 26 350 M M 1 43 340
30 93 46 70 5 0 5 0.00 0.0 0 13.9 32 50 M M 2 44 50
================================================================================
SM 2291 1329 168 36 0.11 0.0 395.1 M 115
================================================================================
AV 76.4 44.3 13.2 FASTST M M 4 MAX(MPH)
MISC ----> 46 240 66 230
================================================================================
NOTES:
# LAST OF SEVERAL OCCURRENCES
COLUMN 17 PEAK WIND IN M.P.H.
PRELIMINARY LOCAL CLIMATOLOGICAL DATA (WS FORM: F-6) , PAGE 2
STATION: LUBBOCK
MONTH: APRIL
YEAR: 2023
LATITUDE: 33 39 N
LONGITUDE: 101 49 W
[TEMPERATURE DATA] [PRECIPITATION DATA] SYMBOLS USED IN COLUMN 16
AVERAGE MONTHLY: 60.3 TOTAL FOR MONTH: 0.11 1 = FOG OR MIST
DPTR FM NORMAL: -0.9 DPTR FM NORMAL: -1.22 2 = FOG REDUCING VISIBILITY
HIGHEST: 93 ON 30 GRTST 24HR 0.08 ON 9- 9 TO 1/4 MILE OR LESS
LOWEST: 29 ON 7 3 = THUNDER
SNOW, ICE PELLETS, HAIL 4 = ICE PELLETS
TOTAL MONTH: 0.0 INCH 5 = HAIL
GRTST 24HR 0.0 6 = FREEZING RAIN OR DRIZZLE
GRTST DEPTH: 0 7 = DUSTSTORM OR SANDSTORM:
VSBY 1/2 MILE OR LESS
8 = SMOKE OR HAZE
[NO. OF DAYS WITH] [WEATHER - DAYS WITH] 9 = BLOWING SNOW
X = TORNADO
MAX 32 OR BELOW: 0 0.01 INCH OR MORE: 2
MAX 90 OR ABOVE: 3 0.10 INCH OR MORE: 0
MIN 32 OR BELOW: 2 0.50 INCH OR MORE: 0
MIN 0 OR BELOW: 0 1.00 INCH OR MORE: 0
[HDD (BASE 65) ]
TOTAL THIS MO. 168 CLEAR (SCALE 0-3) 15
DPTR FM NORMAL -1 PTCLDY (SCALE 4-7) 13
TOTAL FM JUL 1 3039 CLOUDY (SCALE 8-10) 2
DPTR FM NORMAL -163
[CDD (BASE 65) ]
TOTAL THIS MO. 36
DPTR FM NORMAL -17 [PRESSURE DATA]
TOTAL FM JAN 1 41 HIGHEST SLP 30.33 ON 7
DPTR FM NORMAL -22 LOWEST SLP 29.35 ON 4
[REMARKS]
#FINAL-04-23#