242
CXUS55 KLBF 011200
CF6LBF
PRELIMINARY LOCAL CLIMATOLOGICAL DATA (WS FORM: F-6)
STATION: NORTH PLATTE
MONTH: JUNE
YEAR: 2020
LATITUDE: 41 7 N
LONGITUDE: 100 41 W
TEMPERATURE IN F: :PCPN: SNOW: WIND :SUNSHINE: SKY :PK WND
================================================================================
1 2 3 4 5 6A 6B 7 8 9 10 11 12 13 14 15 16 17 18
12Z AVG MX 2MIN
DY MAX MIN AVG DEP HDD CDD WTR SNW DPTH SPD SPD DIR MIN PSBL S-S WX SPD DR
================================================================================
1 97 67 82 19 0 17 0.00 0.0 0 8.4 22 200 M M 0 8 33 200
2 96 58 77 14 0 12 T 0.0 0 6.7 25 30 M M 0 3 33 30
3 89 60 75 11 0 10 0.00 0.0 0 7.0 23 220 M M 0 3 35 220
4 96 51 74 10 0 9 T 0.0 0 3.9 47 280 M M 0 38 70 290
5 92 55 74 10 0 9 0.00 0.0 0 9.7 20 100 M M 0 27 80
6 96 71 84 19 0 19 0.00 0.0 0 15.4 30 160 M M 1 3 46 170
7 96 74 85 20 0 20 0.00 0.0 0 23.5 39 170 M M 0 59 160
8 91 65 78 13 0 13 0.76 T 0 9.8 29 70 M M 3 135 44 180
9 66 49 58 -8 7 0 0.10 0.0 0 25.4 47 10 M M 9 70 360
10 77 45 61 -5 4 0 0.00 0.0 0 11.5 24 310 M M 1 36 340
11 87 45 66 0 0 1 0.00 0.0 0 4.2 13 50 M M 0 20 30
12 93 52 73 6 0 8 0.00 0.0 0 6.1 18 120 M M 0 27 120
13 91 53 72 5 0 7 0.00 0.0 0 12.2 23 120 M M 0 30 100
14 99 65 82 14 0 17 0.00 0.0 0 16.9 32 170 M M 0 54 180
15 98 70 84 16 0 19 T 0.0 0 14.8 25 170 M M 0 38 160
16 97 68 83 15 0 18 0.00 0.0 0 17.9 33 160 M M 0 49 150
17 99 71 85 17 0 20 0.00 0.0 0 18.8 29 160 M M 0 45 170
18 81 58 70 1 0 5 0.00 0.0 0 13.6 32 10 M M 6 44 10
19 76 57 67 -2 0 2 0.15 0.0 0 7.7 17 110 M M 6 3 24 80
20 86 54 70 0 0 5 0.00 0.0 0 5.8 21 190 M M 4 31 190
21 89 61 75 5 0 10 0.62 T 0 6.6 37 310 M M 1 1358 56 290
22 85 56 71 1 0 6 0.01 0.0 0 6.8 24 350 M M 2 34 340
23 85 50 68 -2 0 3 0.00 0.0 0 7.1 17 50 M M 2 25 50
24 90 55 73 2 0 8 T 0.0 0 8.9 18 120 M M 2 3 25 110
25 95 60 78 7 0 13 0.04 0.0 0 9.6 22 320 M M 0 13 29 50
26 89 66 78 7 0 13 0.01 0.0 0 7.9 18 250 M M 1 3 25 320
27 93 64 79 7 0 14 0.00 0.0 0 8.3 18 170 M M 1 27 160
28 96 64 80 8 0 15 0.00 0.0 0 8.8 18 120 M M 0 25 130
29 96 68 82 10 0 17 0.00 0.0 0 12.8 22 130 M M 2 31 130
30 88 58 73 1 0 8 0.00 0.0 0 11.3 23 320 M M 3 31 300
================================================================================
SM 2709 1790 11 318 1.69 T 327.4 M 44
================================================================================
AV 90.3 59.7 10.9 FASTST M M 1 MAX(MPH)
MISC ----> # 47 280 # 70 290
================================================================================
NOTES:
# LAST OF SEVERAL OCCURRENCES
COLUMN 17 PEAK WIND IN M.P.H.
PRELIMINARY LOCAL CLIMATOLOGICAL DATA (WS FORM: F-6) , PAGE 2
STATION: NORTH PLATTE
MONTH: JUNE
YEAR: 2020
LATITUDE: 41 7 N
LONGITUDE: 100 41 W
[TEMPERATURE DATA] [PRECIPITATION DATA] SYMBOLS USED IN COLUMN 16
AVERAGE MONTHLY: 75.0 TOTAL FOR MONTH: 1.69 1 = FOG OR MIST
DPTR FM NORMAL: 7.1 DPTR FM NORMAL: -1.73 2 = FOG REDUCING VISIBILITY
HIGHEST: 99 ON 17,14 GRTST 24HR 0.76 ON 8- 8 TO 1/4 MILE OR LESS
LOWEST: 45 ON 11,10 3 = THUNDER
SNOW, ICE PELLETS, HAIL 4 = ICE PELLETS
TOTAL MONTH: T 5 = HAIL
GRTST 24HR T ON 21-21 6 = FREEZING RAIN OR DRIZZLE
GRTST DEPTH: 0 7 = DUSTSTORM OR SANDSTORM:
VSBY 1/2 MILE OR LESS
8 = SMOKE OR HAZE
[NO. OF DAYS WITH] [WEATHER - DAYS WITH] 9 = BLOWING SNOW
X = TORNADO
MAX 32 OR BELOW: 0 0.01 INCH OR MORE: 7
MAX 90 OR ABOVE: 18 0.10 INCH OR MORE: 4
MIN 32 OR BELOW: 0 0.50 INCH OR MORE: 2
MIN 0 OR BELOW: 0 1.00 INCH OR MORE: 0
[HDD (BASE 65) ]
TOTAL THIS MO. 11 CLEAR (SCALE 0-3) 26
DPTR FM NORMAL -40 PTCLDY (SCALE 4-7) 3
TOTAL FM JUL 1 6222 CLOUDY (SCALE 8-10) 1
DPTR FM NORMAL -464
[CDD (BASE 65) ]
TOTAL THIS MO. 318
DPTR FM NORMAL 180 [PRESSURE DATA]
TOTAL FM JAN 1 336 HIGHEST SLP 30.24 ON 12
DPTR FM NORMAL 170 LOWEST SLP 29.39 ON 7
[REMARKS]
#FINAL-06-20#