000
CXUS52 KILM 011044
CF6LBT
PRELIMINARY LOCAL CLIMATOLOGICAL DATA (WS FORM: F-6)
STATION: LUMBERTON NORTH CAROLINA
MONTH: APRIL
YEAR: 2022
LATITUDE: 34 35 N
LONGITUDE: 79 4 W
TEMPERATURE IN F: :PCPN: SNOW: WIND :SUNSHINE: SKY :PK WND
================================================================================
1 2 3 4 5 6A 6B 7 8 9 10 11 12 13 14 15 16 17 18
12Z AVG MX 2MIN
DY MAX MIN AVG DEP HDD CDD WTR SNW DPTH SPD SPD DIR MIN PSBL S-S WX SPD DR
================================================================================
1 73 55 64 5 1 0 0.00 M M M M M M M M M M
2 70 43 57 -2 8 0 0.00 M M M M M M M M M M
3 74 47 61 2 4 0 0.00 M M M M M M M M M M
4 73 45 59 -1 6 0 0.00 M M M M M M M M M M
5 78 47 63 3 2 0 1.18 M M M M M M M M M M
6 82 61 72 12 0 7 0.35 M M M M M M M M M M
7 83 60 72 12 0 7 0.06 M M M M M M M M M M
8 68 49 59 -2 6 0 0.00 M M M M M M M M M M
9 56 44 50 -11 15 0 0.00 M M M M M M M M M M
10 67 36 52 -9 13 0 0.00 M M M M M M M M M M
11 82 42 62 0 3 0 0.00 M M M M M M M M M M
12 85 59 72 10 0 7 0.00 M M M M M M M M M M
13 84 61 73 11 0 8 0.00 M M M M M M M M M M
14 83 63 73 11 0 8 0.00 M M 9.0 21 240 M M 1 27 240
15 76 50 63 0 2 0 0.00 M M 7.8 20 10 M M 1 27 10
16 75 47 61 -2 4 0 0.01 M M 5.3 13 200 M M 4 18 190
17 82 56 69 6 0 4 0.00 M M 8.0 20 70 M M 3 12 26 100
18 58 46 52 -11 13 0 0.84 M M 9.1 21 320 M M 10 1 28 310
19 63 40 52 -12 13 0 0.00 M M M M M M M M M M
20 69 38 54 -10 11 0 0.00 M M M M M M M M M M
21 78 42 60 -4 5 0 0.00 M M M M M M M M M M
22 85 51 68 4 0 3 0.00 M M M M M M M M M M
23 83 55 69 4 0 4 0.00 M M M M M M M M M M
24 83 58 71 6 0 6 0.00 M M M M M M M M M M
25 86 57 72 7 0 7 0.00 M M M M M M M M M M
26 88 62 75 9 0 10 0.04 M M M M M M M M M M
27 74 50 62 -4 3 0 0.00 M M M M M M M M M M
28 74 45 60 -6 5 0 0.00 M M M M M M M M M M
29 79 48 64 -2 1 0 0.00 M M M M M M M M M M
30 82 60 71 4 0 6 0.00 M M M M M M M M M M
================================================================================
SM 2293 1517 115 77 2.48 M 39.2 M 19
================================================================================
AV 76.4 50.6 7.8 FASTST M M 4 MAX(MPH)
MISC ----> 21 240 28 310
================================================================================
NOTES:
# LAST OF SEVERAL OCCURRENCES
COLUMN 17 PEAK WIND IN M.P.H.
PRELIMINARY LOCAL CLIMATOLOGICAL DATA (WS FORM: F-6) , PAGE 2
STATION: LUMBERTON NORTH CAROLINA
MONTH: APRIL
YEAR: 2022
LATITUDE: 34 35 N
LONGITUDE: 79 4 W
[TEMPERATURE DATA] [PRECIPITATION DATA] SYMBOLS USED IN COLUMN 16
AVERAGE MONTHLY: 63.5 TOTAL FOR MONTH: 2.48 1 = FOG OR MIST
DPTR FM NORMAL: 0.8 DPTR FM NORMAL: -0.37 2 = FOG REDUCING VISIBILITY
HIGHEST: 88 ON 26 GRTST 24HR 1.18 ON 5- 5 TO 1/4 MILE OR LESS
LOWEST: 36 ON 10 3 = THUNDER
SNOW, ICE PELLETS, HAIL 4 = ICE PELLETS
TOTAL MONTH: M 5 = HAIL
GRTST 24HR M ON M 6 = FREEZING RAIN OR DRIZZLE
GRTST DEPTH: M ON M 7 = DUSTSTORM OR SANDSTORM:
VSBY 1/2 MILE OR LESS
8 = SMOKE OR HAZE
[NO. OF DAYS WITH] [WEATHER - DAYS WITH] 9 = BLOWING SNOW
X = TORNADO
MAX 32 OR BELOW: 0 0.01 INCH OR MORE: 6
MAX 90 OR ABOVE: 0 0.10 INCH OR MORE: 3
MIN 32 OR BELOW: 0 0.50 INCH OR MORE: 2
MIN 0 OR BELOW: 0 1.00 INCH OR MORE: 1
[HDD (BASE 65) ]
TOTAL THIS MO. 115 CLEAR (SCALE 0-3) 3
DPTR FM NORMAL -21 PTCLDY (SCALE 4-7) 1
TOTAL FM JUL 1 2177 CLOUDY (SCALE 8-10) 26
DPTR FM NORMAL -406
[CDD (BASE 65) ]
TOTAL THIS MO. 77
DPTR FM NORMAL 10 [PRESSURE DATA]
TOTAL FM JAN 1 124 HIGHEST SLP M ON M
DPTR FM NORMAL 35 LOWEST SLP 29.87 ON 14
[REMARKS]
#FINAL-04-22#
DATA FROM THE KLBT AIRPORT WAS AVAILABLE APRIL 14-18. THE REMAINDER OF DATA FOR THE MONTH IS FROM THE BACKUP SITE AT THE LUMBERTON RAWS STATION.