000
CXUS54 KHGX 011410
CF6LBX
PRELIMINARY LOCAL CLIMATOLOGICAL DATA (WS FORM: F-6)
STATION: ANGLETON/LAKE_JACKS
MONTH: SEPTEMBER
YEAR: 2022
LATITUDE: 29 6 N
LONGITUDE: 95 28 W
TEMPERATURE IN F: :PCPN: SNOW: WIND :SUNSHINE: SKY :PK WND
================================================================================
1 2 3 4 5 6A 6B 7 8 9 10 11 12 13 14 15 16 17 18
12Z AVG MX 2MIN
DY MAX MIN AVG DEP HDD CDD WTR SNW DPTH SPD SPD DIR MIN PSBL S-S WX SPD DR
================================================================================
1 93 75 84 2 0 19 0.00 0.0 0 5.4 13 150 M M 1 1 17 150
2 92 75 84 2 0 19 0.00 0.0 0 4.6 13 160 M M 2 13 18 130
3 88 75 82 0 0 17 1.88 0.0 0 2.0 15 100 M M 2 13 21 80
4 77 75 76 -6 0 11 T 0.0 0 1.7 4 350 M M 3 1 M M
5 83 74 79 -3 0 14 0.00 0.0 0 M M M M M M M M
6 87 73 80 -2 0 15 0.00 0.0 0 M M M M M M M M
7 93 71 82 0 0 17 0.07 0.0 0 M M M M M M 3 M M
8 93 68 81 0 0 16 0.23 0.0 0 3.5 17 320 M M 4 138 24 320
9 89 69 79 -2 0 14 T 0.0 0 3.3 13 110 M M 2 18 17 90
10 93 68 81 0 0 16 0.00 0.0 0 3.7 13 140 M M 2 18 20 80
11 96 71 84 3 0 19 0.03 0.0 0 4.0 12 340 M M 2 18 16 340
12 93 71 82 1 0 17 0.00 0.0 0 3.7 10 10 M M 1 18 17 360
13 89 67 78 -3 0 13 0.00 0.0 0 4.6 15 80 M M 2 18 18 70
14 90 64 77 -3 0 12 0.00 0.0 0 4.9 14 120 M M 1 1 21 130
15 89 70 80 0 0 15 0.14 0.0 0 7.5 20 80 M M 3 1 32 80
16 89 70 80 0 0 15 0.02 0.0 0 4.5 15 90 M M 3 13 21 120
17 92 71 82 2 0 17 0.00 0.0 0 4.6 15 140 M M 1 1 23 170
18 92 69 81 1 0 16 0.00 0.0 0 3.6 14 150 M M 1 1 20 140
19 91 71 81 1 0 16 0.05 0.0 0 4.9 13 140 M M 2 1 18 200
20 93 71 82 3 0 17 0.00 0.0 0 3.6 13 160 M M 1 12 17 140
21 92 67 80 1 0 15 0.00 0.0 0 3.5 12 120 M M 2 12 17 80
22 97 65 81 2 0 16 0.00 0.0 0 3.3 10 40 M M 1 12 15 40
23 95 71 83 4 0 18 0.00 0.0 0 3.6 14 140 M M 1 12 19 120
24 91 68 80 1 0 15 0.00 0.0 0 3.8 14 190 M M 1 1 19 180
25 96 69 83 5 0 18 0.00 0.0 0 2.0 12 140 M M 0 1 17 180
26 97 70 84 6 0 19 0.00 0.0 0 4.8 15 10 M M 0 21 360
27 89 59 74 -4 0 9 0.00 0.0 0 6.9 18 50 M M 0 26 60
28 86 59 73 -5 0 8 0.00 0.0 0 6.1 18 60 M M 0 29 50
29 86 56 71 -7 0 6 0.00 0.0 0 5.6 15 40 M M 0 22 40
30 84 53 69 -8 0 4 0.00 0.0 0 5.1 16 10 M M 0 20 360
================================================================================
SM 2715 2055 0 443 2.42 0.0 114.8 M 38
================================================================================
AV 90.5 68.5 4.3 FASTST M M 1 MAX(MPH)
MISC ----> 20 80 32 80
================================================================================
NOTES:
# LAST OF SEVERAL OCCURRENCES
COLUMN 17 PEAK WIND IN M.P.H.
PRELIMINARY LOCAL CLIMATOLOGICAL DATA (WS FORM: F-6) , PAGE 2
STATION: ANGLETON/LAKE_JACKS
MONTH: SEPTEMBER
YEAR: 2022
LATITUDE: 29 6 N
LONGITUDE: 95 28 W
[TEMPERATURE DATA] [PRECIPITATION DATA] SYMBOLS USED IN COLUMN 16
AVERAGE MONTHLY: 79.5 TOTAL FOR MONTH: 2.42 1 = FOG OR MIST
DPTR FM NORMAL: -0.6 DPTR FM NORMAL: -3.54 2 = FOG REDUCING VISIBILITY
HIGHEST: 97 ON 26,22 GRTST 24HR 1.88 ON 3- 3 TO 1/4 MILE OR LESS
LOWEST: 53 ON 30 3 = THUNDER
SNOW, ICE PELLETS, HAIL 4 = ICE PELLETS
TOTAL MONTH: 0.0 INCH 5 = HAIL
GRTST 24HR 0.0 6 = FREEZING RAIN OR DRIZZLE
GRTST DEPTH: 0 7 = DUSTSTORM OR SANDSTORM:
VSBY 1/2 MILE OR LESS
8 = SMOKE OR HAZE
[NO. OF DAYS WITH] [WEATHER - DAYS WITH] 9 = BLOWING SNOW
X = TORNADO
MAX 32 OR BELOW: 0 0.01 INCH OR MORE: 7
MAX 90 OR ABOVE: 18 0.10 INCH OR MORE: 3
MIN 32 OR BELOW: 0 0.50 INCH OR MORE: 1
MIN 0 OR BELOW: 0 1.00 INCH OR MORE: 1
[HDD (BASE 65) ]
TOTAL THIS MO. 0 CLEAR (SCALE 0-3) 25
DPTR FM NORMAL 0 PTCLDY (SCALE 4-7) 2
TOTAL FM JUL 1 0 CLOUDY (SCALE 8-10) 3
DPTR FM NORMAL 0
[CDD (BASE 65) ]
TOTAL THIS MO. 443
DPTR FM NORMAL -10 [PRESSURE DATA]
TOTAL FM JAN 1 3152 HIGHEST SLP 30.23 ON 28
DPTR FM NORMAL 315 LOWEST SLP 29.72 ON 8
[REMARKS]
#FINAL-09-22#