000
CXUS54 KHGX 011410
CF6LBX
PRELIMINARY LOCAL CLIMATOLOGICAL DATA (WS FORM: F-6)
STATION: ANGLETON/LAKE_JACKS
MONTH: OCTOBER
YEAR: 2021
LATITUDE: 29 6 N
LONGITUDE: 95 28 W
TEMPERATURE IN F: :PCPN: SNOW: WIND :SUNSHINE: SKY :PK WND
================================================================================
1 2 3 4 5 6A 6B 7 8 9 10 11 12 13 14 15 16 17 18
12Z AVG MX 2MIN
DY MAX MIN AVG DEP HDD CDD WTR SNW DPTH SPD SPD DIR MIN PSBL S-S WX SPD DR
================================================================================
1 80 73 77 0 0 12 0.35 0.0 0 3.7 17 190 M M 6 13 23 210
2 83 73 78 1 0 13 0.04 0.0 0 4.0 13 150 M M 6 13 17 150
3 91 71 81 5 0 16 1.46 0.0 0 3.2 26 360 M M 5 1238 33 360
4 90 68 79 3 0 14 0.00 0.0 0 3.7 14 330 M M 0 1 19 340
5 89 63 76 0 0 11 0.00 0.0 0 3.0 13 20 M M 1 1 20 30
6 90 63 77 1 0 12 0.00 0.0 0 2.4 12 330 M M 0 1 15 320
7 90 63 77 1 0 12 0.00 0.0 0 1.5 9 130 M M 0 1 13 140
8 87 62 75 0 0 10 0.00 0.0 0 2.3 13 150 M M 0 1 16 150
9 87 64 76 1 0 11 0.00 0.0 0 4.8 15 180 M M 1 1 18 180
10 89 72 81 6 0 16 T 0.0 0 15.5 25 160 M M 7 31 180
11 87 74 81 7 0 16 0.75 0.0 0 5.6 18 170 M M 5 13 25 170
12 91 74 83 9 0 18 0.00 0.0 0 9.7 21 180 M M 3 1 26 180
13 91 78 85 11 0 20 0.00 0.0 0 13.8 24 180 M M 3 30 170
14 84 75 80 6 0 15 0.04 0.0 0 6.7 20 140 M M 4 13 25 150
15 92 72 82 9 0 17 0.47 0.0 0 5.0 22 360 M M 5 13 31 310
16 76 55 66 -7 0 1 0.00 0.0 0 11.4 23 40 M M 0 32 30
17 75 50 63 -9 2 0 0.00 0.0 0 4.6 15 40 M M 0 20 40
18 78 52 65 -7 0 0 0.00 0.0 0 4.3 13 110 M M 1 1 19 130
19 84 58 71 -1 0 6 0.00 0.0 0 5.7 13 120 M M 3 18 17 130
20 86 67 77 5 0 12 0.00 0.0 0 3.7 10 110 M M 3 12 14 60
21 89 66 78 7 0 13 0.00 0.0 0 3.0 9 120 M M 5 12 12 130
22 86 64 75 4 0 10 0.00 0.0 0 4.7 12 120 M M 6 12 14 120
23 86 68 77 6 0 12 0.84 0.0 0 5.8 33 170 M M 4 123 45 180
24 87 70 79 9 0 14 0.15 0.0 0 5.8 15 170 M M 3 1 18 170
25 90 71 81 11 0 16 0.00 0.0 0 2.3 13 170 M M 6 128 15 180
26 85 71 78 8 0 13 0.00 0.0 0 7.4 16 160 M M 4 1 19 150
27 84 63 74 5 0 9 1.89 0.0 0 8.1 22 340 M M 4 1238 29 190
28 80 55 68 -1 0 3 0.00 0.0 0 8.4 26 330 M M 1 39 320
29 75 50 63 -6 2 0 0.00 0.0 0 8.2 21 320 M M 0 35 330
30 77 44 61 -7 4 0 0.00 0.0 0 2.9 12 330 M M 0 17 340
31 80 49 65 -3 0 0 0.00 0.0 0 3.7 12 130 M M 0 18 130
================================================================================
SM 2639 1998 8 322 5.99 0.0 174.9 M 86
================================================================================
AV 85.1 64.5 5.6 FASTST M M 3 MAX(MPH)
MISC ----> 33 170 45 180
================================================================================
NOTES:
# LAST OF SEVERAL OCCURRENCES
COLUMN 17 PEAK WIND IN M.P.H.
PRELIMINARY LOCAL CLIMATOLOGICAL DATA (WS FORM: F-6) , PAGE 2
STATION: ANGLETON/LAKE_JACKS
MONTH: OCTOBER
YEAR: 2021
LATITUDE: 29 6 N
LONGITUDE: 95 28 W
[TEMPERATURE DATA] [PRECIPITATION DATA] SYMBOLS USED IN COLUMN 16
AVERAGE MONTHLY: 74.8 TOTAL FOR MONTH: 5.99 1 = FOG OR MIST
DPTR FM NORMAL: 2.1 DPTR FM NORMAL: 1.55 2 = FOG REDUCING VISIBILITY
HIGHEST: 92 ON 15 GRTST 24HR 1.89 ON 27-27 TO 1/4 MILE OR LESS
LOWEST: 44 ON 30 3 = THUNDER
SNOW, ICE PELLETS, HAIL 4 = ICE PELLETS
TOTAL MONTH: 0.0 INCH 5 = HAIL
GRTST 24HR 0.0 6 = FREEZING RAIN OR DRIZZLE
GRTST DEPTH: 0 7 = DUSTSTORM OR SANDSTORM:
VSBY 1/2 MILE OR LESS
8 = SMOKE OR HAZE
[NO. OF DAYS WITH] [WEATHER - DAYS WITH] 9 = BLOWING SNOW
X = TORNADO
MAX 32 OR BELOW: 0 0.01 INCH OR MORE: 9
MAX 90 OR ABOVE: 8 0.10 INCH OR MORE: 7
MIN 32 OR BELOW: 0 0.50 INCH OR MORE: 4
MIN 0 OR BELOW: 0 1.00 INCH OR MORE: 2
[HDD (BASE 65) ]
TOTAL THIS MO. 8 CLEAR (SCALE 0-3) 17
DPTR FM NORMAL -12 PTCLDY (SCALE 4-7) 14
TOTAL FM JUL 1 8 CLOUDY (SCALE 8-10) 0
DPTR FM NORMAL -10
[CDD (BASE 65) ]
TOTAL THIS MO. 322
DPTR FM NORMAL 64 [PRESSURE DATA]
TOTAL FM JAN 1 3090 HIGHEST SLP 30.31 ON 17
DPTR FM NORMAL -5 LOWEST SLP 29.59 ON 27
[REMARKS]
#FINAL-10-21#