000
CXUS54 KHGX 011510
CF6LBX
PRELIMINARY LOCAL CLIMATOLOGICAL DATA (WS FORM: F-6)
STATION: ANGLETON/LAKE_JACKS
MONTH: JANUARY
YEAR: 2024
LATITUDE: 29 6 N
LONGITUDE: 95 28 W
TEMPERATURE IN F: :PCPN: SNOW: WIND :SUNSHINE: SKY :PK WND
================================================================================
1 2 3 4 5 6A 6B 7 8 9 10 11 12 13 14 15 16 17 18
12Z AVG MX 2MIN
DY MAX MIN AVG DEP HDD CDD WTR SNW DPTH SPD SPD DIR MIN PSBL S-S WX SPD DR
================================================================================
1 67 50 59 4 6 0 0.02 0.0 0 6.4 16 10 M M 9 128 21 20
2 58 45 52 -3 13 0 0.99 0.0 0 11.3 29 360 M M 8 13 40 360
3 60 45 53 -2 12 0 0.28 0.0 0 8.1 28 360 M M 7 1 40 50
4 62 38 50 -5 15 0 0.03 0.0 0 10.1 22 90 M M 5 12 30 90
5 65 45 55 0 10 0 1.74 0.0 0 8.7 31 310 M M 6 13 51 300
6 66 39 53 -2 12 0 0.00 0.0 0 3.2 9 350 M M 2 12 13 360
7 62 42 52 -3 13 0 0.00 0.0 0 7.2 17 130 M M 2 12 25 140
8 75 50 63 8 2 0 0.40 0.0 0 18.3 40 180 M M 10 138 69 200
9 58 37 48 -7 17 0 0.01 0.0 0 8.1 23 320 M M 2 40 330
10 69 33 51 -4 14 0 0.00 0.0 0 5.7 23 180 M M 3 31 180
11 77 55 66 11 0 1 0.00 0.0 0 14.5 26 170 M M 10 1 34 200
12 71 37 54 -1 11 0 0.01 0.0 0 11.9 29 330 M M 3 1 47 300
13 64 33 49 -6 16 0 0.00 0.0 0 4.3 16 180 M M 0 25 170
14 57 37 47 -8 18 0 0.00 0.0 0 9.2 18 360 M M 2 1 24 10
15 37 27 32 -23 33 0 0.01 T 0 14.5 24 360 M M 10 1 32 360
16 36 20 28 -27 37 0 0.00 0.0 0 13.4 29 360 M M 3 39 10
17 48 19 34 -21 31 0 0.00 0.0 0 5.9 14 70 M M 6 1 20 70
18 70 48 59 4 6 0 0.00 0.0 0 2.9 14 190 M M 7 12 18 190
19 59 37 48 -7 17 0 0.00 0.0 0 11.2 23 30 M M 2 12 34 20
20 49 30 40 -15 25 0 0.00 0.0 0 8.8 15 50 M M 3 23 40
21 55 40 48 -7 17 0 0.01 0.0 0 13.4 20 60 M M 10 18 33 50
22 68 55 62 7 3 0 0.94 0.0 0 11.2 24 170 M M 10 13 33 160
23 73 64 69 14 0 4 0.03 0.0 0 11.2 21 180 M M 10 1 27 170
24 71 60 66 11 0 1 2.49 0.0 0 8.5 22 10 M M 10 13 30 70
25 73 54 64 9 1 0 0.67 0.0 0 4.8 21 350 M M 4 13 32 350
26 63 53 58 2 7 0 0.22 0.0 0 5.9 13 80 M M 10 12 20 80
27 62 45 54 -2 11 0 0.00 0.0 0 9.2 21 340 M M 8 33 330
28 65 41 53 -3 12 0 0.00 0.0 0 6.2 17 10 M M 0 25 20
29 70 36 53 -3 12 0 0.00 0.0 0 3.0 13 190 M M 0 16 190
30 71 43 57 1 8 0 0.00 0.0 0 2.2 9 210 M M 0 18 12 280
31 74 42 58 2 7 0 0.00 0.0 0 2.6 14 180 M M 0 1 16 190
================================================================================
SM 1955 1300 386 6 7.85 T 261.9 M 162
================================================================================
AV 63.1 41.9 8.4 FASTST M M 5 MAX(MPH)
MISC ----> 40 180 69 200
================================================================================
NOTES:
# LAST OF SEVERAL OCCURRENCES
COLUMN 17 PEAK WIND IN M.P.H.
PRELIMINARY LOCAL CLIMATOLOGICAL DATA (WS FORM: F-6) , PAGE 2
STATION: ANGLETON/LAKE_JACKS
MONTH: JANUARY
YEAR: 2024
LATITUDE: 29 6 N
LONGITUDE: 95 28 W
[TEMPERATURE DATA] [PRECIPITATION DATA] SYMBOLS USED IN COLUMN 16
AVERAGE MONTHLY: 52.5 TOTAL FOR MONTH: 7.85 1 = FOG OR MIST
DPTR FM NORMAL: -2.6 DPTR FM NORMAL: 3.66 2 = FOG REDUCING VISIBILITY
HIGHEST: 77 ON 11 GRTST 24HR 2.50 ON 22-22 TO 1/4 MILE OR LESS
LOWEST: 19 ON 17 3 = THUNDER
SNOW, ICE PELLETS, HAIL 4 = ICE PELLETS
TOTAL MONTH: T 5 = HAIL
GRTST 24HR T ON 15-15 6 = FREEZING RAIN OR DRIZZLE
GRTST DEPTH: 0 7 = DUSTSTORM OR SANDSTORM:
VSBY 1/2 MILE OR LESS
8 = SMOKE OR HAZE
[NO. OF DAYS WITH] [WEATHER - DAYS WITH] 9 = BLOWING SNOW
X = TORNADO
MAX 32 OR BELOW: 0 0.01 INCH OR MORE: 15
MAX 90 OR ABOVE: 0 0.10 INCH OR MORE: 8
MIN 32 OR BELOW: 4 0.50 INCH OR MORE: 5
MIN 0 OR BELOW: 0 1.00 INCH OR MORE: 2
[HDD (BASE 65) ]
TOTAL THIS MO. 386 CLEAR (SCALE 0-3) 14
DPTR FM NORMAL 54 PTCLDY (SCALE 4-7) 8
TOTAL FM JUL 1 825 CLOUDY (SCALE 8-10) 9
DPTR FM NORMAL 57
[CDD (BASE 65) ]
TOTAL THIS MO. 6
DPTR FM NORMAL -17 [PRESSURE DATA]
TOTAL FM JAN 1 6 HIGHEST SLP 30.56 ON 20
DPTR FM NORMAL -17 LOWEST SLP 29.47 ON 8
[REMARKS]
#FINAL-01-24#