000
CXUS52 KMLB 010632
CF6LEE
PRELIMINARY LOCAL CLIMATOLOGICAL DATA (WS FORM: F-6)
STATION: LEESBURG
MONTH: MAY
YEAR: 2020
LATITUDE: 28 49 N
LONGITUDE: 81 49 W
TEMPERATURE IN F: :PCPN: SNOW: WIND :SUNSHINE: SKY :PK WND
================================================================================
1 2 3 4 5 6A 6B 7 8 9 10 11 12 13 14 15 16 17 18
12Z AVG MX 2MIN
DY MAX MIN AVG DEP HDD CDD WTR SNW DPTH SPD SPD DIR MIN PSBL S-S WX SPD DR
================================================================================
1 83 59 71 -3 0 6 0.00 0.0 0 7.1 15 330 M M 0 19 280
2 86 58 72 -2 0 7 0.00 0.0 0 4.3 13 100 M M 0 15 120
3 88 62 75 1 0 10 0.00 0.0 0 3.5 8 100 M M 0 1 11 300
4 89 66 78 3 0 13 0.00 0.0 0 4.9 12 220 M M 0 17 210
5 89 65 77 2 0 12 0.00 0.0 0 4.6 14 280 M M 1 1 19 280
6 88 68 78 3 0 13 T 0.0 0 7.5 17 260 M M 2 23 290
7 79 61 70 -5 0 5 0.00 0.0 0 9.3 17 340 M M 0 26 350
8 84 59 72 -4 0 7 0.00 0.0 0 8.6 15 150 M M 0 21 300
9 86 66 76 0 0 11 0.00 0.0 0 8.0 18 50 M M 4 24 50
10 82 68 75 -1 0 10 T 0.0 0 8.0 14 90 M M 5 18 100
11 89 65 77 1 0 12 0.00 0.0 0 6.1 16 350 M M 1 12 21 350
12 88 62 75 -1 0 10 0.00 0.0 0 8.3 17 60 M M 0 22 40
13 88 63 76 -1 0 11 0.00 0.0 0 10.4 20 100 M M 1 26 80
14 87 66 77 0 0 12 0.00 0.0 0 11.3 23 100 M M 3 28 100
15 90 68 79 2 0 14 T 0.0 0 10.8 20 50 M M 2 24 50
16 92 73 83 6 0 18 0.00 0.0 0 11.7 23 40 M M 4 28 30
17 94 72 83 5 0 18 T 0.0 0 5.2 20 290 M M 5 3 24 290
18 85 71 78 0 0 13 0.04 0.0 0 7.9 26 230 M M 2 40 220
19 91 71 81 3 0 16 0.00 0.0 0 9.1 20 290 M M 2 26 280
20 93 70 82 4 0 17 0.00 0.0 0 6.5 13 260 M M 1 17 220
21 96 71 84 6 0 19 0.00 0.0 0 6.2 24 180 M M 1 3 34 180
22 97 71 84 5 0 19 0.00 0.0 0 5.8 26 120 M M 0 3 35 110
23 95 73 84 5 0 19 0.00 0.0 0 7.9 16 100 M M 1 23 100
24 92 75 84 5 0 19 0.00 0.0 0 8.9 15 90 M M 2 21 120
25 78 73 76 -3 0 11 0.90 0.0 0 10.9 23 70 M M 8 1 32 70
26 90 74 82 3 0 17 0.90 0.0 0 4.2 15 220 M M 7 138 20 320
27 93 73 83 3 0 18 0.02 0.0 0 6.9 16 150 M M 3 3 22 220
28 92 73 83 3 0 18 0.51 0.0 0 6.1 28 210 M M 4 13 43 210
29 93 72 83 3 0 18 0.35 0.0 0 5.3 29 220 M M 1 13 39 220
30 94 74 84 4 0 19 0.00 0.0 0 4.9 22 20 M M 1 28 360
31 93 72 83 3 0 18 T 0.0 0 4.2 13 300 M M 2 17 300
================================================================================
SM 2764 2114 0 430 2.72 0.0 224.4 M 63
================================================================================
AV 89.2 68.2 7.2 FASTST M M 2 MAX(MPH)
MISC ----> 29 220 43 210
================================================================================
NOTES:
# LAST OF SEVERAL OCCURRENCES
COLUMN 17 PEAK WIND IN M.P.H.
PRELIMINARY LOCAL CLIMATOLOGICAL DATA (WS FORM: F-6) , PAGE 2
STATION: LEESBURG
MONTH: MAY
YEAR: 2020
LATITUDE: 28 49 N
LONGITUDE: 81 49 W
[TEMPERATURE DATA] [PRECIPITATION DATA] SYMBOLS USED IN COLUMN 16
AVERAGE MONTHLY: 78.7 TOTAL FOR MONTH: 2.72 1 = FOG OR MIST
DPTR FM NORMAL: 1.4 DPTR FM NORMAL: -0.19 2 = FOG REDUCING VISIBILITY
HIGHEST: 97 ON 22 GRTST 24HR 0.92 ON 26-27 TO 1/4 MILE OR LESS
LOWEST: 58 ON 2 3 = THUNDER
SNOW, ICE PELLETS, HAIL 4 = ICE PELLETS
TOTAL MONTH: 0.0 INCH 5 = HAIL
GRTST 24HR 0.0 6 = FREEZING RAIN OR DRIZZLE
GRTST DEPTH: 0 7 = DUSTSTORM OR SANDSTORM:
VSBY 1/2 MILE OR LESS
8 = SMOKE OR HAZE
[NO. OF DAYS WITH] [WEATHER - DAYS WITH] 9 = BLOWING SNOW
X = TORNADO
MAX 32 OR BELOW: 0 0.01 INCH OR MORE: 6
MAX 90 OR ABOVE: 15 0.10 INCH OR MORE: 4
MIN 32 OR BELOW: 0 0.50 INCH OR MORE: 3
MIN 0 OR BELOW: 0 1.00 INCH OR MORE: 0
[HDD (BASE 65) ]
TOTAL THIS MO. 0 CLEAR (SCALE 0-3) 24
DPTR FM NORMAL -1 PTCLDY (SCALE 4-7) 6
TOTAL FM JUL 1 343 CLOUDY (SCALE 8-10) 1
DPTR FM NORMAL -358
[CDD (BASE 65) ]
TOTAL THIS MO. 430
DPTR FM NORMAL 48 [PRESSURE DATA]
TOTAL FM JAN 1 1257 HIGHEST SLP M ON M
DPTR FM NORMAL 505 LOWEST SLP 29.80 ON 19
[REMARKS]
#FINAL-05-20#