000
CXUS53 KLMK 010710
CF6LEX
PRELIMINARY LOCAL CLIMATOLOGICAL DATA (WS FORM: F-6)
STATION: LEXINGTON KY
MONTH: JULY
YEAR: 2021
LATITUDE: 38 1 N
LONGITUDE: 84 36 W
TEMPERATURE IN F: :PCPN: SNOW: WIND :SUNSHINE: SKY :PK WND
================================================================================
1 2 3 4 5 6A 6B 7 8 9 10 11 12 13 14 15 16 17 18
12Z AVG MX 2MIN
DY MAX MIN AVG DEP HDD CDD WTR SNW DPTH SPD SPD DIR MIN PSBL S-S WX SPD DR
================================================================================
1 72 65 69 -7 0 4 2.46 0.0 0 4.3 17 250 M M 8 13 23 240
2 77 57 67 -9 0 2 0.00 0.0 0 7.2 17 10 M M 4 12 22 10
3 78 53 66 -10 0 1 0.00 0.0 0 2.9 10 270 M M 0 14 310
4 84 61 73 -3 0 8 0.00 0.0 0 4.7 13 280 M M 3 8 17 270
5 88 67 78 2 0 13 0.00 0.0 0 1.2 8 320 M M 1 1 14 250
6 88 69 79 2 0 14 T 0.0 0 2.3 16 220 M M 1 13 21 200
7 86 68 77 0 0 12 0.00 0.0 0 9.0 24 180 M M 1 36 190
8 85 69 77 0 0 12 0.09 0.0 0 6.2 20 350 M M 7 13 26 350
9 81 66 74 -3 0 9 0.15 0.0 0 6.5 14 280 M M 4 13 20 340
10 84 65 75 -2 0 10 0.44 0.0 0 8.3 23 250 M M 4 13 44 170
11 82 66 74 -3 0 9 0.54 0.0 0 9.1 23 200 M M 7 1 34 190
12 83 70 77 0 0 12 0.12 0.0 0 10.3 20 160 M M 6 13 28 170
13 79 69 74 -3 0 9 0.47 0.0 0 9.5 20 190 M M 5 13 26 240
14 84 68 76 -1 0 11 0.00 0.0 0 6.4 12 230 M M 5 16 240
15 87 67 77 0 0 12 0.32 0.0 0 7.9 29 220 M M 2 13 38 220
16 88 69 79 2 0 14 0.01 0.0 0 8.0 20 220 M M 2 3 29 230
17 83 68 76 -1 0 11 0.21 0.0 0 7.1 17 220 M M 6 13 23 210
18 82 67 75 -2 0 10 0.00 0.0 0 8.9 15 50 M M 3 20 40
19 84 63 74 -3 0 9 0.00 0.0 0 9.1 17 30 M M 1 25 50
20 85 61 73 -4 0 8 0.00 0.0 0 6.2 13 30 M M 0 18 18 30
21 84 63 74 -3 0 9 0.00 0.0 0 4.0 14 360 M M 1 128 17 360
22 81 63 72 -5 0 7 0.00 0.0 0 6.3 12 30 M M 0 17 40
23 84 58 71 -6 0 6 0.00 0.0 0 4.2 13 60 M M 0 1 16 40
24 85 60 73 -4 0 8 0.00 0.0 0 5.2 12 250 M M 0 1 18 270
25 90 71 81 4 0 16 0.01 0.0 0 6.9 15 290 M M 1 18 21 310
26 92 71 82 5 0 17 0.00 0.0 0 5.5 15 30 M M 3 12 20 30
27 90 66 78 1 0 13 0.00 0.0 0 3.7 13 20 M M 0 8 18 30
28 89 63 76 -1 0 11 0.00 0.0 0 2.1 12 330 M M 0 1 16 320
29 87 66 77 0 0 12 T 0.0 0 6.9 16 220 M M 2 18 22 200
30 84 69 77 0 0 12 T 0.0 0 5.6 16 250 M M 6 13 25 250
31 79 62 71 -6 0 6 T 0.0 0 4.3 16 280 M M 4 18 21 280
================================================================================
SM 2605 2020 0 307 4.82 0.0 189.8 M 87
================================================================================
AV 84.0 65.2 6.1 FASTST M M 3 MAX(MPH)
MISC ----> 29 220 44 170
================================================================================
NOTES:
# LAST OF SEVERAL OCCURRENCES
COLUMN 17 PEAK WIND IN M.P.H.
PRELIMINARY LOCAL CLIMATOLOGICAL DATA (WS FORM: F-6) , PAGE 2
STATION: LEXINGTON KY
MONTH: JULY
YEAR: 2021
LATITUDE: 38 1 N
LONGITUDE: 84 36 W
[TEMPERATURE DATA] [PRECIPITATION DATA] SYMBOLS USED IN COLUMN 16
AVERAGE MONTHLY: 74.6 TOTAL FOR MONTH: 4.82 1 = FOG OR MIST
DPTR FM NORMAL: -2.1 DPTR FM NORMAL: -0.30 2 = FOG REDUCING VISIBILITY
HIGHEST: 92 ON 26 GRTST 24HR 3.25 ON 30- 1 TO 1/4 MILE OR LESS
LOWEST: 53 ON 3 3 = THUNDER
SNOW, ICE PELLETS, HAIL 4 = ICE PELLETS
TOTAL MONTH: 0.0 INCH 5 = HAIL
GRTST 24HR 0.0 6 = FREEZING RAIN OR DRIZZLE
GRTST DEPTH: 0 7 = DUSTSTORM OR SANDSTORM:
VSBY 1/2 MILE OR LESS
8 = SMOKE OR HAZE
[NO. OF DAYS WITH] [WEATHER - DAYS WITH] 9 = BLOWING SNOW
X = TORNADO
MAX 32 OR BELOW: 0 0.01 INCH OR MORE: 11
MAX 90 OR ABOVE: 3 0.10 INCH OR MORE: 8
MIN 32 OR BELOW: 0 0.50 INCH OR MORE: 2
MIN 0 OR BELOW: 0 1.00 INCH OR MORE: 1
[HDD (BASE 65) ]
TOTAL THIS MO. 0 CLEAR (SCALE 0-3) 19
DPTR FM NORMAL 0 PTCLDY (SCALE 4-7) 12
TOTAL FM JUL 1 0 CLOUDY (SCALE 8-10) 0
DPTR FM NORMAL 0
[CDD (BASE 65) ]
TOTAL THIS MO. 307
DPTR FM NORMAL -56 [PRESSURE DATA]
TOTAL FM JAN 1 635 HIGHEST SLP M ON M
DPTR FM NORMAL -120 LOWEST SLP 29.82 ON 11
[REMARKS]
#FINAL-07-21#