000
CXUS54 KSHV 011300
CF6LFK
PRELIMINARY LOCAL CLIMATOLOGICAL DATA (WS FORM: F-6)
STATION: LUFKIN
MONTH: MARCH
YEAR: 2023
LATITUDE: 31 14 N
LONGITUDE: 94 45 W
TEMPERATURE IN F: :PCPN: SNOW: WIND :SUNSHINE: SKY :PK WND
================================================================================
1 2 3 4 5 6A 6B 7 8 9 10 11 12 13 14 15 16 17 18
12Z AVG MX 2MIN
DY MAX MIN AVG DEP HDD CDD WTR SNW DPTH SPD SPD DIR MIN PSBL S-S WX SPD DR
================================================================================
1 83 68 76 20 0 11 0.00 0.0 0 7.3 20 190 M M 7 30 210
2 82 64 73 17 0 8 0.64 0.0 0 11.1 24 150 M M 9 13 40 280
3 68 48 58 2 7 0 0.01 0.0 0 8.3 24 270 M M 3 1 42 290
4 78 44 61 4 4 0 0.00 0.0 0 3.7 9 180 M M 0 1 13 170
5 81 47 64 7 1 0 0.00 0.0 0 4.1 14 130 M M 0 1 20 140
6 80 50 65 8 0 0 0.00 0.0 0 3.1 15 240 M M 5 12 20 240
7 83 64 74 17 0 9 T 0.0 0 3.5 8 170 M M 8 12 12 160
8 85 66 76 18 0 11 0.00 0.0 0 2.7 9 270 M M 4 1 14 180
9 84 64 74 16 0 9 0.00 0.0 0 5.9 13 220 M M 5 18 240
10 72 59 66 8 0 1 0.00 0.0 0 5.7 13 350 M M 10 13 20 360
11 84 59 72 14 0 7 0.00 0.0 0 9.9 21 200 M M 6 1 31 210
12 76 53 65 7 0 0 0.00 0.0 0 7.8 17 10 M M 7 1 25 360
13 69 48 59 0 6 0 0.00 0.0 0 6.4 16 80 M M 0 22 80
14 63 44 54 -5 11 0 0.04 0.0 0 5.0 13 70 M M 4 8 19 70
15 71 40 56 -3 9 0 0.00 0.0 0 7.2 16 140 M M 1 8 22 120
16 71 54 63 3 2 0 2.00 0.0 0 10.0 22 130 M M 9 13 33 140
17 64 44 54 -6 11 0 T 0.0 0 6.5 18 330 M M 3 3 32 340
18 55 43 49 -11 16 0 0.00 0.0 0 5.5 12 20 M M 3 18 350
19 57 31 44 -16 21 0 0.00 0.0 0 4.5 16 290 M M 0 27 300
20 57 31 44 -16 21 0 0.00 0.0 0 7.3 17 140 M M 5 25 140
21 73 49 61 1 4 0 T 0.0 0 12.4 26 160 M M 10 36 160
22 84 67 76 15 0 11 T 0.0 0 11.0 21 180 M M 9 31 170
23 84 70 77 16 0 12 0.00 0.0 0 11.6 22 170 M M 7 32 180
24 79 62 71 10 0 6 0.01 0.0 0 7.8 17 160 M M 8 123 26 160
25 84 52 68 7 0 3 0.00 0.0 0 1.4 12 350 M M 1 1 17 350
26 75 50 63 1 2 0 1.25 0.0 0 3.7 15 110 M M 5 123 21 100
27 80 56 68 6 0 3 T 0.0 0 5.8 15 70 M M 3 12 20 80
28 74 56 65 3 0 0 0.00 0.0 0 6.8 18 360 M M 2 28 360
29 69 51 60 -2 5 0 0.12 0.0 0 5.8 13 80 M M 6 1 17 80
30 74 57 66 4 0 1 T 0.0 0 9.8 20 130 M M 9 3 26 120
31 84 66 75 12 0 10 0.08 0.0 0 10.3 22 180 M M 6 13 33 170
================================================================================
SM 2323 1657 120 102 4.15 0.0 211.9 M 155
================================================================================
AV 74.9 53.5 6.8 FASTST M M 5 MAX(MPH)
MISC ----> 26 160 42 290
================================================================================
NOTES:
# LAST OF SEVERAL OCCURRENCES
COLUMN 17 PEAK WIND IN M.P.H.
PRELIMINARY LOCAL CLIMATOLOGICAL DATA (WS FORM: F-6) , PAGE 2
STATION: LUFKIN
MONTH: MARCH
YEAR: 2023
LATITUDE: 31 14 N
LONGITUDE: 94 45 W
[TEMPERATURE DATA] [PRECIPITATION DATA] SYMBOLS USED IN COLUMN 16
AVERAGE MONTHLY: 64.2 TOTAL FOR MONTH: 4.15 1 = FOG OR MIST
DPTR FM NORMAL: 4.8 DPTR FM NORMAL: -0.06 2 = FOG REDUCING VISIBILITY
HIGHEST: 85 ON 8 GRTST 24HR 2.00 ON 16-16 TO 1/4 MILE OR LESS
LOWEST: 31 ON 20,19 3 = THUNDER
SNOW, ICE PELLETS, HAIL 4 = ICE PELLETS
TOTAL MONTH: 0.0 INCH 5 = HAIL
GRTST 24HR 0.0 6 = FREEZING RAIN OR DRIZZLE
GRTST DEPTH: 0 7 = DUSTSTORM OR SANDSTORM:
VSBY 1/2 MILE OR LESS
8 = SMOKE OR HAZE
[NO. OF DAYS WITH] [WEATHER - DAYS WITH] 9 = BLOWING SNOW
X = TORNADO
MAX 32 OR BELOW: 0 0.01 INCH OR MORE: 8
MAX 90 OR ABOVE: 0 0.10 INCH OR MORE: 4
MIN 32 OR BELOW: 2 0.50 INCH OR MORE: 3
MIN 0 OR BELOW: 0 1.00 INCH OR MORE: 2
[HDD (BASE 65) ]
TOTAL THIS MO. 120 CLEAR (SCALE 0-3) 11
DPTR FM NORMAL -93 PTCLDY (SCALE 4-7) 14
TOTAL FM JUL 1 1389 CLOUDY (SCALE 8-10) 6
DPTR FM NORMAL -500
[CDD (BASE 65) ]
TOTAL THIS MO. 102
DPTR FM NORMAL 63 [PRESSURE DATA]
TOTAL FM JAN 1 180 HIGHEST SLP 30.57 ON 19
DPTR FM NORMAL 123 LOWEST SLP 29.31 ON 2
[REMARKS]
#FINAL-03-23#