000
CXUS54 KSHV 131300
CF6LFK
PRELIMINARY LOCAL CLIMATOLOGICAL DATA (WS FORM: F-6)
STATION: LUFKIN
MONTH: SEPTEMBER
YEAR: 2022
LATITUDE: 31 14 N
LONGITUDE: 94 45 W
TEMPERATURE IN F: :PCPN: SNOW: WIND :SUNSHINE: SKY :PK WND
================================================================================
1 2 3 4 5 6A 6B 7 8 9 10 11 12 13 14 15 16 17 18
12Z AVG MX 2MIN
DY MAX MIN AVG DEP HDD CDD WTR SNW DPTH SPD SPD DIR MIN PSBL S-S WX SPD DR
================================================================================
1 96 75 86 5 0 21 0.28 0.0 0 2.1 18 210 M M 2 13 24 210
2 91 72 82 2 0 17 3.57 0.0 0 2.0 30 160 M M 1 13 37 150
3 90 72 81 1 0 16 0.60 0.0 0 2.5 20 80 M M 3 13 25 80
4 87 71 79 -1 0 14 0.00 0.0 0 2.3 10 210 M M 3 1 15 220
5 91 72 82 2 0 17 0.00 0.0 0 4.3 13 190 M M 2 12 17 160
6 91 72 82 2 0 17 0.00 0.0 0 3.0 10 210 M M 0 15 140
7 92 73 83 3 0 18 T 0.0 0 2.7 13 40 M M 1 3 16 30
8 91 71 81 2 0 16 0.00 0.0 0 4.4 12 90 M M 2 16 70
9 90 67 79 0 0 14 0.00 0.0 0 2.4 9 70 M M 1 1 14 90
10 92 65 79 0 0 14 0.00 0.0 0 2.1 10 40 M M 1 15 40
11 92 70 81 2 0 16 0.00 0.0 0 4.1 12 330 M M 1 1 16 350
12 88 68 78 0 0 13 0.00 0.0 0 3.6 12 10 M M 0 14 10
13 88 62 75 -3 0 10 0.00 0.0 0 3.5 9 80 M M 0 12 70
14 87 57 72 -6 0 7 0.00 0.0 0 3.3 14 100 M M 0 18 90
15 89 59 74 -4 0 9 0.00 0.0 0 3.2 12 120 M M 0 15 140
16 90 67 79 2 0 14 T 0.0 0 5.1 15 150 M M 2 3 19 150
17 93 71 82 5 0 17 0.00 0.0 0 5.0 13 160 M M 2 1 16 150
18 94 70 82 5 0 17 0.00 0.0 0 3.2 9 70 M M 1 1 11 90
19 95 72 84 7 0 19 0.00 0.0 0 2.5 9 110 M M 1 12 11 110
20 95 71 83 7 0 18 0.00 0.0 0 2.0 10 120 M M 1 1 14 130
21 96 69 83 7 0 18 0.00 0.0 0 1.7 8 120 M M 0 12 360
22 99 70 85 9 0 20 0.00 0.0 0 3.5 9 100 M M 0 12 300
23 96 73 85 10 0 20 0.00 0.0 0 3.4 10 70 M M 0 14 80
24 96 70 83 8 0 18 0.00 0.0 0 2.5 12 170 M M 0 1 15 210
25 97 67 82 7 0 17 0.00 0.0 0 2.6 9 290 M M 0 12 280
26 89 59 74 0 0 9 0.00 0.0 0 6.6 16 40 M M 1 22 50
27 89 53 71 -3 0 6 0.00 0.0 0 5.0 15 70 M M 0 22 70
28 90 54 72 -2 0 7 0.00 0.0 0 4.8 12 40 M M 0 15 30
29 84 54 69 -5 0 4 0.00 0.0 0 5.1 12 70 M M 0 18 40
30 83 49 66 -7 0 1 0.00 0.0 0 4.7 13 40 M M 0 17 10
================================================================================
SM 2741 1995 0 424 4.45 0.0 103.2 M 25
================================================================================
AV 91.4 66.5 3.4 FASTST M M 1 MAX(MPH)
MISC ----> 30 160 37 150
================================================================================
NOTES:
# LAST OF SEVERAL OCCURRENCES
COLUMN 17 PEAK WIND IN M.P.H.
PRELIMINARY LOCAL CLIMATOLOGICAL DATA (WS FORM: F-6) , PAGE 2
STATION: LUFKIN
MONTH: SEPTEMBER
YEAR: 2022
LATITUDE: 31 14 N
LONGITUDE: 94 45 W
[TEMPERATURE DATA] [PRECIPITATION DATA] SYMBOLS USED IN COLUMN 16
AVERAGE MONTHLY: 78.9 TOTAL FOR MONTH: 4.45 1 = FOG OR MIST
DPTR FM NORMAL: 1.6 DPTR FM NORMAL: 0.51 2 = FOG REDUCING VISIBILITY
HIGHEST: 99 ON 22 GRTST 24HR 3.81 ON 1- 2 TO 1/4 MILE OR LESS
LOWEST: 49 ON 30 3 = THUNDER
SNOW, ICE PELLETS, HAIL 4 = ICE PELLETS
TOTAL MONTH: 0.0 INCH 5 = HAIL
GRTST 24HR 0.0 6 = FREEZING RAIN OR DRIZZLE
GRTST DEPTH: 0 7 = DUSTSTORM OR SANDSTORM:
VSBY 1/2 MILE OR LESS
8 = SMOKE OR HAZE
[NO. OF DAYS WITH] [WEATHER - DAYS WITH] 9 = BLOWING SNOW
X = TORNADO
MAX 32 OR BELOW: 0 0.01 INCH OR MORE: 3
MAX 90 OR ABOVE: 21 0.10 INCH OR MORE: 3
MIN 32 OR BELOW: 0 0.50 INCH OR MORE: 2
MIN 0 OR BELOW: 0 1.00 INCH OR MORE: 1
[HDD (BASE 65) ]
TOTAL THIS MO. 0 CLEAR (SCALE 0-3) 30
DPTR FM NORMAL -2 PTCLDY (SCALE 4-7) 0
TOTAL FM JUL 1 0 CLOUDY (SCALE 8-10) 0
DPTR FM NORMAL 0
[CDD (BASE 65) ]
TOTAL THIS MO. 424
DPTR FM NORMAL 53 [PRESSURE DATA]
TOTAL FM JAN 1 3037 HIGHEST SLP 30.27 ON 29
DPTR FM NORMAL 697 LOWEST SLP 29.73 ON 9
[REMARKS]
#FINAL-09-22#