000
CXUS54 KSHV 011400
CF6LFK
PRELIMINARY LOCAL CLIMATOLOGICAL DATA (WS FORM: F-6)
STATION: LUFKIN
MONTH: FEBRUARY
YEAR: 2022
LATITUDE: 31 14 N
LONGITUDE: 94 45 W
TEMPERATURE IN F: :PCPN: SNOW: WIND :SUNSHINE: SKY :PK WND
================================================================================
1 2 3 4 5 6A 6B 7 8 9 10 11 12 13 14 15 16 17 18
12Z AVG MX 2MIN
DY MAX MIN AVG DEP HDD CDD WTR SNW DPTH SPD SPD DIR MIN PSBL S-S WX SPD DR
================================================================================
1 69 55 62 12 3 0 0.04 0.0 0 6.0 16 100 M M 10 1 24 110
2 71 46 59 9 6 0 0.09 0.0 0 6.6 22 290 M M 9 1 31 290
3 46 28 37 -13 28 0 0.48 T 0 10.0 20 320 M M 10 134 29 320
4 33 27 30 -21 35 0 0.00 0.0 0 8.7 17 310 M M 9 1 26 310
5 51 21 36 -15 29 0 0.00 0.0 0 2.2 9 20 M M 0 12 20
6 59 24 42 -9 23 0 0.00 0.0 0 1.7 12 200 M M 0 17 160
7 62 30 46 -5 19 0 0.00 0.0 0 3.9 16 310 M M 0 24 320
8 65 28 47 -4 18 0 0.00 0.0 0 1.2 8 230 M M 0 14 160
9 72 33 53 1 12 0 0.00 0.0 0 3.0 16 260 M M 0 8 21 250
10 73 36 55 3 10 0 0.00 0.0 0 4.3 13 210 M M 0 19 240
11 74 41 58 6 7 0 0.00 0.0 0 4.9 15 170 M M 0 21 190
12 53 30 42 -10 23 0 0.16 0.0 0 6.9 20 20 M M 6 1 28 350
13 60 22 41 -11 24 0 0.00 0.0 0 2.9 12 300 M M 0 17 320
14 70 30 50 -3 15 0 0.00 0.0 0 4.2 13 200 M M 0 18 190
15 71 37 54 1 11 0 T 0.0 0 10.2 21 150 M M 4 27 170
16 79 59 69 16 0 4 0.03 0.0 0 13.8 26 150 M M 8 1 36 180
17 74 38 56 3 9 0 0.28 0.0 0 13.0 22 320 M M 9 1 35 320
18 57 34 46 -8 19 0 0.00 0.0 0 5.9 15 360 M M 2 22 340
19 67 28 48 -6 17 0 0.00 0.0 0 2.5 12 100 M M 0 17 60
20 65 35 50 -4 15 0 T 0.0 0 5.5 15 160 M M 7 1 19 140
21 82 57 70 16 0 5 0.05 0.0 0 11.9 26 180 M M 8 1 39 190
22 80 55 68 14 0 3 T 0.0 0 10.3 23 190 M M 8 33 160
23 55 37 46 -9 19 0 T 0.0 0 7.8 14 310 M M 10 1 17 300
24 43 37 40 -15 25 0 0.01 0.0 0 6.0 12 340 M M 10 1 20 350
25 43 34 39 -16 26 0 0.02 0.0 0 8.6 15 10 M M 10 21 360
26 40 36 38 -17 27 0 0.60 0.0 0 6.5 13 60 M M 10 1 17 50
27 58 34 46 -10 19 0 T 0.0 0 5.6 14 10 M M 6 1 23 310
28 67 28 48 -8 17 0 0.00 0.0 0 0.9 9 90 M M 0 11 80
================================================================================
SM 1739 1000 456 12 1.76 T 175.0 M 136
================================================================================
AV 62.1 35.7 6.3 FASTST M M 5 MAX(MPH)
MISC ----> # 26 150 39 190
================================================================================
NOTES:
# LAST OF SEVERAL OCCURRENCES
COLUMN 17 PEAK WIND IN M.P.H.
PRELIMINARY LOCAL CLIMATOLOGICAL DATA (WS FORM: F-6) , PAGE 2
STATION: LUFKIN
MONTH: FEBRUARY
YEAR: 2022
LATITUDE: 31 14 N
LONGITUDE: 94 45 W
[TEMPERATURE DATA] [PRECIPITATION DATA] SYMBOLS USED IN COLUMN 16
AVERAGE MONTHLY: 48.9 TOTAL FOR MONTH: 1.76 1 = FOG OR MIST
DPTR FM NORMAL: -3.9 DPTR FM NORMAL: -2.12 2 = FOG REDUCING VISIBILITY
HIGHEST: 82 ON 21 GRTST 24HR 0.60 ON 26-26 TO 1/4 MILE OR LESS
LOWEST: 21 ON 5 3 = THUNDER
SNOW, ICE PELLETS, HAIL 4 = ICE PELLETS
TOTAL MONTH: T 5 = HAIL
GRTST 24HR T ON 3- 3 6 = FREEZING RAIN OR DRIZZLE
GRTST DEPTH: 0 7 = DUSTSTORM OR SANDSTORM:
VSBY 1/2 MILE OR LESS
8 = SMOKE OR HAZE
[NO. OF DAYS WITH] [WEATHER - DAYS WITH] 9 = BLOWING SNOW
X = TORNADO
MAX 32 OR BELOW: 0 0.01 INCH OR MORE: 10
MAX 90 OR ABOVE: 0 0.10 INCH OR MORE: 4
MIN 32 OR BELOW: 11 0.50 INCH OR MORE: 1
MIN 0 OR BELOW: 0 1.00 INCH OR MORE: 0
[HDD (BASE 65) ]
TOTAL THIS MO. 456 CLEAR (SCALE 0-3) 12
DPTR FM NORMAL 102 PTCLDY (SCALE 4-7) 7
TOTAL FM JUL 1 1353 CLOUDY (SCALE 8-10) 9
DPTR FM NORMAL -321
[CDD (BASE 65) ]
TOTAL THIS MO. 12
DPTR FM NORMAL 0 [PRESSURE DATA]
TOTAL FM JAN 1 14 HIGHEST SLP 30.63 ON 5
DPTR FM NORMAL 1 LOWEST SLP 29.77 ON 17
[REMARKS]
#FINAL-02-22#