000
CXUS54 KSHV 011400
CF6LFK
PRELIMINARY LOCAL CLIMATOLOGICAL DATA (WS FORM: F-6)
STATION: LUFKIN
MONTH: FEBRUARY
YEAR: 2024
LATITUDE: 31 14 N
LONGITUDE: 94 45 W
TEMPERATURE IN F: :PCPN: SNOW: WIND :SUNSHINE: SKY :PK WND
================================================================================
1 2 3 4 5 6A 6B 7 8 9 10 11 12 13 14 15 16 17 18
12Z AVG MX 2MIN
DY MAX MIN AVG DEP HDD CDD WTR SNW DPTH SPD SPD DIR MIN PSBL S-S WX SPD DR
================================================================================
1 72 46 59 9 6 0 0.00 0.0 0 4.9 15 190 M M 0 23 170
2 75 50 63 13 2 0 0.08 0.0 0 6.9 18 110 M M 6 1 23 120
3 62 51 57 7 8 0 2.13 0.0 0 7.2 21 80 M M 10 12 30 70
4 65 51 58 7 7 0 T 0.0 0 6.0 15 320 M M 6 12 23 10
5 66 47 57 6 8 0 T 0.0 0 7.4 15 320 M M 6 25 20
6 70 38 54 3 11 0 0.00 0.0 0 2.9 8 80 M M 0 11 70
7 71 46 59 8 6 0 0.00 0.0 0 9.1 22 150 M M 1 32 140
8 73 59 66 15 0 1 T 0.0 0 5.6 14 130 M M 8 18 130
9 75 63 69 17 0 4 0.03 0.0 0 5.4 14 150 M M 7 1 18 220
10 67 59 63 11 2 0 1.76 0.0 0 5.5 20 360 M M 9 13 27 20
11 71 51 61 9 4 0 0.07 0.0 0 7.7 20 290 M M 9 13 27 280
12 57 38 48 -4 17 0 0.00 0.0 0 10.0 22 290 M M 6 34 290
13 65 34 50 -2 15 0 0.00 0.0 0 1.2 9 210 M M 0 1 13 290
14 68 36 52 -1 13 0 0.00 0.0 0 4.7 14 140 M M 0 21 140
15 74 46 60 7 5 0 0.00 0.0 0 4.4 12 220 M M 2 15 220
16 71 54 63 10 2 0 0.00 0.0 0 6.7 15 330 M M 2 25 320
17 54 34 44 -9 21 0 0.00 0.0 0 9.6 18 20 M M 5 31 360
18 56 32 44 -10 21 0 0.00 0.0 0 2.3 10 360 M M 2 17 270
19 65 28 47 -7 18 0 0.00 0.0 0 4.8 17 190 M M 0 21 180
20 78 39 59 5 6 0 0.00 0.0 0 4.9 13 180 M M 0 17 190
21 80 59 70 16 0 5 0.00 0.0 0 10.8 21 210 M M 6 32 210
22 79 62 71 17 0 6 0.00 0.0 0 8.8 20 210 M M 6 31 210
23 76 49 63 8 2 0 0.00 0.0 0 5.3 16 320 M M 0 27 300
24 79 42 61 6 4 0 0.00 0.0 0 3.1 13 290 M M 0 18 330
25 82 46 64 9 1 0 0.00 0.0 0 9.1 22 170 M M 0 32 170
26 85 65 75 20 0 10 0.00 0.0 0 11.1 18 180 M M 6 26 160
27 87 68 78 22 0 13 0.00 0.0 0 11.9 22 210 M M 4 34 200
28 72 49 61 5 4 0 0.00 0.0 0 9.7 21 360 M M 3 18 34 310
29 53 45 49 -7 16 0 T 0.0 0 6.4 16 70 M M 7 21 60
================================================================================
SM 2048 1387 199 39 4.07 0.0 193.4 M 111
================================================================================
AV 70.6 47.8 6.7 FASTST M M 4 MAX(MPH)
MISC ----> # 22 150 # 34 290
================================================================================
NOTES:
# LAST OF SEVERAL OCCURRENCES
COLUMN 17 PEAK WIND IN M.P.H.
PRELIMINARY LOCAL CLIMATOLOGICAL DATA (WS FORM: F-6) , PAGE 2
STATION: LUFKIN
MONTH: FEBRUARY
YEAR: 2024
LATITUDE: 31 14 N
LONGITUDE: 94 45 W
[TEMPERATURE DATA] [PRECIPITATION DATA] SYMBOLS USED IN COLUMN 16
AVERAGE MONTHLY: 59.2 TOTAL FOR MONTH: 4.07 1 = FOG OR MIST
DPTR FM NORMAL: 6.4 DPTR FM NORMAL: 0.19 2 = FOG REDUCING VISIBILITY
HIGHEST: 87 ON 27 GRTST 24HR 2.20 ON 2- 3 TO 1/4 MILE OR LESS
LOWEST: 28 ON 19 3 = THUNDER
SNOW, ICE PELLETS, HAIL 4 = ICE PELLETS
TOTAL MONTH: 0.0 INCH 5 = HAIL
GRTST 24HR 0.0 6 = FREEZING RAIN OR DRIZZLE
GRTST DEPTH: 0 7 = DUSTSTORM OR SANDSTORM:
VSBY 1/2 MILE OR LESS
8 = SMOKE OR HAZE
[NO. OF DAYS WITH] [WEATHER - DAYS WITH] 9 = BLOWING SNOW
X = TORNADO
MAX 32 OR BELOW: 0 0.01 INCH OR MORE: 5
MAX 90 OR ABOVE: 0 0.10 INCH OR MORE: 2
MIN 32 OR BELOW: 2 0.50 INCH OR MORE: 2
MIN 0 OR BELOW: 0 1.00 INCH OR MORE: 2
[HDD (BASE 65) ]
TOTAL THIS MO. 199 CLEAR (SCALE 0-3) 14
DPTR FM NORMAL -155 PTCLDY (SCALE 4-7) 12
TOTAL FM JUL 1 1379 CLOUDY (SCALE 8-10) 3
DPTR FM NORMAL -315
[CDD (BASE 65) ]
TOTAL THIS MO. 39
DPTR FM NORMAL 27 [PRESSURE DATA]
TOTAL FM JAN 1 39 HIGHEST SLP 30.35 ON 29
DPTR FM NORMAL 21 LOWEST SLP 29.51 ON 4
[REMARKS]
#FINAL-02-24#