000
CXUS54 KSHV 030506
CF6LFK
PRELIMINARY LOCAL CLIMATOLOGICAL DATA (WS FORM: F-6)
STATION: LUFKIN
MONTH: SEPTEMBER
YEAR: 2021
LATITUDE: 31 14 N
LONGITUDE: 94 45 W
TEMPERATURE IN F: :PCPN: SNOW: WIND :SUNSHINE: SKY :PK WND
================================================================================
1 2 3 4 5 6A 6B 7 8 9 10 11 12 13 14 15 16 17 18
12Z AVG MX 2MIN
DY MAX MIN AVG DEP HDD CDD WTR SNW DPTH SPD SPD DIR MIN PSBL S-S WX SPD DR
================================================================================
1 98 76 87 6 0 22 T 0.0 0 3.5 16 210 M M 1 21 200
2 98 75 87 7 0 22 0.01 0.0 0 2.6 14 30 M M 3 123 19 30
3 97 73 85 5 0 20 T 0.0 0 2.9 13 80 M M 2 1 15 70
4 97 73 85 5 0 20 0.00 0.0 0 3.9 10 260 M M 1 15 260
5 99 75 87 7 0 22 0.01 0.0 0 4.2 13 250 M M 1 1 17 210
6 95 69 82 2 0 17 0.00 0.0 0 5.3 15 90 M M 2 20 80
7 94 63 79 -1 0 14 0.00 0.0 0 2.9 13 20 M M 0 18 10
8 94 59 77 -2 0 12 0.00 0.0 0 2.8 12 20 M M 0 18 360
9 94 69 82 3 0 17 0.00 0.0 0 5.8 15 80 M M 0 20 90
10 91 59 75 -4 0 10 0.00 0.0 0 3.9 16 90 M M 0 21 120
11 90 59 75 -4 0 10 0.00 0.0 0 4.1 14 70 M M 0 17 70
12 90 59 75 -3 0 10 T 0.0 0 5.3 16 120 M M 3 21 130
13 91 73 82 4 0 17 0.06 0.0 0 7.3 17 100 M M 6 23 100
14 79 72 76 -2 0 11 0.46 0.0 0 11.2 22 90 M M 9 1 33 60
15 85 71 78 0 0 13 T 0.0 0 8.1 15 10 M M 8 1 23 10
16 79 71 75 -2 0 10 T 0.0 0 4.7 12 40 M M 9 1 16 50
17 92 72 82 5 0 17 0.00 0.0 0 3.5 10 320 M M 5 14 300
18 91 72 82 5 0 17 0.00 0.0 0 3.8 15 360 M M 5 20 360
19 94 69 82 5 0 17 0.00 0.0 0 3.3 12 120 M M 1 1 17 120
20 96 72 84 8 0 19 T 0.0 0 5.2 23 90 M M 3 12 30 100
21 97 75 86 10 0 21 0.00 0.0 0 7.1 16 360 M M 4 1 25 40
22 85 56 71 -5 0 6 0.00 0.0 0 7.2 20 20 M M 0 29 20
23 87 50 69 -6 0 4 0.00 0.0 0 1.8 9 340 M M 0 12 320
24 86 54 70 -5 0 5 0.00 0.0 0 2.4 13 140 M M 0 15 130
25 89 54 72 -3 0 7 0.00 0.0 0 2.1 12 20 M M 0 15 300
26 90 58 74 0 0 9 0.00 0.0 0 2.3 13 120 M M 0 1 18 150
27 92 60 76 2 0 11 0.00 0.0 0 2.7 14 210 M M 2 1 19 220
28 91 74 83 9 0 18 0.00 0.0 0 6.2 17 120 M M 7 1 23 140
29 87 71 79 5 0 14 0.02 0.0 0 5.1 12 170 M M 7 3 15 160
30 93 73 83 10 0 18 0.32 0.0 0 5.6 23 160 M M 5 13 30 160
================================================================================
SM 2741 2006 0 430 0.88 0.0 136.8 M 84
================================================================================
AV 91.4 66.9 4.6 FASTST M M 3 MAX(MPH)
MISC ----> # 23 90 33 60
================================================================================
NOTES:
# LAST OF SEVERAL OCCURRENCES
COLUMN 17 PEAK WIND IN M.P.H.
PRELIMINARY LOCAL CLIMATOLOGICAL DATA (WS FORM: F-6) , PAGE 2
STATION: LUFKIN
MONTH: SEPTEMBER
YEAR: 2021
LATITUDE: 31 14 N
LONGITUDE: 94 45 W
[TEMPERATURE DATA] [PRECIPITATION DATA] SYMBOLS USED IN COLUMN 16
AVERAGE MONTHLY: 79.1 TOTAL FOR MONTH: 0.88 1 = FOG OR MIST
DPTR FM NORMAL: 1.8 DPTR FM NORMAL: -3.06 2 = FOG REDUCING VISIBILITY
HIGHEST: 99 ON 5 GRTST 24HR 0.46 ON 14-14 TO 1/4 MILE OR LESS
LOWEST: 50 ON 23 3 = THUNDER
SNOW, ICE PELLETS, HAIL 4 = ICE PELLETS
TOTAL MONTH: 0.0 INCH 5 = HAIL
GRTST 24HR 0.0 6 = FREEZING RAIN OR DRIZZLE
GRTST DEPTH: 0 7 = DUSTSTORM OR SANDSTORM:
VSBY 1/2 MILE OR LESS
8 = SMOKE OR HAZE
[NO. OF DAYS WITH] [WEATHER - DAYS WITH] 9 = BLOWING SNOW
X = TORNADO
MAX 32 OR BELOW: 0 0.01 INCH OR MORE: 6
MAX 90 OR ABOVE: 22 0.10 INCH OR MORE: 2
MIN 32 OR BELOW: 0 0.50 INCH OR MORE: 0
MIN 0 OR BELOW: 0 1.00 INCH OR MORE: 0
[HDD (BASE 65) ]
TOTAL THIS MO. 0 CLEAR (SCALE 0-3) 20
DPTR FM NORMAL -2 PTCLDY (SCALE 4-7) 8
TOTAL FM JUL 1 0 CLOUDY (SCALE 8-10) 2
DPTR FM NORMAL 0
[CDD (BASE 65) ]
TOTAL THIS MO. 430
DPTR FM NORMAL 59 [PRESSURE DATA]
TOTAL FM JAN 1 2577 HIGHEST SLP 30.26 ON 22
DPTR FM NORMAL 237 LOWEST SLP 29.76 ON 15
[REMARKS]
#FINAL-09-21#