000
CXUS54 KSHV 030333
CF6LFK
PRELIMINARY LOCAL CLIMATOLOGICAL DATA (WS FORM: F-6)
STATION: LUFKIN
MONTH: MAY
YEAR: 2021
LATITUDE: 31 14 N
LONGITUDE: 94 45 W
TEMPERATURE IN F: :PCPN: SNOW: WIND :SUNSHINE: SKY :PK WND
================================================================================
1 2 3 4 5 6A 6B 7 8 9 10 11 12 13 14 15 16 17 18
12Z AVG MX 2MIN
DY MAX MIN AVG DEP HDD CDD WTR SNW DPTH SPD SPD DIR MIN PSBL S-S WX SPD DR
================================================================================
1 75 65 70 0 0 5 0.12 0.0 0 7.5 21 80 M M 9 1 28 70
2 84 68 76 6 0 11 0.41 0.0 0 9.8 21 220 M M 5 13 27 210
3 89 74 82 12 0 17 0.00 0.0 0 10.9 21 190 M M 6 30 190
4 78 62 70 0 0 5 0.22 0.0 0 5.2 25 260 M M 4 13 35 250
5 79 56 68 -3 0 3 0.00 0.0 0 4.4 13 10 M M 1 17 10
6 84 56 70 -1 0 5 0.00 0.0 0 2.4 14 10 M M 0 22 340
7 87 57 72 1 0 7 0.00 0.0 0 4.6 14 80 M M 0 1 17 80
8 87 58 73 1 0 8 0.00 0.0 0 11.7 24 180 M M 3 35 180
9 88 67 78 6 0 13 3.59 0.0 0 10.9 26 20 M M 9 13 38 30
10 82 69 76 4 0 11 0.06 0.0 0 6.9 14 70 M M 9 18 60
11 78 63 71 -1 0 6 1.82 0.0 0 10.2 23 360 M M 7 13 37 10
12 67 60 64 -9 1 0 0.14 0.0 0 6.4 14 350 M M 10 13 18 360
13 79 58 69 -4 0 4 0.00 0.0 0 5.7 15 360 M M 5 1 19 360
14 80 56 68 -5 0 3 0.00 0.0 0 4.8 12 70 M M 2 15 70
15 83 57 70 -4 0 5 0.00 0.0 0 5.9 16 140 M M 2 20 140
16 84 66 75 1 0 10 0.18 0.0 0 8.9 23 180 M M 5 18 36 190
17 73 64 69 -5 0 4 0.59 0.0 0 6.5 25 120 M M 7 13 36 130
18 82 64 73 -1 0 8 0.70 0.0 0 8.9 20 110 M M 8 1238 25 150
19 78 64 71 -4 0 6 0.97 0.0 0 7.5 20 80 M M 6 13 24 70
20 79 69 74 -1 0 9 0.25 0.0 0 6.5 14 130 M M 8 13 16 120
21 81 69 75 0 0 10 0.55 0.0 0 8.7 22 130 M M 9 1 28 140
22 78 70 74 -1 0 9 T 0.0 0 8.1 16 110 M M 9 21 100
23 83 68 76 0 0 11 T 0.0 0 5.9 12 130 M M 2 16 130
24 83 71 77 1 0 12 0.11 0.0 0 7.2 20 150 M M 7 1 24 160
25 85 67 76 0 0 11 1.70 0.0 0 7.0 21 310 M M 6 13 32 320
26 88 68 78 2 0 13 0.00 0.0 0 4.6 10 220 M M 7 12 18 150
27 90 73 82 5 0 17 0.00 0.0 0 7.2 15 160 M M 4 20 150
28 83 66 75 -2 0 10 0.47 0.0 0 6.9 23 180 M M 4 13 29 190
29 87 70 79 2 0 14 0.00 0.0 0 5.3 13 60 M M 3 20 60
30 80 63 72 -5 0 7 0.00 0.0 0 8.1 16 80 M M 4 21 80
31 87 65 76 -2 0 11 0.01 0.0 0 6.3 14 120 M M 2 18 120
================================================================================
SM 2541 2003 1 265 11.89 0.0 220.9 M 163
================================================================================
AV 82.0 64.6 7.1 FASTST M M 5 MAX(MPH)
MISC ----> 26 20 38 30
================================================================================
NOTES:
# LAST OF SEVERAL OCCURRENCES
COLUMN 17 PEAK WIND IN M.P.H.
PRELIMINARY LOCAL CLIMATOLOGICAL DATA (WS FORM: F-6) , PAGE 2
STATION: LUFKIN
MONTH: MAY
YEAR: 2021
LATITUDE: 31 14 N
LONGITUDE: 94 45 W
[TEMPERATURE DATA] [PRECIPITATION DATA] SYMBOLS USED IN COLUMN 16
AVERAGE MONTHLY: 73.3 TOTAL FOR MONTH: 11.89 1 = FOG OR MIST
DPTR FM NORMAL: -0.5 DPTR FM NORMAL: 7.25 2 = FOG REDUCING VISIBILITY
HIGHEST: 90 ON 27 GRTST 24HR 3.65 ON 9-10 TO 1/4 MILE OR LESS
LOWEST: 56 ON 14, 6 3 = THUNDER
SNOW, ICE PELLETS, HAIL 4 = ICE PELLETS
TOTAL MONTH: 0.0 INCH 5 = HAIL
GRTST 24HR 0.0 6 = FREEZING RAIN OR DRIZZLE
GRTST DEPTH: 0 7 = DUSTSTORM OR SANDSTORM:
VSBY 1/2 MILE OR LESS
8 = SMOKE OR HAZE
[NO. OF DAYS WITH] [WEATHER - DAYS WITH] 9 = BLOWING SNOW
X = TORNADO
MAX 32 OR BELOW: 0 0.01 INCH OR MORE: 17
MAX 90 OR ABOVE: 1 0.10 INCH OR MORE: 15
MIN 32 OR BELOW: 0 0.50 INCH OR MORE: 7
MIN 0 OR BELOW: 0 1.00 INCH OR MORE: 3
[HDD (BASE 65) ]
TOTAL THIS MO. 1 CLEAR (SCALE 0-3) 9
DPTR FM NORMAL -6 PTCLDY (SCALE 4-7) 15
TOTAL FM JUL 1 1819 CLOUDY (SCALE 8-10) 7
DPTR FM NORMAL -151
[CDD (BASE 65) ]
TOTAL THIS MO. 265
DPTR FM NORMAL -13 [PRESSURE DATA]
TOTAL FM JAN 1 446 HIGHEST SLP 30.29 ON 13
DPTR FM NORMAL 4 LOWEST SLP 29.55 ON 2
[REMARKS]
#FINAL-05-21#