000
CXUS54 KSHV 011400
CF6LFK
PRELIMINARY LOCAL CLIMATOLOGICAL DATA (WS FORM: F-6)
STATION: LUFKIN
MONTH: DECEMBER
YEAR: 2023
LATITUDE: 31 14 N
LONGITUDE: 94 45 W
TEMPERATURE IN F: :PCPN: SNOW: WIND :SUNSHINE: SKY :PK WND
================================================================================
1 2 3 4 5 6A 6B 7 8 9 10 11 12 13 14 15 16 17 18
12Z AVG MX 2MIN
DY MAX MIN AVG DEP HDD CDD WTR SNW DPTH SPD SPD DIR MIN PSBL S-S WX SPD DR
================================================================================
1 71 61 66 13 0 1 0.00 0.0 0 3.7 9 350 M M 10 13 14 330
2 74 50 62 9 3 0 0.00 0.0 0 4.0 10 70 M M 3 15 60
3 71 42 57 5 8 0 0.00 0.0 0 3.5 10 220 M M 0 1 15 240
4 68 39 54 2 11 0 0.00 0.0 0 2.9 12 10 M M 0 19 10
5 71 36 54 2 11 0 0.00 0.0 0 1.3 9 250 M M 0 13 290
6 66 42 54 2 11 0 0.00 0.0 0 4.0 12 110 M M 0 17 80
7 69 39 54 2 11 0 0.00 0.0 0 6.9 14 150 M M 2 19 150
8 74 56 65 14 0 0 0.04 0.0 0 9.7 18 170 M M 8 1 25 190
9 83 56 70 19 0 5 T 0.0 0 10.3 18 340 M M 6 33 330
10 59 33 46 -5 19 0 0.00 0.0 0 6.3 16 330 M M 1 27 310
11 64 28 46 -5 19 0 0.00 0.0 0 2.3 7 150 M M 0 12 150
12 66 33 50 -1 15 0 0.00 0.0 0 4.1 12 100 M M 0 16 130
13 58 37 48 -2 17 0 0.00 0.0 0 4.4 12 40 M M 3 19 70
14 71 42 57 7 8 0 0.00 0.0 0 6.5 15 80 M M 1 20 70
15 70 46 58 8 7 0 1.04 0.0 0 5.2 16 140 M M 6 1 23 160
16 62 40 51 1 14 0 0.11 0.0 0 5.7 15 320 M M 3 1 25 320
17 66 34 50 0 15 0 0.00 0.0 0 1.5 7 280 M M 0 1 11 250
18 70 37 54 4 11 0 0.00 0.0 0 3.5 13 350 M M 0 1 18 10
19 59 37 48 -2 17 0 0.00 0.0 0 5.5 15 110 M M 0 20 100
20 69 42 56 7 9 0 0.00 0.0 0 7.0 13 150 M M 0 19 120
21 65 49 57 8 8 0 0.00 0.0 0 4.6 12 120 M M 2 15 120
22 72 54 63 14 2 0 0.37 0.0 0 3.8 12 170 M M 8 12 16 160
23 73 59 66 17 0 1 0.13 0.0 0 7.7 17 130 M M 9 12 28 130
24 64 57 61 12 4 0 0.75 0.0 0 7.6 23 240 M M 9 12 34 250
25 58 39 49 0 16 0 0.00 0.0 0 6.8 15 280 M M 4 1 24 290
26 57 32 45 -4 20 0 0.00 0.0 0 3.3 10 140 M M 2 16 130
27 61 37 49 0 16 0 0.00 0.0 0 5.0 18 290 M M 1 12 26 280
28 52 31 42 -7 23 0 0.00 0.0 0 3.8 18 290 M M 2 27 300
29 55 28 42 -6 23 0 0.00 0.0 0 4.5 16 250 M M 0 22 250
30 63 30 47 -1 18 0 0.00 0.0 0 1.8 10 290 M M 0 14 290
31 71 33 52 4 13 0 0.00 0.0 0 4.0 14 210 M M 0 19 200
================================================================================
SM 2052 1279 349 7 2.44 0.0 151.2 M 80
================================================================================
AV 66.2 41.3 4.9 FASTST M M 3 MAX(MPH)
MISC ----> 23 240 34 250
================================================================================
NOTES:
# LAST OF SEVERAL OCCURRENCES
COLUMN 17 PEAK WIND IN M.P.H.
PRELIMINARY LOCAL CLIMATOLOGICAL DATA (WS FORM: F-6) , PAGE 2
STATION: LUFKIN
MONTH: DECEMBER
YEAR: 2023
LATITUDE: 31 14 N
LONGITUDE: 94 45 W
[TEMPERATURE DATA] [PRECIPITATION DATA] SYMBOLS USED IN COLUMN 16
AVERAGE MONTHLY: 53.7 TOTAL FOR MONTH: 2.44 1 = FOG OR MIST
DPTR FM NORMAL: 3.5 DPTR FM NORMAL: -2.24 2 = FOG REDUCING VISIBILITY
HIGHEST: 83 ON 9 GRTST 24HR 1.15 ON 15-16 TO 1/4 MILE OR LESS
LOWEST: 28 ON 29,11 3 = THUNDER
SNOW, ICE PELLETS, HAIL 4 = ICE PELLETS
TOTAL MONTH: 0.0 INCH 5 = HAIL
GRTST 24HR 0.0 6 = FREEZING RAIN OR DRIZZLE
GRTST DEPTH: 0 7 = DUSTSTORM OR SANDSTORM:
VSBY 1/2 MILE OR LESS
8 = SMOKE OR HAZE
[NO. OF DAYS WITH] [WEATHER - DAYS WITH] 9 = BLOWING SNOW
X = TORNADO
MAX 32 OR BELOW: 0 0.01 INCH OR MORE: 6
MAX 90 OR ABOVE: 0 0.10 INCH OR MORE: 5
MIN 32 OR BELOW: 5 0.50 INCH OR MORE: 2
MIN 0 OR BELOW: 0 1.00 INCH OR MORE: 1
[HDD (BASE 65) ]
TOTAL THIS MO. 349 CLEAR (SCALE 0-3) 21
DPTR FM NORMAL -121 PTCLDY (SCALE 4-7) 6
TOTAL FM JUL 1 638 CLOUDY (SCALE 8-10) 4
DPTR FM NORMAL -171
[CDD (BASE 65) ]
TOTAL THIS MO. 7
DPTR FM NORMAL -4 [PRESSURE DATA]
TOTAL FM JAN 1 3450 HIGHEST SLP 30.52 ON 13
DPTR FM NORMAL 927 LOWEST SLP 29.72 ON 24
[REMARKS]
#FINAL-12-23#