000
CSUS54 KSHV 011500
CF6LFK
PRELIMINARY LOCAL CLIMATOLOGICAL DATA (WS FORM: F-6)
STATION: LUFKIN
MONTH: JUNE
YEAR: 2020
LATITUDE: 31 14 N
LONGITUDE: 94 45 W
TEMPERATURE IN F: :PCPN: SNOW: WIND :SUNSHINE: SKY :PK WND
================================================================================
1 2 3 4 5 6A 6B 7 8 9 10 11 12 13 14 15 16 17 18
12Z AVG MX 2MIN
DY MAX MIN AVG DEP HDD CDD WTR SNW DPTH SPD SPD DIR MIN PSBL S-S WX SPD DR
================================================================================
1 86 70 78 0 0 13 T 0.0 0 2.7 9 140 M M 1 11 150
2 91 71 81 3 0 16 T 0.0 0 4.0 12 100 M M 1 15 110
3 92 70 81 3 0 16 0.00 0.0 0 3.8 21 180 M M 3 13 27 170
4 93 69 81 3 0 16 0.00 0.0 0 4.1 12 180 M M 4 12 16 200
5 94 72 83 5 0 18 0.00 0.0 0 3.5 10 180 M M 1 14 180
6 94 73 84 5 0 19 0.07 0.0 0 5.0 16 90 M M 1 13 22 80
7 93 73 83 4 0 18 0.00 0.0 0 6.3 15 20 M M 3 23 30
8 94 76 85 6 0 20 0.00 0.0 0 6.7 15 250 M M 2 23 250
9 95 76 86 7 0 21 T 0.0 0 9.8 17 200 M M 4 3 23 280
10 90 63 77 -2 0 12 T 0.0 0 5.6 16 350 M M 1 3 24 320
11 90 57 74 -6 0 9 0.00 0.0 0 3.7 14 30 M M 0 19 10
12 91 61 76 -4 0 11 0.00 0.0 0 5.0 16 90 M M 0 24 60
13 92 64 78 -2 0 13 0.00 0.0 0 5.6 17 80 M M 0 23 80
14 94 64 79 -1 0 14 0.00 0.0 0 4.7 15 80 M M 2 22 70
15 95 70 83 3 0 18 0.06 0.0 0 1.8 25 110 M M 2 3 34 90
16 93 69 81 1 0 16 0.42 0.0 0 2.5 18 180 M M 2 3 27 180
17 93 70 82 2 0 17 0.00 0.0 0 5.1 10 100 M M 1 15 180
18 93 70 82 2 0 17 0.00 0.0 0 5.7 15 160 M M 1 1 19 170
19 94 68 81 0 0 16 0.00 0.0 0 6.6 16 150 M M 1 21 150
20 92 71 82 1 0 17 T 0.0 0 5.6 13 250 M M 3 3 18 250
21 94 73 84 3 0 19 T 0.0 0 6.4 21 140 M M 3 123 25 150
22 83 70 77 -4 0 12 0.02 0.0 0 5.5 22 170 M M 3 13 29 170
23 91 69 80 -1 0 15 0.36 0.0 0 6.0 24 110 M M 2 13 31 130
24 84 73 79 -2 0 14 0.21 0.0 0 6.5 16 130 M M 8 1 20 130
25 83 73 78 -3 0 13 0.77 0.0 0 6.4 14 150 M M 7 1 17 150
26 87 75 81 0 0 16 T 0.0 0 6.6 16 170 M M 6 22 200
27 92 77 85 3 0 20 0.00 0.0 0 7.9 17 170 M M 4 21 170
28 93 77 85 3 0 20 T 0.0 0 10.4 21 180 M M 4 29 180
29 89 80 85 3 0 20 T 0.0 0 10.3 18 160 M M 4 23 190
30 87 78 83 1 0 18 T 0.0 0 8.6 17 190 M M 4 23 190
================================================================================
SM 2732 2122 0 484 1.91 0.0 172.4 M 78
================================================================================
AV 91.1 70.7 5.7 FASTST M M 3 MAX(MPH)
MISC ----> # 25 110 # 34 90
================================================================================
NOTES:
# LAST OF SEVERAL OCCURRENCES
COLUMN 17 PEAK WIND IN M.P.H.
PRELIMINARY LOCAL CLIMATOLOGICAL DATA (WS FORM: F-6) , PAGE 2
STATION: LUFKIN
MONTH: JUNE
YEAR: 2020
LATITUDE: 31 14 N
LONGITUDE: 94 45 W
[TEMPERATURE DATA] [PRECIPITATION DATA] SYMBOLS USED IN COLUMN 16
AVERAGE MONTHLY: 80.9 TOTAL FOR MONTH: 1.91 1 = FOG OR MIST
DPTR FM NORMAL: 0.9 DPTR FM NORMAL: -2.77 2 = FOG REDUCING VISIBILITY
HIGHEST: 95 ON 15, 9 GRTST 24HR 0.77 ON 25-25 TO 1/4 MILE OR LESS
LOWEST: 57 ON 11 3 = THUNDER
SNOW, ICE PELLETS, HAIL 4 = ICE PELLETS
TOTAL MONTH: 0.0 INCH 5 = HAIL
GRTST 24HR 0.0 6 = FREEZING RAIN OR DRIZZLE
GRTST DEPTH: 0 7 = DUSTSTORM OR SANDSTORM:
VSBY 1/2 MILE OR LESS
8 = SMOKE OR HAZE
[NO. OF DAYS WITH] [WEATHER - DAYS WITH] 9 = BLOWING SNOW
X = TORNADO
MAX 32 OR BELOW: 0 0.01 INCH OR MORE: 7
MAX 90 OR ABOVE: 23 0.10 INCH OR MORE: 4
MIN 32 OR BELOW: 0 0.50 INCH OR MORE: 1
MIN 0 OR BELOW: 0 1.00 INCH OR MORE: 0
[HDD (BASE 65) ]
TOTAL THIS MO. 0 CLEAR (SCALE 0-3) 20
DPTR FM NORMAL 0 PTCLDY (SCALE 4-7) 10
TOTAL FM JUL 1 1632 CLOUDY (SCALE 8-10) 0
DPTR FM NORMAL -285
[CDD (BASE 65) ]
TOTAL THIS MO. 484
DPTR FM NORMAL 32 [PRESSURE DATA]
TOTAL FM JAN 1 1060 HIGHEST SLP 30.27 ON 12
DPTR FM NORMAL 139 LOWEST SLP 29.59 ON 8
[REMARKS]
#FINAL-06-20#