000
CXUS51 KOKX 010910
CF6LGA
PRELIMINARY LOCAL CLIMATOLOGICAL DATA (WS FORM: F-6)
STATION: LAGUARDIA NY
MONTH: MAY
YEAR: 2023
LATITUDE: 40 46 N
LONGITUDE: 73 54 W
TEMPERATURE IN F: :PCPN: SNOW: WIND :SUNSHINE: SKY :PK WND
================================================================================
1 2 3 4 5 6A 6B 7 8 9 10 11 12 13 14 15 16 17 18
12Z AVG MX 2MIN
DY MAX MIN AVG DEP HDD CDD WTR SNW DPTH SPD SPD DIR MIN PSBL S-S WX SPD DR
================================================================================
1 63 50 57 -2 8 0 0.03 0.0 0 15.6 28 290 M M 7 1 37 280
2 57 45 51 -9 14 0 0.05 0.0 0 11.2 26 270 M M 8 32 280
3 57 48 53 -7 12 0 T 0.0 0 8.1 16 260 M M 8 21 260
4 56 49 53 -7 12 0 0.01 0.0 0 8.8 18 50 M M 9 22 60
5 63 49 56 -4 9 0 0.00 0.0 0 6.3 15 180 M M 5 19 190
6 73 52 63 2 2 0 0.00 0.0 0 6.0 13 130 M M 3 17 350
7 77 56 67 6 0 2 T 0.0 0 8.4 23 160 M M 5 27 170
8 77 59 68 7 0 3 T 0.0 0 11.3 23 290 M M 7 27 270
9 68 55 62 0 3 0 0.00 0.0 0 8.3 16 190 M M 7 20 190
10 73 52 63 1 2 0 0.00 0.0 0 6.2 20 190 M M 3 23 190
11 82 59 71 9 0 6 0.00 0.0 0 7.9 16 260 M M 5 32 270
12 87 65 76 13 0 11 0.00 0.0 0 6.9 21 270 M M 6 27 260
13 82 67 75 12 0 10 0.00 0.0 0 7.7 17 20 M M 8 23 10
14 73 60 67 4 0 2 0.00 0.0 0 9.4 17 360 M M 6 22 10
15 76 56 66 3 0 1 0.00 0.0 0 9.7 18 250 M M 4 25 270
16 81 61 71 7 0 6 0.00 0.0 0 10.9 22 240 M M 5 28 230
17 73 51 62 -2 3 0 0.00 0.0 0 14.2 25 310 M M 5 32 330
18 60 46 53 -11 12 0 0.00 0.0 0 10.8 18 190 M M 2 24 150
19 70 54 62 -3 3 0 0.00 0.0 0 12.7 26 170 M M 6 33 170
20 67 57 62 -3 3 0 1.26 0.0 0 8.2 17 180 M M 10 1 24 180
21 70 57 64 -1 1 0 T 0.0 0 12.1 24 320 M M 8 29 310
22 74 58 66 0 0 1 0.00 0.0 0 8.1 16 190 M M 4 23 60
23 68 56 62 -4 3 0 0.00 0.0 0 8.5 15 160 M M 7 25 160
24 77 55 66 0 0 1 0.03 0.0 0 8.7 24 20 M M 6 33 20
25 67 51 59 -7 6 0 0.00 0.0 0 13.9 25 350 M M 4 34 360
26 73 55 64 -3 1 0 0.00 0.0 0 7.1 16 20 M M 2 22 20
27 78 59 69 2 0 4 0.00 0.0 0 7.8 15 180 M M 5 20 160
28 78 61 70 3 0 5 0.00 0.0 0 8.2 16 190 M M 5 20 190
29 78 59 69 1 0 4 0.00 0.0 0 11.7 22 50 M M 4 29 40
30 69 56 63 -5 2 0 0.00 0.0 0 10.9 20 40 M M 2 23 40
31 76 52 64 -4 1 0 0.00 0.0 0 6.9 15 160 M M 3 19 60
================================================================================
SM 2223 1710 97 56 1.38 0.0 292.5 M 169
================================================================================
AV 71.7 55.2 9.4 FASTST M M 5 MAX(MPH)
MISC ----> 28 290 37 280
================================================================================
NOTES:
# LAST OF SEVERAL OCCURRENCES
COLUMN 17 PEAK WIND IN M.P.H.
PRELIMINARY LOCAL CLIMATOLOGICAL DATA (WS FORM: F-6) , PAGE 2
STATION: LAGUARDIA NY
MONTH: MAY
YEAR: 2023
LATITUDE: 40 46 N
LONGITUDE: 73 54 W
[TEMPERATURE DATA] [PRECIPITATION DATA] SYMBOLS USED IN COLUMN 16
AVERAGE MONTHLY: 63.4 TOTAL FOR MONTH: 1.38 1 = FOG OR MIST
DPTR FM NORMAL: -0.3 DPTR FM NORMAL: -2.20 2 = FOG REDUCING VISIBILITY
HIGHEST: 87 ON 12 GRTST 24HR 3.06 ON 30- 1 TO 1/4 MILE OR LESS
LOWEST: 45 ON 2 3 = THUNDER
SNOW, ICE PELLETS, HAIL 4 = ICE PELLETS
TOTAL MONTH: 0.0 INCH 5 = HAIL
GRTST 24HR 0.0 6 = FREEZING RAIN OR DRIZZLE
GRTST DEPTH: 0 7 = DUSTSTORM OR SANDSTORM:
VSBY 1/2 MILE OR LESS
8 = SMOKE OR HAZE
[NO. OF DAYS WITH] [WEATHER - DAYS WITH] 9 = BLOWING SNOW
X = TORNADO
MAX 32 OR BELOW: 0 0.01 INCH OR MORE: 5
MAX 90 OR ABOVE: 0 0.10 INCH OR MORE: 1
MIN 32 OR BELOW: 0 0.50 INCH OR MORE: 1
MIN 0 OR BELOW: 0 1.00 INCH OR MORE: 1
[HDD (BASE 65) ]
TOTAL THIS MO. 97 CLEAR (SCALE 0-3) 5
DPTR FM NORMAL -14 PTCLDY (SCALE 4-7) 21
TOTAL FM JUL 1 3761 CLOUDY (SCALE 8-10) 5
DPTR FM NORMAL -606
[CDD (BASE 65) ]
TOTAL THIS MO. 56
DPTR FM NORMAL -16 [PRESSURE DATA]
TOTAL FM JAN 1 90 HIGHEST SLP M ON M
DPTR FM NORMAL 7 LOWEST SLP 29.37 ON 2
[REMARKS]
#FINAL-05-23#