000
CXUS56 KLOX 011655
CF6LGB
PRELIMINARY LOCAL CLIMATOLOGICAL DATA (WS FORM: F-6)
STATION: LONG BEACH AIRPORT CA
MONTH: SEPTEMBER
YEAR: 2020
LATITUDE: 33 49 N
LONGITUDE: 118 9 W
TEMPERATURE IN F: :PCPN: SNOW: WIND :SUNSHINE: SKY :PK WND
================================================================================
1 2 3 4 5 6A 6B 7 8 9 10 11 12 13 14 15 16 17 18
12Z AVG MX 2MIN
DY MAX MIN AVG DEP HDD CDD WTR SNW DPTH SPD SPD DIR MIN PSBL S-S WX SPD DR
================================================================================
1 79 65 72 -2 0 7 0.00 0.0 0 6.8 15 310 M M 4 18 190
2 80 64 72 -2 0 7 0.00 0.0 0 6.2 16 290 M M 1 19 310
3 82 64 73 -1 0 8 0.00 0.0 0 4.8 14 310 M M 1 18 17 320
4 89 65 77 3 0 12 0.00 0.0 0 4.4 15 310 M M 0 18 17 310
5 102 69 86 12 0 21 0.00 0.0 0 6.0 21 290 M M 0 8 25 280
6 104 73 89 15 0 24 0.00 0.0 0 4.3 12 150 M M 0 17 170
7 77 71 74 0 0 9 0.00 0.0 0 6.5 14 160 M M 5 1 20 190
8 76 70 73 -1 0 8 0.00 0.0 0 5.0 10 190 M M 8 14 160
9 87 66 77 3 0 12 0.00 0.0 0 3.9 15 290 M M 2 18 18 290
10 82 61 72 -2 0 7 0.00 0.0 0 4.1 13 290 M M 3 128 15 290
11 87 60 74 1 0 9 0.00 0.0 0 3.3 15 300 M M 0 18 17 300
12 85 60 73 0 0 8 0.00 0.0 0 3.9 14 310 M M 0 18 15 310
13 84 61 73 0 0 8 0.00 0.0 0 3.7 14 290 M M 2 18 18 270
14 86 60 73 0 0 8 0.00 0.0 0 3.6 14 310 M M 0 18 16 310
15 90 61 76 3 0 11 0.00 0.0 0 3.9 14 310 M M 0 18 16 320
16 95 61 78 5 0 13 0.00 0.0 0 3.7 17 300 M M 0 8 21 300
17 95 62 79 6 0 14 0.00 0.0 0 3.5 16 300 M M 0 8 19 310
18 92 65 79 7 0 14 0.00 0.0 0 5.5 17 290 M M 0 21 290
19 86 65 76 4 0 11 0.00 0.0 0 3.8 10 300 M M 0 13 150
20 77 62 70 -2 0 5 0.00 0.0 0 4.0 10 210 M M 2 18 14 220
21 81 64 73 1 0 8 0.00 0.0 0 4.8 14 290 M M 4 8 16 280
22 84 65 75 3 0 10 0.00 0.0 0 5.2 14 290 M M 3 18 16 290
23 86 64 75 3 0 10 0.00 0.0 0 5.2 14 280 M M 0 18 17 290
24 81 62 72 0 0 7 0.00 0.0 0 4.4 10 200 M M 1 18 13 210
25 77 65 71 0 0 6 0.00 0.0 0 4.8 12 200 M M 4 18 16 200
26 76 65 71 0 0 6 0.00 0.0 0 5.0 10 170 M M 4 14 210
27 75 67 71 0 0 6 0.00 0.0 0 4.4 12 180 M M 6 15 190
28 88 66 77 6 0 12 0.00 0.0 0 4.6 13 310 M M 1 18 14 290
29 92 64 78 7 0 13 0.00 0.0 0 6.0 16 320 M M 3 18 22 260
30 105 66 86 16 0 21 0.00 0.0 0 4.9 20 290 M M 0 23 300
================================================================================
SM 2580 1933 0 315 0.00 0.0 140.2 M 54
================================================================================
AV 86.0 64.4 4.7 FASTST M M 2 MAX(MPH)
MISC ----> # 21 290 # 25 280
================================================================================
NOTES:
# LAST OF SEVERAL OCCURRENCES
COLUMN 17 PEAK WIND IN M.P.H.
PRELIMINARY LOCAL CLIMATOLOGICAL DATA (WS FORM: F-6) , PAGE 2
STATION: LONG BEACH AIRPORT CA
MONTH: SEPTEMBER
YEAR: 2020
LATITUDE: 33 49 N
LONGITUDE: 118 9 W
[TEMPERATURE DATA] [PRECIPITATION DATA] SYMBOLS USED IN COLUMN 16
AVERAGE MONTHLY: 75.2 TOTAL FOR MONTH: 0.00 1 = FOG OR MIST
DPTR FM NORMAL: 2.5 DPTR FM NORMAL: -0.18 2 = FOG REDUCING VISIBILITY
HIGHEST: 105 ON 30 GRTST 24HR 0.00 ON 30-30 TO 1/4 MILE OR LESS
LOWEST: 60 ON 14,12 3 = THUNDER
SNOW, ICE PELLETS, HAIL 4 = ICE PELLETS
TOTAL MONTH: 0.0 INCH 5 = HAIL
GRTST 24HR 0.0 6 = FREEZING RAIN OR DRIZZLE
GRTST DEPTH: 0 7 = DUSTSTORM OR SANDSTORM:
VSBY 1/2 MILE OR LESS
8 = SMOKE OR HAZE
[NO. OF DAYS WITH] [WEATHER - DAYS WITH] 9 = BLOWING SNOW
X = TORNADO
MAX 32 OR BELOW: 0 0.01 INCH OR MORE: 0
MAX 90 OR ABOVE: 8 0.10 INCH OR MORE: 0
MIN 32 OR BELOW: 0 0.50 INCH OR MORE: 0
MIN 0 OR BELOW: 0 1.00 INCH OR MORE: 0
[HDD (BASE 65) ]
TOTAL THIS MO. 0 CLEAR (SCALE 0-3) 22
DPTR FM NORMAL -1 PTCLDY (SCALE 4-7) 8
TOTAL FM JUL 1 0 CLOUDY (SCALE 8-10) 0
DPTR FM NORMAL -1
[CDD (BASE 65) ]
TOTAL THIS MO. 315
DPTR FM NORMAL 84 [PRESSURE DATA]
TOTAL FM JAN 1 1228 HIGHEST SLP 30.05 ON 15
DPTR FM NORMAL 229 LOWEST SLP 29.65 ON 8
[REMARKS]
#FINAL-09-20#