000
CXHW51 PHFO 011627
CLMLIH
CLIMATE REPORT
NATIONAL WEATHER SERVICE HONOLULU HI
627 AM HST SUN OCT 01 2023
...................................
...THE LIHUE HI CLIMATE SUMMARY FOR THE MONTH OF SEPTEMBER 2023...
CLIMATE NORMAL PERIOD 1991 TO 2020
CLIMATE RECORD PERIOD 1950 TO 2023
WEATHER OBSERVED NORMAL DEPART LAST YEAR`S
VALUE DATE(S) VALUE FROM VALUE DATE(S)
NORMAL
................................................................
TEMPERATURE (F)
RECORD
HIGH 91 09/08/2019
09/07/2019
09/06/2019
LOW 65 09/17/1981
09/30/1968
09/21/1957
HIGHEST 87 09/03 85 2 86 09/26
09/06
09/17
09/27
09/30
LOWEST 71 09/05 74 -3 70 09/16
09/10
09/17
09/23
AVG. MAXIMUM 85.5 85.3 0.2 85.4
AVG. MINIMUM 74.1 74.8 -0.7 73.7
MEAN 79.8 80.0 -0.2 79.6
DAYS MAX >= 93 0 0
DAYS MAX >= 90 0 0
DAYS MAX <= 80 0 0
DAYS MIN >= 72 28 23
DAYS MIN <= 60 0 0
DAYS MIN <= 55 0 0
PRECIPITATION (INCHES)
RECORD
MAXIMUM 10.87 1980
MINIMUM 0.44 2007
TOTALS 0.92 2.18 -1.26 0.65
DAILY AVG. 0.03 0.07 -0.04 0.02
DAYS >= .01 14 16.1 -2.1 11
DAYS >= .10 4 5.2 -1.2 2
DAYS >= .50 0 0.8 -0.8 0
DAYS >= 1.00 0 0.3 -0.3 0
GREATEST
24 HR. TOTAL 0.21 09/10 TO 09/10 0.28
SNOWFALL (INCHES)
RECORDS
TOTAL MM MM
TOTALS MM MM MM MM
SINCE 7/1 MM MM MM MM
SNOWDEPTH AVG. MM MM
DAYS >= 1.0 MM MM MM MM
GREATEST
SNOW DEPTH MM MM MM
24 HR TOTAL MM MM
DEGREE DAYS
HEATING TOTAL 0 0 0 0
SINCE 7/1 0 0 0 MM
COOLING TOTAL 451 452 -1 445
SINCE 1/1 3449 3086 363 MM
................................................................
WIND (MPH)
AVERAGE WIND SPEED 14.0
HIGHEST WIND SPEED/DIRECTION 32/100 DATE 09/01
HIGHEST GUST SPEED/DIRECTION 39/110 DATE 09/01
SKY COVER
POSSIBLE SUNSHINE (PERCENT) MM
AVERAGE SKY COVER 0.50
NUMBER OF DAYS FAIR 5
NUMBER OF DAYS PC 23
NUMBER OF DAYS CLOUDY 2
AVERAGE RH (PERCENT) 77
WEATHER CONDITIONS. NUMBER OF DAYS WITH
THUNDERSTORM MM MIXED PRECIP MM
HEAVY RAIN 2 RAIN 5
LIGHT RAIN 13 FREEZING RAIN MM
LT FREEZING RAIN MM HAIL MM
HEAVY SNOW MM SNOW MM
LIGHT SNOW MM SLEET MM
FOG 16 FOG W/VIS <= 1/4 MILE MM
HAZE 9
- INDICATES NEGATIVE NUMBERS.
R INDICATES RECORD WAS SET OR TIED.
MM INDICATES DATA IS MISSING.
T INDICATES TRACE AMOUNT.
$$