000
CXUS54 KLZK 020011
CF6LLQ
PRELIMINARY LOCAL CLIMATOLOGICAL DATA (WS FORM: F-6)
STATION: MONTICELLO
MONTH: FEBRUARY
YEAR: 2024
LATITUDE: 33 37 N
LONGITUDE: 91 45 W
TEMPERATURE IN F: :PCPN: SNOW: WIND :SUNSHINE: SKY :PK WND
================================================================================
1 2 3 4 5 6A 6B 7 8 9 10 11 12 13 14 15 16 17 18
12Z AVG MX 2MIN
DY MAX MIN AVG DEP HDD CDD WTR SNW DPTH SPD SPD DIR MIN PSBL S-S WX SPD DR
================================================================================
1 70 34 52 7 13 0 0.00 0.0 0 3.9 8 160 M M 0 13 180
2 73 41 57 12 8 0 0.00 0.0 0 4.6 13 230 M M 1 19 180
3 59 50 55 9 10 0 0.49 0.0 0 5.3 16 120 M M 8 1 28 100
4 55 47 51 5 14 0 0.04 0.0 0 4.5 17 40 M M 10 1 24 50
5 62 40 51 5 14 0 0.00 0.0 0 6.1 16 50 M M 2 22 330
6 65 33 49 3 16 0 0.00 0.0 0 3.1 12 50 M M 0 16 60
7 67 38 53 7 12 0 0.00 0.0 0 3.9 14 160 M M 0 22 170
8 65 50 58 12 7 0 T 0.0 0 8.3 17 180 M M 7 1 28 160
9 69 63 66 19 0 1 0.00 0.0 0 8.5 14 200 M M 6 24 180
10 67 55 61 14 4 0 1.60 0.0 0 6.1 16 70 M M 8 1 24 70
11 55 46 51 4 14 0 0.51 0.0 0 9.1 18 50 M M 10 13 27 60
12 49 39 44 -3 21 0 0.05 0.0 0 6.5 17 300 M M 10 1 26 290
13 61 35 48 1 17 0 0.00 0.0 0 3.7 9 280 M M 0 14 300
14 65 34 50 2 15 0 0.00 0.0 0 4.2 12 210 M M 0 17 170
15 70 48 59 11 6 0 0.00 0.0 0 5.2 14 260 M M 3 20 210
16 69 40 55 7 10 0 0.51 0.0 0 9.0 18 210 M M 5 13 33 340
17 41 29 35 -13 30 0 0.00 0.0 0 6.1 15 60 M M 4 28 40
18 52 27 40 -9 25 0 0.00 0.0 0 2.1 9 280 M M 0 14 40
19 62 28 45 -4 20 0 0.00 0.0 0 3.5 14 220 M M 0 20 200
20 73 39 56 7 9 0 0.00 0.0 0 6.3 13 230 M M 0 8 22 230
21 75 45 60 11 5 0 0.00 0.0 0 8.5 20 210 M M 2 18 29 230
22 77 58 68 18 0 3 0.00 0.0 0 11.1 24 210 M M 6 37 200
23 72 50 61 11 4 0 0.00 0.0 0 6.7 16 300 M M 0 27 320
24 71 44 58 8 7 0 0.00 0.0 0 6.6 15 300 M M 0 24 340
25 81 49 65 15 0 0 0.00 0.0 0 10.5 22 210 M M 0 35 230
26 79 58 69 18 0 4 0.00 0.0 0 9.4 17 210 M M 4 28 210
27 82 65 74 23 0 9 0.00 0.0 0 13.8 22 210 M M 1 34 220
28 73 43 58 7 7 0 0.03 0.0 0 8.8 21 210 M M 3 36 200
29 51 40 46 -5 19 0 0.02 0.0 0 8.1 17 270 M M 6 23 80
================================================================================
SM 1910 1268 307 17 3.25 0.0 193.5 M 96
================================================================================
AV 65.9 43.7 6.7 FASTST M M 3 MAX(MPH)
MISC ----> 24 210 37 200
================================================================================
NOTES:
# LAST OF SEVERAL OCCURRENCES
COLUMN 17 PEAK WIND IN M.P.H.
PRELIMINARY LOCAL CLIMATOLOGICAL DATA (WS FORM: F-6) , PAGE 2
STATION: MONTICELLO
MONTH: FEBRUARY
YEAR: 2024
LATITUDE: 33 37 N
LONGITUDE: 91 45 W
[TEMPERATURE DATA] [PRECIPITATION DATA] SYMBOLS USED IN COLUMN 16
AVERAGE MONTHLY: 54.8 TOTAL FOR MONTH: 3.25 1 = FOG OR MIST
DPTR FM NORMAL: 6.9 DPTR FM NORMAL: -1.78 2 = FOG REDUCING VISIBILITY
HIGHEST: 82 ON 27 GRTST 24HR 1.64 ON 10-11 TO 1/4 MILE OR LESS
LOWEST: 27 ON 18 3 = THUNDER
SNOW, ICE PELLETS, HAIL 4 = ICE PELLETS
TOTAL MONTH: 0.0 INCH 5 = HAIL
GRTST 24HR 0.0 6 = FREEZING RAIN OR DRIZZLE
GRTST DEPTH: 0 7 = DUSTSTORM OR SANDSTORM:
VSBY 1/2 MILE OR LESS
8 = SMOKE OR HAZE
[NO. OF DAYS WITH] [WEATHER - DAYS WITH] 9 = BLOWING SNOW
X = TORNADO
MAX 32 OR BELOW: 0 0.01 INCH OR MORE: 8
MAX 90 OR ABOVE: 0 0.10 INCH OR MORE: 4
MIN 32 OR BELOW: 3 0.50 INCH OR MORE: 3
MIN 0 OR BELOW: 0 1.00 INCH OR MORE: 1
[HDD (BASE 65) ]
TOTAL THIS MO. 307 CLEAR (SCALE 0-3) 17
DPTR FM NORMAL -175 PTCLDY (SCALE 4-7) 9
TOTAL FM JUL 1 1890 CLOUDY (SCALE 8-10) 3
DPTR FM NORMAL -321
[CDD (BASE 65) ]
TOTAL THIS MO. 17
DPTR FM NORMAL 13 [PRESSURE DATA]
TOTAL FM JAN 1 17 HIGHEST SLP 30.49 ON 29
DPTR FM NORMAL 11 LOWEST SLP 29.53 ON 4
[REMARKS]
#FINAL-02-24#