000
CXUS56 KMFR 011030
CF6LMT
PRELIMINARY LOCAL CLIMATOLOGICAL DATA (WS FORM: F-6)
STATION: KLAMATH FALLS OR
MONTH: FEBRUARY
YEAR: 2023
LATITUDE: 42 9 N
LONGITUDE: 121 44 W
TEMPERATURE IN F: :PCPN: SNOW: WIND :SUNSHINE: SKY :PK WND
================================================================================
1 2 3 4 5 6A 6B 7 8 9 10 11 12 13 14 15 16 17 18
12Z AVG MX 2MIN
DY MAX MIN AVG DEP HDD CDD WTR SNW DPTH SPD SPD DIR MIN PSBL S-S WX SPD DR
================================================================================
1 47 13 30 -3 35 0 0.00 M M 1.4 7 160 M M 0 11 160
2 53 19 36 3 29 0 0.00 M M 7.6 22 170 M M 0 35 160
3 46 29 38 5 27 0 T M M 15.8 37 180 M M 6 52 170
4 48 29 39 6 26 0 0.03 M M 12.5 32 170 M M 5 45 180
5 42 29 36 3 29 0 0.01 M M 10.3 25 150 M M 6 40 160
6 45 21 33 -1 32 0 0.00 M M 3.7 13 170 M M 0 16 260
7 47 20 34 0 31 0 0.00 M M 4.5 15 270 M M 5 19 270
8 47 19 33 -1 32 0 0.00 M M 2.5 8 180 M M 1 13 150
9 54 20 37 3 28 0 0.00 M M 5.1 14 160 M M 0 18 150
10 51 23 37 3 28 0 T M M 10.2 26 170 M M 2 42 170
11 53 30 42 8 23 0 T M M 10.7 22 330 M M 3 1 31 360
12 55 18 37 3 28 0 0.00 M M 2.7 13 340 M M 0 16 340
13 42 18 30 -4 35 0 T M M 14.2 39 280 M M 4 8 49 280
14 34 18 26 -9 39 0 0.01 M M 10.5 28 320 M M 3 18 37 320
15 40 10 25 -10 40 0 0.00 M M 2.8 10 30 M M 0 12 160
16 43 14 29 -6 36 0 0.00 M M 3.1 15 180 M M 0 31 170
17 47 15 31 -4 34 0 0.00 M M 2.9 14 340 M M 0 17 340
18 47 15 31 -4 34 0 0.00 M M 2.3 12 270 M M 0 18 15 270
19 55 16 36 0 29 0 0.00 M M 1.4 10 350 M M 0 12 340
20 58 23 41 5 24 0 0.00 M M 4.6 23 250 M M 1 33 250
21 47 22 35 -1 30 0 0.02 M M 17.2 33 280 M M 7 128 43 280
22 31 18 25 -11 40 0 0.01 M M 11.7 24 270 M M 8 1 33 280
23 30 15 23 -13 42 0 T M M 10.4 21 140 M M 9 32 170
24 38 21 30 -7 35 0 T M M 12.3 25 140 M M 7 18 35 140
25 48 21 35 -2 30 0 0.00 M M 7.1 17 340 M M 0 20 330
26 36 25 31 -6 34 0 0.03 M M 9.4 24 270 M M 8 12 33 280
27 36 23 30 -7 35 0 T M M 15.8 30 210 M M 9 18 45 190
28 31 7 19 -18 46 0 0.03 M M 8.6 25 250 M M 9 128 37 250
================================================================================
SM 1251 551 911 0 0.14 M 221.3 M 93
================================================================================
AV 44.7 19.7 7.9 FASTST M M 3 MAX(MPH)
MISC ----> 39 280 52 170
================================================================================
NOTES:
# LAST OF SEVERAL OCCURRENCES
COLUMN 17 PEAK WIND IN M.P.H.
PRELIMINARY LOCAL CLIMATOLOGICAL DATA (WS FORM: F-6) , PAGE 2
STATION: KLAMATH FALLS OR
MONTH: FEBRUARY
YEAR: 2023
LATITUDE: 42 9 N
LONGITUDE: 121 44 W
[TEMPERATURE DATA] [PRECIPITATION DATA] SYMBOLS USED IN COLUMN 16
AVERAGE MONTHLY: 32.2 TOTAL FOR MONTH: 0.14 1 = FOG OR MIST
DPTR FM NORMAL: -2.7 DPTR FM NORMAL: -0.98 2 = FOG REDUCING VISIBILITY
HIGHEST: 58 ON 20 GRTST 24HR 0.04 ON 4- 5 TO 1/4 MILE OR LESS
LOWEST: 7 ON 28 3 = THUNDER
SNOW, ICE PELLETS, HAIL 4 = ICE PELLETS
TOTAL MONTH: M 5 = HAIL
GRTST 24HR M ON M 6 = FREEZING RAIN OR DRIZZLE
GRTST DEPTH: M ON M 7 = DUSTSTORM OR SANDSTORM:
VSBY 1/2 MILE OR LESS
8 = SMOKE OR HAZE
[NO. OF DAYS WITH] [WEATHER - DAYS WITH] 9 = BLOWING SNOW
X = TORNADO
MAX 32 OR BELOW: 3 0.01 INCH OR MORE: 7
MAX 90 OR ABOVE: 0 0.10 INCH OR MORE: 0
MIN 32 OR BELOW: 28 0.50 INCH OR MORE: 0
MIN 0 OR BELOW: 0 1.00 INCH OR MORE: 0
[HDD (BASE 65) ]
TOTAL THIS MO. 911 CLEAR (SCALE 0-3) 16
DPTR FM NORMAL 68 PTCLDY (SCALE 4-7) 9
TOTAL FM JUL 1 4769 CLOUDY (SCALE 8-10) 3
DPTR FM NORMAL 122
[CDD (BASE 65) ]
TOTAL THIS MO. 0
DPTR FM NORMAL 0 [PRESSURE DATA]
TOTAL FM JAN 1 0 HIGHEST SLP 30.51 ON 6
DPTR FM NORMAL 0 LOWEST SLP 29.46 ON 27
[REMARKS]
#FINAL-02-23#