000
CXUS55 KRIW 011146
CF6LND
PRELIMINARY LOCAL CLIMATOLOGICAL DATA (WS FORM: F-6)
STATION: LANDER WY
MONTH: JANUARY
YEAR: 2021
LATITUDE: 42 49 N
LONGITUDE: 108 44 W
TEMPERATURE IN F: :PCPN: SNOW: WIND :SUNSHINE: SKY :PK WND
================================================================================
1 2 3 4 5 6A 6B 7 8 9 10 11 12 13 14 15 16 17 18
12Z AVG MX 2MIN
DY MAX MIN AVG DEP HDD CDD WTR SNW DPTH SPD SPD DIR MIN PSBL S-S WX SPD DR
================================================================================
1 33 11 22 1 43 0 0.00 0.0 1 2.5 10 20 M M 0 12 20
2 41 9 25 4 40 0 0.00 0.0 1 4.1 17 170 M M 1 19 170
3 43 15 29 8 36 0 0.00 0.0 T 6.1 13 260 M M 0 18 360
4 39 17 28 7 37 0 0.00 0.0 T 3.9 13 240 M M 0 16 240
5 37 21 29 8 36 0 0.00 0.0 T 6.8 20 360 M M 3 27 10
6 34 14 24 3 41 0 0.00 0.0 T 2.6 10 260 M M 0 12 260
7 37 17 27 6 38 0 T T T 4.6 14 240 M M 3 16 240
8 36 15 26 5 39 0 0.00 0.0 T 5.2 13 250 M M 1 16 250
9 30 12 21 -1 44 0 0.00 0.0 T 2.4 13 240 M M 7 15 250
10 26 8 17 -5 48 0 0.00 0.0 T 2.3 8 20 M M 0 10 130
11 28 3 16 -6 49 0 0.00 0.0 T 3.4 10 310 M M 0 13 310
12 36 9 23 1 42 0 0.00 0.0 T 4.9 13 330 M M 0 14 280
13 57 24 41 19 24 0 0.00 0.0 T 14.9 48 260 M M 1 63 240
14 35 14 25 3 40 0 0.00 0.0 0 10.5 30 320 M M 0 45 320
15 38 11 25 3 40 0 0.00 0.0 0 2.7 14 340 M M 1 17 330
16 45 20 33 11 32 0 0.00 0.0 0 3.6 13 50 M M 2 16 70
17 51 18 35 13 30 0 0.00 0.0 0 5.1 15 160 M M 2 19 350
18 38 21 30 8 35 0 T T 0 5.8 24 40 M M 5 1 35 330
19 35 16 26 4 39 0 T 0.1 0 5.4 13 260 M M 3 16 120
20 45 14 30 8 35 0 0.00 0.0 0 5.3 15 10 M M 1 20 10
21 39 20 30 8 35 0 0.00 0.0 0 5.5 13 20 M M 1 15 20
22 29 12 21 -1 44 0 0.00 0.0 0 5.8 13 240 M M 3 14 240
23 27 13 20 -2 45 0 0.09 1.1 1 1.9 8 230 M M 9 18 11 320
24 25 7 16 -6 49 0 0.00 0.0 1 3.3 9 250 M M 2 12 11 260
25 24 4 14 -8 51 0 T T 1 1.4 7 320 M M 4 1 9 120
26 24 7 16 -6 49 0 T 0.5 1 4.4 10 250 M M 5 18 13 320
27 31 2 17 -5 48 0 0.00 0.0 1 3.1 12 260 M M 0 12 15 260
28 47 12 30 8 35 0 0.00 0.0 1 7.4 24 150 M M 0 28 140
29 51 24 38 16 27 0 0.00 0.0 1 6.1 28 220 M M 1 37 250
30 46 24 35 13 30 0 0.00 0.0 0 4.2 23 350 M M 2 29 350
31 40 16 28 6 37 0 0.00 0.0 0 3.5 9 260 M M 0 11 260
================================================================================
SM 1147 430 1218 0 0.09 1.7 148.7 M 57
================================================================================
AV 37.0 13.9 4.8 FASTST M M 2 MAX(MPH)
MISC ----> 48 260 63 240
================================================================================
NOTES:
# LAST OF SEVERAL OCCURRENCES
COLUMN 17 PEAK WIND IN M.P.H.
PRELIMINARY LOCAL CLIMATOLOGICAL DATA (WS FORM: F-6) , PAGE 2
STATION: LANDER WY
MONTH: JANUARY
YEAR: 2021
LATITUDE: 42 49 N
LONGITUDE: 108 44 W
[TEMPERATURE DATA] [PRECIPITATION DATA] SYMBOLS USED IN COLUMN 16
AVERAGE MONTHLY: 25.4 TOTAL FOR MONTH: 0.09 1 = FOG OR MIST
DPTR FM NORMAL: 3.7 DPTR FM NORMAL: -0.32 2 = FOG REDUCING VISIBILITY
HIGHEST: 57 ON 13 GRTST 24HR 0.24 ON 29-29 TO 1/4 MILE OR LESS
LOWEST: 2 ON 27 3 = THUNDER
SNOW, ICE PELLETS, HAIL 4 = ICE PELLETS
TOTAL MONTH: 1.7 INCHES 5 = HAIL
GRTST 24HR 1.1 ON 23-23 6 = FREEZING RAIN OR DRIZZLE
GRTST DEPTH: 1 ON 29,28 7 = DUSTSTORM OR SANDSTORM:
VSBY 1/2 MILE OR LESS
8 = SMOKE OR HAZE
[NO. OF DAYS WITH] [WEATHER - DAYS WITH] 9 = BLOWING SNOW
X = TORNADO
MAX 32 OR BELOW: 9 0.01 INCH OR MORE: 1
MAX 90 OR ABOVE: 0 0.10 INCH OR MORE: 0
MIN 32 OR BELOW: 31 0.50 INCH OR MORE: 0
MIN 0 OR BELOW: 0 1.00 INCH OR MORE: 0
[HDD (BASE 65) ]
TOTAL THIS MO. 1218 CLEAR (SCALE 0-3) 25
DPTR FM NORMAL -126 PTCLDY (SCALE 4-7) 5
TOTAL FM JUL 1 4213 CLOUDY (SCALE 8-10) 1
DPTR FM NORMAL -375
[CDD (BASE 65) ]
TOTAL THIS MO. 0
DPTR FM NORMAL 0 [PRESSURE DATA]
TOTAL FM JAN 1 0 HIGHEST SLP 30.52 ON 19
DPTR FM NORMAL 0 LOWEST SLP 29.56 ON 30
[REMARKS]
#FINAL-01-21#